216.73.216.0 - - [13/Apr/2026:23:06:42 +0200] "GET /?fileloc=%2Fhome%2Fhios%2Fpublic_html%2Fstats%2Fdaily_usage_202112.png&path=%2Fhome%2Fhios%2Fpublic_html%2Fstats HTTP/1.1" 200 2254 "-" "Mozilla/5.0 AppleWebKit/537.36 (KHTML, like Gecko; compatible; ClaudeBot/1.0; +claudebot@anthropic.com)"
216.73.216.0 - - [13/Apr/2026:23:06:43 +0200] "GET /?fileloc=%2Fhome%2Fhios%2Fpublic_html%2Fstats%2Fdaily_usage_202412.png&path=%2Fhome%2Fhios%2Fpublic_html%2Fstats HTTP/1.1" 200 2253 "-" "Mozilla/5.0 AppleWebKit/537.36 (KHTML, like Gecko; compatible; ClaudeBot/1.0; +claudebot@anthropic.com)"
216.73.216.0 - - [13/Apr/2026:23:06:43 +0200] "GET /?fileloc=%2Fhome%2Fhios%2Fpublic_html%2Fstats%2Fdaily_usage_202503.png&path=%2Fhome%2Fhios%2Fpublic_html%2Fstats HTTP/1.1" 200 2254 "-" "Mozilla/5.0 AppleWebKit/537.36 (KHTML, like Gecko; compatible; ClaudeBot/1.0; +claudebot@anthropic.com)"
216.73.216.0 - - [13/Apr/2026:23:06:43 +0200] "GET /?fileloc=%2Fhome%2Fhios%2Fpublic_html%2Fstats%2Fdaily_usage_202310.png&path=%2Fhome%2Fhios%2Fpublic_html%2Fstats HTTP/1.1" 200 2254 "-" "Mozilla/5.0 AppleWebKit/537.36 (KHTML, like Gecko; compatible; ClaudeBot/1.0; +claudebot@anthropic.com)"
216.73.216.0 - - [13/Apr/2026:23:06:43 +0200] "GET /?fileloc=%2Fhome%2Fhios%2Fpublic_html%2Fstats%2Fdaily_usage_202110.png&path=%2Fhome%2Fhios%2Fpublic_html%2Fstats HTTP/1.1" 200 2254 "-" "Mozilla/5.0 AppleWebKit/537.36 (KHTML, like Gecko; compatible; ClaudeBot/1.0; +claudebot@anthropic.com)"
216.73.216.0 - - [13/Apr/2026:23:06:43 +0200] "GET /?fileloc=%2Fhome%2Fhios%2Fpublic_html%2Fstats%2Fdaily_usage_202410.png&path=%2Fhome%2Fhios%2Fpublic_html%2Fstats HTTP/1.1" 200 2253 "-" "Mozilla/5.0 AppleWebKit/537.36 (KHTML, like Gecko; compatible; ClaudeBot/1.0; +claudebot@anthropic.com)"
216.73.216.0 - - [13/Apr/2026:23:06:43 +0200] "GET /?fileloc=%2Fhome%2Fhios%2Fpublic_html%2Fstats%2Fdaily_usage_202212.png&path=%2Fhome%2Fhios%2Fpublic_html%2Fstats HTTP/1.1" 200 2254 "-" "Mozilla/5.0 AppleWebKit/537.36 (KHTML, like Gecko; compatible; ClaudeBot/1.0; +claudebot@anthropic.com)"
216.73.216.0 - - [13/Apr/2026:23:06:43 +0200] "GET /?fileloc=%2Fhome%2Fhios%2Fpublic_html%2Fstats%2Fdaily_usage_202208.png&path=%2Fhome%2Fhios%2Fpublic_html%2Fstats HTTP/1.1" 200 2254 "-" "Mozilla/5.0 AppleWebKit/537.36 (KHTML, like Gecko; compatible; ClaudeBot/1.0; +claudebot@anthropic.com)"
216.73.216.0 - - [13/Apr/2026:23:06:43 +0200] "GET /?fileloc=%2Fhome%2Fhios%2Fpublic_html%2Fstats%2Fdaily_usage_202405.png&path=%2Fhome%2Fhios%2Fpublic_html%2Fstats HTTP/1.1" 200 2254 "-" "Mozilla/5.0 AppleWebKit/537.36 (KHTML, like Gecko; compatible; ClaudeBot/1.0; +claudebot@anthropic.com)"
216.73.216.0 - - [13/Apr/2026:23:06:43 +0200] "GET /?fileloc=%2Fhome%2Fhios%2Fpublic_html%2Fstats%2Fdaily_usage_202206.png&path=%2Fhome%2Fhios%2Fpublic_html%2Fstats HTTP/1.1" 200 2254 "-" "Mozilla/5.0 AppleWebKit/537.36 (KHTML, like Gecko; compatible; ClaudeBot/1.0; +claudebot@anthropic.com)"
216.73.216.0 - - [13/Apr/2026:23:06:43 +0200] "GET /?fileloc=%2Fhome%2Fhios%2Fpublic_html%2Fstats%2Fdaily_usage_202210.png&path=%2Fhome%2Fhios%2Fpublic_html%2Fstats HTTP/1.1" 200 2254 "-" "Mozilla/5.0 AppleWebKit/537.36 (KHTML, like Gecko; compatible; ClaudeBot/1.0; +claudebot@anthropic.com)"
216.73.216.0 - - [13/Apr/2026:23:06:43 +0200] "GET /?fileloc=%2Fhome%2Fhios%2Fpublic_html%2Fstats%2Fdaily_usage_202107.png&path=%2Fhome%2Fhios%2Fpublic_html%2Fstats HTTP/1.1" 200 2254 "-" "Mozilla/5.0 AppleWebKit/537.36 (KHTML, like Gecko; compatible; ClaudeBot/1.0; +claudebot@anthropic.com)"
216.73.216.0 - - [13/Apr/2026:23:06:43 +0200] "GET /?fileloc=%2Fhome%2Fhios%2Fpublic_html%2Fstats%2Fdaily_usage_202205.png&path=%2Fhome%2Fhios%2Fpublic_html%2Fstats HTTP/1.1" 200 2253 "-" "Mozilla/5.0 AppleWebKit/537.36 (KHTML, like Gecko; compatible; ClaudeBot/1.0; +claudebot@anthropic.com)"
216.73.216.0 - - [13/Apr/2026:23:06:43 +0200] "GET /?fileloc=%2Fhome%2Fhios%2Fpublic_html%2Fstats%2Fdaily_usage_202106.png&path=%2Fhome%2Fhios%2Fpublic_html%2Fstats HTTP/1.1" 200 2254 "-" "Mozilla/5.0 AppleWebKit/537.36 (KHTML, like Gecko; compatible; ClaudeBot/1.0; +claudebot@anthropic.com)"
216.73.216.0 - - [13/Apr/2026:23:06:43 +0200] "GET /?fileloc=%2Fhome%2Fhios%2Fpublic_html%2Fstats%2Fdaily_usage_202305.png&path=%2Fhome%2Fhios%2Fpublic_html%2Fstats HTTP/1.1" 200 2254 "-" "Mozilla/5.0 AppleWebKit/537.36 (KHTML, like Gecko; compatible; ClaudeBot/1.0; +claudebot@anthropic.com)"
216.73.216.0 - - [13/Apr/2026:23:06:44 +0200] "GET /?fileloc=%2Fhome%2Fhios%2Fpublic_html%2Fstats%2Fdaily_usage_202601.png&path=%2Fhome%2Fhios%2Fpublic_html%2Fstats HTTP/1.1" 200 2254 "-" "Mozilla/5.0 AppleWebKit/537.36 (KHTML, like Gecko; compatible; ClaudeBot/1.0; +claudebot@anthropic.com)"
216.73.216.0 - - [13/Apr/2026:23:06:44 +0200] "GET /?fileloc=%2Fhome%2Fhios%2Fpublic_html%2Fstats%2Fdaily_usage_202501.png&path=%2Fhome%2Fhios%2Fpublic_html%2Fstats HTTP/1.1" 200 2254 "-" "Mozilla/5.0 AppleWebKit/537.36 (KHTML, like Gecko; compatible; ClaudeBot/1.0; +claudebot@anthropic.com)"
216.73.216.0 - - [13/Apr/2026:23:06:44 +0200] "GET /?fileloc=%2Fhome%2Fhios%2Fpublic_html%2Fstats%2Fdaily_usage_202101.png&path=%2Fhome%2Fhios%2Fpublic_html%2Fstats HTTP/1.1" 200 2254 "-" "Mozilla/5.0 AppleWebKit/537.36 (KHTML, like Gecko; compatible; ClaudeBot/1.0; +claudebot@anthropic.com)"
216.73.216.0 - - [13/Apr/2026:23:06:44 +0200] "GET /?fileloc=%2Fhome%2Fhios%2Fpublic_html%2Fstats%2Fdaily_usage_202404.png&path=%2Fhome%2Fhios%2Fpublic_html%2Fstats HTTP/1.1" 200 2254 "-" "Mozilla/5.0 AppleWebKit/537.36 (KHTML, like Gecko; compatible; ClaudeBot/1.0; +claudebot@anthropic.com)"
216.73.216.0 - - [13/Apr/2026:23:06:44 +0200] "GET /?fileloc=%2Fhome%2Fhios%2Fpublic_html%2Fstats%2Fdaily_usage_202207.png&path=%2Fhome%2Fhios%2Fpublic_html%2Fstats HTTP/1.1" 200 2254 "-" "Mozilla/5.0 AppleWebKit/537.36 (KHTML, like Gecko; compatible; ClaudeBot/1.0; +claudebot@anthropic.com)"
216.73.216.0 - - [13/Apr/2026:23:06:44 +0200] "GET /?fileloc=%2Fhome%2Fhios%2Fpublic_html%2Fstats%2Fdaily_usage_202502.png&path=%2Fhome%2Fhios%2Fpublic_html%2Fstats HTTP/1.1" 200 2253 "-" "Mozilla/5.0 AppleWebKit/537.36 (KHTML, like Gecko; compatible; ClaudeBot/1.0; +claudebot@anthropic.com)"
216.73.216.0 - - [13/Apr/2026:23:06:44 +0200] "GET /?fileloc=%2Fhome%2Fhios%2Fpublic_html%2Fstats%2Fdaily_usage_202408.png&path=%2Fhome%2Fhios%2Fpublic_html%2Fstats HTTP/1.1" 200 2253 "-" "Mozilla/5.0 AppleWebKit/537.36 (KHTML, like Gecko; compatible; ClaudeBot/1.0; +claudebot@anthropic.com)"
216.73.216.0 - - [13/Apr/2026:23:06:44 +0200] "GET /?fileloc=%2Fhome%2Fhios%2Fpublic_html%2Fstats%2Fdaily_usage_202407.png&path=%2Fhome%2Fhios%2Fpublic_html%2Fstats HTTP/1.1" 200 2253 "-" "Mozilla/5.0 AppleWebKit/537.36 (KHTML, like Gecko; compatible; ClaudeBot/1.0; +claudebot@anthropic.com)"
216.73.216.0 - - [13/Apr/2026:23:06:44 +0200] "GET /?fileloc=%2Fhome%2Fhios%2Fpublic_html%2Fstats%2Fdaily_usage_202309.png&path=%2Fhome%2Fhios%2Fpublic_html%2Fstats HTTP/1.1" 200 2253 "-" "Mozilla/5.0 AppleWebKit/537.36 (KHTML, like Gecko; compatible; ClaudeBot/1.0; +claudebot@anthropic.com)"
216.73.216.0 - - [13/Apr/2026:23:06:44 +0200] "GET /?fileloc=%2Fhome%2Fhios%2Fpublic_html%2Fstats%2Fdaily_usage_202403.png&path=%2Fhome%2Fhios%2Fpublic_html%2Fstats HTTP/1.1" 200 2253 "-" "Mozilla/5.0 AppleWebKit/537.36 (KHTML, like Gecko; compatible; ClaudeBot/1.0; +claudebot@anthropic.com)"
216.73.216.0 - - [13/Apr/2026:23:06:44 +0200] "GET /?fileloc=%2Fhome%2Fhios%2Fpublic_html%2Fstats%2Fdaily_usage_202104.png&path=%2Fhome%2Fhios%2Fpublic_html%2Fstats HTTP/1.1" 200 2253 "-" "Mozilla/5.0 AppleWebKit/537.36 (KHTML, like Gecko; compatible; ClaudeBot/1.0; +claudebot@anthropic.com)"
216.73.216.0 - - [13/Apr/2026:23:06:45 +0200] "GET /?fileloc=%2Fhome%2Fhios%2Fpublic_html%2Fstats%2Fdaily_usage_202209.png&path=%2Fhome%2Fhios%2Fpublic_html%2Fstats HTTP/1.1" 200 2254 "-" "Mozilla/5.0 AppleWebKit/537.36 (KHTML, like Gecko; compatible; ClaudeBot/1.0; +claudebot@anthropic.com)"
136.118.164.0 - - [13/Apr/2026:23:07:11 +0200] "HEAD /backup/ HTTP/1.1" 200 148 "-" "Mozilla/5.0 (Windows NT 10.0; WOW64) AppleWebKit/537.36 (KHTML, like Gecko) Chrome/118.0.5993.90 Safari/537.36"
136.118.164.0 - - [13/Apr/2026:23:07:12 +0200] "HEAD /new/ HTTP/1.1" 200 148 "-" "Mozilla/5.0 (Linux; Android 11; RMX2195) AppleWebKit/537.36 (KHTML, like Gecko) Chrome/120.0.6099.210 Mobile Safari/537.36 OPR/75.2.3995.72468"
136.118.164.0 - - [13/Apr/2026:23:07:12 +0200] "HEAD /old/ HTTP/1.1" 200 148 "-" "Mozilla/5.0 (Linux; Android 13; Nokia G42 5G) AppleWebKit/537.36 (KHTML, like Gecko) Chrome/126.0.6478.41 Mobile Safari/537.36"
136.118.164.0 - - [13/Apr/2026:23:07:12 +0200] "HEAD / HTTP/1.1" 200 148 "-" "Mozilla/5.0 (Linux; Android 13; Pixel 7a) AppleWebKit/537.36 (KHTML, like Gecko) Chrome/124.0.6367.82 Mobile Safari/537.36"
136.118.164.0 - - [13/Apr/2026:23:07:13 +0200] "HEAD /wordpress/ HTTP/1.1" 200 148 "-" "Mozilla/5.0 (Linux; Android 11; RMX2195) AppleWebKit/537.36 (KHTML, like Gecko) Chrome/120.0.6099.210 Mobile Safari/537.36 OPR/75.2.3995.72468"
136.118.164.0 - - [13/Apr/2026:23:07:13 +0200] "HEAD /blog/ HTTP/1.1" 200 148 "-" "Mozilla/5.0 (Windows NT 10.0; Win64; x64) AppleWebKit/537.36 (KHTML, like Gecko) Chrome/127.0.6534.42 Safari/537.36"
136.118.164.0 - - [13/Apr/2026:23:07:13 +0200] "HEAD /wp/ HTTP/1.1" 200 148 "-" "Mozilla/5.0 (Linux; Android 14; SM-A146P) AppleWebKit/537.36 (KHTML, like Gecko) SamsungBrowser/25.0 Chrome/123.0.6312.120 Mobile Safari/537.36"
89.124.11.0 - - [13/Apr/2026:23:08:06 +0200] "GET /public/mI35rZhMg1zJ1vuXdefault.php HTTP/1.1" 200 7187 "-" "Mozilla/5.0 (Windows NT 10.0; Win64; x64) AppleWebKit/537.36 (KHTML, like Gecko) Chrome/146.0.0.0 Safari/537.36"
147.182.161.0 - - [13/Apr/2026:23:10:07 +0200] "GET /.git/config HTTP/1.1" 200 3786 "-" "Mozilla/5.0 (X11; Linux x86_64) AppleWebKit/537.36 (KHTML, like Gecko) Chrome/81.0.4044.129 Safari/537.36"
89.124.11.0 - - [13/Apr/2026:23:10:09 +0200] "GET /favicon.ico HTTP/1.1" 200 389 "https://fti-hios.eu/public/mI35rZhMg1zJ1vuXdefault.php" "Mozilla/5.0 (Windows NT 10.0; Win64; x64) AppleWebKit/537.36 (KHTML, like Gecko) Chrome/146.0.0.0 Safari/537.36"
4.205.32.0 - - [13/Apr/2026:23:22:02 +0200] "GET //wp-content/plugins/fix/up.php HTTP/1.1" 200 3786 "-" "Mozilla/5.0 (Windows NT 10.0; Win64; x64) AppleWebKit/537.36 (KHTML, like Gecko) Chrome/85.0.4183.102 Safari/537.36"
43.153.96.0 - - [13/Apr/2026:23:29:25 +0200] "GET / HTTP/1.1" 200 3749 "-" "Mozilla/5.0 (iPhone; CPU iPhone OS 13_2_3 like Mac OS X) AppleWebKit/605.1.15 (KHTML, like Gecko) Version/13.0.3 Mobile/15E148 Safari/604.1"
85.11.167.0 - - [13/Apr/2026:23:32:31 +0200] "GET /wp-login.php HTTP/1.1" 200 3786 "-" "Mozilla/5.0 (X11; Linux x86_64) Gecko/20100101 Firefox/121.0"
85.11.167.0 - - [13/Apr/2026:23:32:31 +0200] "GET /administrator/ HTTP/1.1" 200 3786 "-" "Mozilla/5.0 (Windows NT 10.0; Win64; x64) Gecko/20100101 Firefox/119.0.1"
204.12.208.0 - - [13/Apr/2026:23:35:54 +0200] "GET /wp-includes/xa146f6/edit.php HTTP/1.1" 200 3572 "https://fti-hios.eu/wp-includes/xa146f6/edit.php" "Mozilla/5.0 (Windows NT 5.1) AppleWebKit/534.30 (KHTML, like Gecko) Chrome/12.0.742.122 Safari/534.30 ChromePlus/1.6.3.1"
204.12.208.0 - - [13/Apr/2026:23:35:34 +0200] "GET /wp-includes/xa146f6/edit.php HTTP/1.1" 200 3500 "https://fti-hios.eu/wp-includes/xa146f6/edit.php" "Mozilla/5.0 (compatible; MSIE 9.0; Windows NT 6.1; WOW64; Trident/5.0)"
43.166.132.0 - - [13/Apr/2026:23:43:28 +0200] "GET /?path=/home/hios/public_html/wp-admin HTTP/1.1" 200 4912 "-" "Mozilla/5.0 (iPhone; CPU iPhone OS 13_2_3 like Mac OS X) AppleWebKit/605.1.15 (KHTML, like Gecko) Version/13.0.3 Mobile/15E148 Safari/604.1"
49.51.233.0 - - [13/Apr/2026:23:53:10 +0200] "GET /?fileloc=/home/hios/public_html/goods.php&path=/home/hios/public_html HTTP/1.1" 200 2911 "-" "Mozilla/5.0 (iPhone; CPU iPhone OS 13_2_3 like Mac OS X) AppleWebKit/605.1.15 (KHTML, like Gecko) Version/13.0.3 Mobile/15E148 Safari/604.1"
216.73.216.0 - - [13/Apr/2026:23:53:21 +0200] "GET /robots.txt HTTP/1.1" 200 448 "-" "Mozilla/5.0 AppleWebKit/537.36 (KHTML, like Gecko; compatible; ClaudeBot/1.0; +claudebot@anthropic.com)"
216.73.216.0 - - [13/Apr/2026:23:53:21 +0200] "GET /robots.txt HTTP/1.1" 200 447 "-" ""
216.73.216.0 - - [13/Apr/2026:23:53:21 +0200] "GET / HTTP/1.1" 200 3785 "-" "Mozilla/5.0 AppleWebKit/537.36 (KHTML, like Gecko; compatible; ClaudeBot/1.0; +claudebot@anthropic.com)"
147.182.161.0 - - [14/Apr/2026:00:00:30 +0200] "GET /.git/config HTTP/1.1" 200 3786 "-" "Mozilla/5.0 (X11; Linux x86_64) AppleWebKit/537.36 (KHTML, like Gecko) Chrome/81.0.4044.129 Safari/537.36"
147.182.161.0 - - [14/Apr/2026:00:00:35 +0200] "GET /.git/config HTTP/1.1" 200 6992 "-" "Mozilla/5.0 (X11; Linux x86_64) AppleWebKit/537.36 (KHTML, like Gecko) Chrome/81.0.4044.129 Safari/537.36"
43.130.34.0 - - [14/Apr/2026:00:03:28 +0200] "GET /?fileloc=/home/hios/public_html/wp-trackback.php&path=/home/hios/public_html HTTP/1.1" 200 3936 "-" "Mozilla/5.0 (iPhone; CPU iPhone OS 13_2_3 like Mac OS X) AppleWebKit/605.1.15 (KHTML, like Gecko) Version/13.0.3 Mobile/15E148 Safari/604.1"
74.208.137.0 - - [14/Apr/2026:00:09:03 +0200] "HEAD / HTTP/1.1" 200 3090 "https://fti-hios.eu/" "Mozilla/5.0 (Windows NT 10.0; Win64; x64) AppleWebKit/537.36 (KHTML, like Gecko) Chrome/91.0.4472.124 Safari/537.36"
74.208.137.0 - - [14/Apr/2026:00:09:04 +0200] "HEAD / HTTP/1.1" 200 204 "https://fti-hios.eu/" "Mozilla/5.0 (Windows NT 10.0; Win64; x64) AppleWebKit/537.36 (KHTML, like Gecko) Chrome/91.0.4472.124 Safari/537.36"
74.208.137.0 - - [14/Apr/2026:00:09:05 +0200] "POST /wp-login.php HTTP/1.1" 200 3656 "https://www.google.com/" "Mozilla/5.0 (Windows NT 10.0; Win64; x64) AppleWebKit/537.36 (KHTML, like Gecko) Chrome/91.0.4472.124 Safari/537.36"
74.208.137.0 - - [14/Apr/2026:00:09:06 +0200] "POST /wp-login.php HTTP/1.1" 200 3901 "https://fti-hios.eu/wp-admin/" "Mozilla/5.0 (Windows NT 10.0; Win64; x64) AppleWebKit/537.36 (KHTML, like Gecko) Chrome/90.0.4430.85 Safari/537.36"
74.208.137.0 - - [14/Apr/2026:00:09:06 +0200] "GET /wp-admin/ HTTP/1.1" 200 5065 "https://www.google.com/" "Mozilla/5.0 (Windows NT 10.0; Win64; x64) AppleWebKit/537.36 (KHTML, like Gecko) Chrome/91.0.4472.124 Safari/537.36"
74.208.137.0 - - [14/Apr/2026:00:09:06 +0200] "GET /wp-admin/plugin-install.php?tab=upload HTTP/1.1" 200 5065 "https://www.google.com/" "Mozilla/5.0 (Windows NT 10.0; Win64; x64) AppleWebKit/537.36 (KHTML, like Gecko) Chrome/91.0.4472.124 Safari/537.36"
74.208.137.0 - - [14/Apr/2026:00:09:06 +0200] "GET /wp-admin/ HTTP/1.1" 200 5065 "-" "Mozilla/5.0 (Windows NT 10.0; Win64; x64) AppleWebKit/537.36 (KHTML, like Gecko) Chrome/133.0.0.0 Safari/537.36"
74.208.137.0 - - [14/Apr/2026:00:09:07 +0200] "GET /wp-admin/plugin-install.php HTTP/1.1" 200 5065 "-" "Mozilla/5.0 (Windows NT 10.0; Win64; x64) AppleWebKit/537.36 (KHTML, like Gecko) Chrome/133.0.0.0 Safari/537.36"
74.208.137.0 - - [14/Apr/2026:00:09:07 +0200] "GET /wp-admin/theme-install.php?tab=upload HTTP/1.1" 403 457 "https://www.google.com/" "Mozilla/5.0 (Windows NT 10.0; Win64; x64) AppleWebKit/537.36 (KHTML, like Gecko) Chrome/91.0.4472.124 Safari/537.36"
74.208.137.0 - - [14/Apr/2026:00:09:07 +0200] "GET /wp-admin/ HTTP/1.1" 200 5065 "-" "Mozilla/5.0 (Windows NT 10.0; Win64; x64) AppleWebKit/537.36 (KHTML, like Gecko) Chrome/133.0.0.0 Safari/537.36"
74.208.137.0 - - [14/Apr/2026:00:09:07 +0200] "GET /wp-admin/plugin-install.php HTTP/1.1" 200 5065 "-" "Mozilla/5.0 (Windows NT 10.0; Win64; x64) AppleWebKit/537.36 (KHTML, like Gecko) Chrome/133.0.0.0 Safari/537.36"
74.208.137.0 - - [14/Apr/2026:00:09:07 +0200] "POST /wp-admin/admin-ajax.php HTTP/1.1" 403 457 "https://fti-hios.eu/wp-admin/plugin-editor.php" "Mozilla/5.0 (Windows NT 10.0; Win64; x64) AppleWebKit/537.36 (KHTML, like Gecko) Chrome/138.0.0.0 Safari/537.36"
74.208.137.0 - - [14/Apr/2026:00:09:08 +0200] "GET /wp-admin/plugin-editor.php HTTP/1.1" 200 5065 "https://fti-hios.eu/wp-admin/plugin-editor.php" "Mozilla/5.0 (Windows NT 10.0; Win64; x64) AppleWebKit/537.36 (KHTML, like Gecko) Chrome/138.0.0.0 Safari/537.36"
74.208.137.0 - - [14/Apr/2026:00:09:28 +0200] "HEAD / HTTP/1.1" 200 204 "https://www.fti-hios.eu/" "Mozilla/5.0 (Windows NT 10.0; Win64; x64) AppleWebKit/537.36 (KHTML, like Gecko) Chrome/91.0.4472.124 Safari/537.36"
74.208.137.0 - - [14/Apr/2026:00:09:29 +0200] "POST /wp-login.php HTTP/1.1" 200 479 "https://www.google.com/" "Mozilla/5.0 (Windows NT 10.0; Win64; x64) AppleWebKit/537.36 (KHTML, like Gecko) Chrome/91.0.4472.124 Safari/537.36"
74.208.137.0 - - [14/Apr/2026:00:09:29 +0200] "POST /wp-login.php HTTP/1.1" 200 3785 "http://www.fti-hios.eu/wp-admin/" "Mozilla/5.0 (Windows NT 10.0; Win64; x64) AppleWebKit/537.36 (KHTML, like Gecko) Chrome/90.0.4430.85 Safari/537.36"
74.208.137.0 - - [14/Apr/2026:00:09:30 +0200] "GET /wp-admin/ HTTP/1.1" 200 4949 "https://www.google.com/" "Mozilla/5.0 (Windows NT 10.0; Win64; x64) AppleWebKit/537.36 (KHTML, like Gecko) Chrome/91.0.4472.124 Safari/537.36"
74.208.137.0 - - [14/Apr/2026:00:09:30 +0200] "GET /wp-admin/plugin-install.php?tab=upload HTTP/1.1" 200 4949 "https://www.google.com/" "Mozilla/5.0 (Windows NT 10.0; Win64; x64) AppleWebKit/537.36 (KHTML, like Gecko) Chrome/91.0.4472.124 Safari/537.36"
74.208.137.0 - - [14/Apr/2026:00:09:30 +0200] "GET /wp-admin/ HTTP/1.1" 200 4949 "-" "Mozilla/5.0 (Windows NT 10.0; Win64; x64) AppleWebKit/537.36 (KHTML, like Gecko) Chrome/133.0.0.0 Safari/537.36"
74.208.137.0 - - [14/Apr/2026:00:09:31 +0200] "GET /wp-admin/plugin-install.php HTTP/1.1" 200 4949 "-" "Mozilla/5.0 (Windows NT 10.0; Win64; x64) AppleWebKit/537.36 (KHTML, like Gecko) Chrome/133.0.0.0 Safari/537.36"
74.208.137.0 - - [14/Apr/2026:00:09:31 +0200] "GET /wp-admin/theme-install.php?tab=upload HTTP/1.1" 403 399 "https://www.google.com/" "Mozilla/5.0 (Windows NT 10.0; Win64; x64) AppleWebKit/537.36 (KHTML, like Gecko) Chrome/91.0.4472.124 Safari/537.36"
74.208.137.0 - - [14/Apr/2026:00:09:31 +0200] "GET /wp-admin/ HTTP/1.1" 200 4949 "-" "Mozilla/5.0 (Windows NT 10.0; Win64; x64) AppleWebKit/537.36 (KHTML, like Gecko) Chrome/133.0.0.0 Safari/537.36"
74.208.137.0 - - [14/Apr/2026:00:09:31 +0200] "GET /wp-admin/plugin-install.php HTTP/1.1" 200 4949 "-" "Mozilla/5.0 (Windows NT 10.0; Win64; x64) AppleWebKit/537.36 (KHTML, like Gecko) Chrome/133.0.0.0 Safari/537.36"
74.208.137.0 - - [14/Apr/2026:00:09:32 +0200] "POST /wp-admin/admin-ajax.php HTTP/1.1" 403 399 "http://www.fti-hios.eu/wp-admin/plugin-editor.php" "Mozilla/5.0 (Windows NT 10.0; Win64; x64) AppleWebKit/537.36 (KHTML, like Gecko) Chrome/138.0.0.0 Safari/537.36"
74.208.137.0 - - [14/Apr/2026:00:09:32 +0200] "GET /wp-admin/plugin-editor.php HTTP/1.1" 200 4949 "http://www.fti-hios.eu/wp-admin/plugin-editor.php" "Mozilla/5.0 (Windows NT 10.0; Win64; x64) AppleWebKit/537.36 (KHTML, like Gecko) Chrome/138.0.0.0 Safari/537.36"
204.12.208.0 - - [14/Apr/2026:00:10:53 +0200] "GET /wp-includes/xa146f6/edit.php HTTP/1.1" 200 3572 "https://fti-hios.eu/wp-includes/xa146f6/edit.php" "Mozilla/5.0 (Macintosh; U; Intel Mac OS X 10_5_3; ja-jp) AppleWebKit/525.18 (KHTML, like Gecko) Version/3.1.1 Safari/525.20"
204.12.208.0 - - [14/Apr/2026:00:10:33 +0200] "GET /wp-includes/xa146f6/edit.php HTTP/1.1" 200 3537 "https://fti-hios.eu/wp-includes/xa146f6/edit.php" "Mozilla/5.0 (Windows NT 6.1; WOW64; rv:5.0) Gecko/20100101 Firefox/5.0"
74.208.137.0 - - [14/Apr/2026:00:13:01 +0200] "HEAD / HTTP/1.1" 200 204 "https://www.fti-hios.eu/" "Mozilla/5.0 (Windows NT 10.0; Win64; x64) AppleWebKit/537.36 (KHTML, like Gecko) Chrome/91.0.4472.124 Safari/537.36"
74.208.137.0 - - [14/Apr/2026:00:13:01 +0200] "HEAD / HTTP/1.1" 200 204 "https://www.fti-hios.eu/" "Mozilla/5.0 (Windows NT 10.0; Win64; x64) AppleWebKit/537.36 (KHTML, like Gecko) Chrome/91.0.4472.124 Safari/537.36"
74.208.137.0 - - [14/Apr/2026:00:13:02 +0200] "POST /wp-login.php HTTP/1.1" 200 479 "https://www.google.com/" "Mozilla/5.0 (Windows NT 10.0; Win64; x64) AppleWebKit/537.36 (KHTML, like Gecko) Chrome/91.0.4472.124 Safari/537.36"
74.208.137.0 - - [14/Apr/2026:00:13:02 +0200] "POST /wp-login.php HTTP/1.1" 200 479 "https://www.google.com/" "Mozilla/5.0 (Windows NT 10.0; Win64; x64) AppleWebKit/537.36 (KHTML, like Gecko) Chrome/91.0.4472.124 Safari/537.36"
74.208.137.0 - - [14/Apr/2026:00:13:02 +0200] "POST /wp-login.php HTTP/1.1" 200 3785 "http://www.fti-hios.eu/wp-admin/" "Mozilla/5.0 (Windows NT 10.0; Win64; x64) AppleWebKit/537.36 (KHTML, like Gecko) Chrome/90.0.4430.85 Safari/537.36"
74.208.137.0 - - [14/Apr/2026:00:13:02 +0200] "POST /wp-login.php HTTP/1.1" 200 3785 "http://www.fti-hios.eu/wp-admin/" "Mozilla/5.0 (Windows NT 10.0; Win64; x64) AppleWebKit/537.36 (KHTML, like Gecko) Chrome/90.0.4430.85 Safari/537.36"
74.208.137.0 - - [14/Apr/2026:00:13:02 +0200] "GET /wp-admin/ HTTP/1.1" 200 4949 "https://www.google.com/" "Mozilla/5.0 (Windows NT 10.0; Win64; x64) AppleWebKit/537.36 (KHTML, like Gecko) Chrome/91.0.4472.124 Safari/537.36"
74.208.137.0 - - [14/Apr/2026:00:13:02 +0200] "GET /wp-admin/ HTTP/1.1" 200 4949 "https://www.google.com/" "Mozilla/5.0 (Windows NT 10.0; Win64; x64) AppleWebKit/537.36 (KHTML, like Gecko) Chrome/91.0.4472.124 Safari/537.36"
74.208.137.0 - - [14/Apr/2026:00:13:03 +0200] "GET /wp-admin/plugin-install.php?tab=upload HTTP/1.1" 200 4949 "https://www.google.com/" "Mozilla/5.0 (Windows NT 10.0; Win64; x64) AppleWebKit/537.36 (KHTML, like Gecko) Chrome/91.0.4472.124 Safari/537.36"
74.208.137.0 - - [14/Apr/2026:00:13:03 +0200] "GET /wp-admin/plugin-install.php?tab=upload HTTP/1.1" 200 4949 "https://www.google.com/" "Mozilla/5.0 (Windows NT 10.0; Win64; x64) AppleWebKit/537.36 (KHTML, like Gecko) Chrome/91.0.4472.124 Safari/537.36"
74.208.137.0 - - [14/Apr/2026:00:13:03 +0200] "GET /wp-admin/ HTTP/1.1" 200 4949 "-" "Mozilla/5.0 (Windows NT 10.0; Win64; x64) AppleWebKit/537.36 (KHTML, like Gecko) Chrome/133.0.0.0 Safari/537.36"
74.208.137.0 - - [14/Apr/2026:00:13:03 +0200] "GET /wp-admin/ HTTP/1.1" 200 4949 "-" "Mozilla/5.0 (Windows NT 10.0; Win64; x64) AppleWebKit/537.36 (KHTML, like Gecko) Chrome/133.0.0.0 Safari/537.36"
74.208.137.0 - - [14/Apr/2026:00:13:03 +0200] "GET /wp-admin/plugin-install.php HTTP/1.1" 200 4949 "-" "Mozilla/5.0 (Windows NT 10.0; Win64; x64) AppleWebKit/537.36 (KHTML, like Gecko) Chrome/133.0.0.0 Safari/537.36"
74.208.137.0 - - [14/Apr/2026:00:13:04 +0200] "GET /wp-admin/theme-install.php?tab=upload HTTP/1.1" 403 399 "https://www.google.com/" "Mozilla/5.0 (Windows NT 10.0; Win64; x64) AppleWebKit/537.36 (KHTML, like Gecko) Chrome/91.0.4472.124 Safari/537.36"
74.208.137.0 - - [14/Apr/2026:00:13:03 +0200] "GET /wp-admin/plugin-install.php HTTP/1.1" 200 4949 "-" "Mozilla/5.0 (Windows NT 10.0; Win64; x64) AppleWebKit/537.36 (KHTML, like Gecko) Chrome/133.0.0.0 Safari/537.36"
74.208.137.0 - - [14/Apr/2026:00:13:04 +0200] "GET /wp-admin/theme-install.php?tab=upload HTTP/1.1" 403 399 "https://www.google.com/" "Mozilla/5.0 (Windows NT 10.0; Win64; x64) AppleWebKit/537.36 (KHTML, like Gecko) Chrome/91.0.4472.124 Safari/537.36"
74.208.137.0 - - [14/Apr/2026:00:13:04 +0200] "GET /wp-admin/ HTTP/1.1" 200 4949 "-" "Mozilla/5.0 (Windows NT 10.0; Win64; x64) AppleWebKit/537.36 (KHTML, like Gecko) Chrome/133.0.0.0 Safari/537.36"
74.208.137.0 - - [14/Apr/2026:00:13:04 +0200] "GET /wp-admin/ HTTP/1.1" 200 4949 "-" "Mozilla/5.0 (Windows NT 10.0; Win64; x64) AppleWebKit/537.36 (KHTML, like Gecko) Chrome/133.0.0.0 Safari/537.36"
74.208.137.0 - - [14/Apr/2026:00:13:04 +0200] "GET /wp-admin/plugin-install.php HTTP/1.1" 200 4949 "-" "Mozilla/5.0 (Windows NT 10.0; Win64; x64) AppleWebKit/537.36 (KHTML, like Gecko) Chrome/133.0.0.0 Safari/537.36"
74.208.137.0 - - [14/Apr/2026:00:13:04 +0200] "POST /wp-admin/admin-ajax.php HTTP/1.1" 403 399 "http://www.fti-hios.eu/wp-admin/plugin-editor.php" "Mozilla/5.0 (Windows NT 10.0; Win64; x64) AppleWebKit/537.36 (KHTML, like Gecko) Chrome/138.0.0.0 Safari/537.36"
74.208.137.0 - - [14/Apr/2026:00:13:04 +0200] "GET /wp-admin/plugin-install.php HTTP/1.1" 200 4949 "-" "Mozilla/5.0 (Windows NT 10.0; Win64; x64) AppleWebKit/537.36 (KHTML, like Gecko) Chrome/133.0.0.0 Safari/537.36"
74.208.137.0 - - [14/Apr/2026:00:13:04 +0200] "POST /wp-admin/admin-ajax.php HTTP/1.1" 403 399 "http://www.fti-hios.eu/wp-admin/plugin-editor.php" "Mozilla/5.0 (Windows NT 10.0; Win64; x64) AppleWebKit/537.36 (KHTML, like Gecko) Chrome/138.0.0.0 Safari/537.36"
74.208.137.0 - - [14/Apr/2026:00:13:04 +0200] "GET /wp-admin/plugin-editor.php HTTP/1.1" 200 4949 "http://www.fti-hios.eu/wp-admin/plugin-editor.php" "Mozilla/5.0 (Windows NT 10.0; Win64; x64) AppleWebKit/537.36 (KHTML, like Gecko) Chrome/138.0.0.0 Safari/537.36"
74.208.137.0 - - [14/Apr/2026:00:13:05 +0200] "GET /wp-admin/plugin-editor.php HTTP/1.1" 200 4949 "http://www.fti-hios.eu/wp-admin/plugin-editor.php" "Mozilla/5.0 (Windows NT 10.0; Win64; x64) AppleWebKit/537.36 (KHTML, like Gecko) Chrome/138.0.0.0 Safari/537.36"
204.12.228.0 - - [14/Apr/2026:00:12:09 +0200] "GET /wp-includes/xa146f6/edit.php?id=171565 HTTP/1.1" 200 3481 "https://fti-hios.eu/wp-includes/xa146f6/edit.php?id=171565" "Mozilla/5.0"
204.12.228.0 - - [14/Apr/2026:00:13:36 +0200] "GET /wp-includes/xa146f6/edit.php?id=171565 HTTP/1.1" 200 3481 "https://fti-hios.eu/wp-includes/xa146f6/edit.php?id=171565" "Mozilla/5.0"
4.205.32.0 - - [14/Apr/2026:00:22:54 +0200] "GET //wp-content/plugins/fix/up.php HTTP/1.1" 200 3786 "-" "Mozilla/5.0 (Windows NT 10.0; Win64; x64) AppleWebKit/537.36 (KHTML, like Gecko) Chrome/85.0.4183.102 Safari/537.36"
216.73.216.0 - - [14/Apr/2026:00:31:17 +0200] "GET /robots.txt HTTP/1.1" 200 3764 "-" "Mozilla/5.0 AppleWebKit/537.36 (KHTML, like Gecko; compatible; ClaudeBot/1.0; +claudebot@anthropic.com)"
216.73.216.0 - - [14/Apr/2026:00:31:17 +0200] "GET /robots.txt HTTP/1.1" 200 479 "-" ""
216.73.216.0 - - [14/Apr/2026:00:31:17 +0200] "GET /buy.php HTTP/1.1" 200 39247 "-" "Mozilla/5.0 AppleWebKit/537.36 (KHTML, like Gecko; compatible; ClaudeBot/1.0; +claudebot@anthropic.com)"
216.73.216.0 - - [14/Apr/2026:00:31:18 +0200] "GET / HTTP/1.1" 200 3846 "-" "Mozilla/5.0 AppleWebKit/537.36 (KHTML, like Gecko; compatible; ClaudeBot/1.0; +claudebot@anthropic.com)"
204.12.208.0 - - [14/Apr/2026:00:45:33 +0200] "GET /wp-includes/xa146f6/edit.php HTTP/1.1" 200 3535 "https://fti-hios.eu/wp-includes/xa146f6/edit.php" "Mozilla/5.0 (compatible; MSIE 10.0; Windows NT 6.2; Win64; x64; Trident/6.0)"
43.166.226.0 - - [14/Apr/2026:00:46:02 +0200] "GET /?fileloc=/home/hios/public_html/ex.php&path=/home/hios/public_html HTTP/1.1" 200 4931 "-" "Mozilla/5.0 (iPhone; CPU iPhone OS 13_2_3 like Mac OS X) AppleWebKit/605.1.15 (KHTML, like Gecko) Version/13.0.3 Mobile/15E148 Safari/604.1"
204.12.208.0 - - [14/Apr/2026:00:45:13 +0200] "GET /wp-includes/xa146f6/edit.php HTTP/1.1" 200 3500 "https://fti-hios.eu/wp-includes/xa146f6/edit.php" "Mozilla/4.0 (compatible; MSIE 7.0; Windows NT 5.1; SV1; .NET CLR 1.1.4322; .NET CLR 2.0.50727; InfoPath.1)"
204.12.228.0 - - [14/Apr/2026:00:46:40 +0200] "GET /wp-includes/xa146f6/edit.php?id=171565 HTTP/1.1" 200 3481 "https://fti-hios.eu/wp-includes/xa146f6/edit.php?id=171565" "Mozilla/5.0"
43.154.140.0 - - [14/Apr/2026:00:48:11 +0200] "GET /?fileloc=/home/hios/public_html/wp-admin/about.php&path=/home/hios/public_html/wp-admin HTTP/1.1" 200 7667 "-" "Mozilla/5.0 (iPhone; CPU iPhone OS 13_2_3 like Mac OS X) AppleWebKit/605.1.15 (KHTML, like Gecko) Version/13.0.3 Mobile/15E148 Safari/604.1"
43.157.158.0 - - [14/Apr/2026:00:48:20 +0200] "GET /?fileloc=/home/hios/public_html/gwprbaoy.php&path=/home/hios/public_html HTTP/1.1" 200 17151 "-" "Mozilla/5.0 (iPhone; CPU iPhone OS 13_2_3 like Mac OS X) AppleWebKit/605.1.15 (KHTML, like Gecko) Version/13.0.3 Mobile/15E148 Safari/604.1"
216.73.216.0 - - [14/Apr/2026:00:50:11 +0200] "GET / HTTP/1.1" 200 7131 "-" "Mozilla/5.0 AppleWebKit/537.36 (KHTML, like Gecko; compatible; ClaudeBot/1.0; +claudebot@anthropic.com)"
43.166.251.0 - - [14/Apr/2026:00:51:00 +0200] "GET /?fileloc=/home/hios/public_html/inputs.php&path=/home/hios/public_html HTTP/1.1" 200 4932 "-" "Mozilla/5.0 (iPhone; CPU iPhone OS 13_2_3 like Mac OS X) AppleWebKit/605.1.15 (KHTML, like Gecko) Version/13.0.3 Mobile/15E148 Safari/604.1"
43.153.48.0 - - [14/Apr/2026:00:57:14 +0200] "GET / HTTP/1.1" 200 3749 "-" "Mozilla/5.0 (iPhone; CPU iPhone OS 13_2_3 like Mac OS X) AppleWebKit/605.1.15 (KHTML, like Gecko) Version/13.0.3 Mobile/15E148 Safari/604.1"
43.166.128.0 - - [14/Apr/2026:01:04:10 +0200] "GET /credits.php HTTP/1.1" 403 363 "-" "Mozilla/5.0 (iPhone; CPU iPhone OS 13_2_3 like Mac OS X) AppleWebKit/605.1.15 (KHTML, like Gecko) Version/13.0.3 Mobile/15E148 Safari/604.1"
216.73.216.0 - - [14/Apr/2026:01:13:45 +0200] "GET / HTTP/1.1" 200 7131 "-" "Mozilla/5.0 AppleWebKit/537.36 (KHTML, like Gecko; compatible; ClaudeBot/1.0; +claudebot@anthropic.com)"
74.208.137.0 - - [14/Apr/2026:01:16:20 +0200] "HEAD / HTTP/1.1" 200 3090 "https://fti-hios.eu/" "Mozilla/5.0 (Windows NT 10.0; Win64; x64) AppleWebKit/537.36 (KHTML, like Gecko) Chrome/91.0.4472.124 Safari/537.36"
74.208.137.0 - - [14/Apr/2026:01:16:21 +0200] "HEAD / HTTP/1.1" 200 204 "https://fti-hios.eu/" "Mozilla/5.0 (Windows NT 10.0; Win64; x64) AppleWebKit/537.36 (KHTML, like Gecko) Chrome/91.0.4472.124 Safari/537.36"
74.208.137.0 - - [14/Apr/2026:01:16:21 +0200] "POST /wp-login.php HTTP/1.1" 200 3656 "https://www.google.com/" "Mozilla/5.0 (Windows NT 10.0; Win64; x64) AppleWebKit/537.36 (KHTML, like Gecko) Chrome/91.0.4472.124 Safari/537.36"
74.208.137.0 - - [14/Apr/2026:01:16:22 +0200] "POST /wp-login.php HTTP/1.1" 200 3901 "https://fti-hios.eu/wp-admin/" "Mozilla/5.0 (Windows NT 10.0; Win64; x64) AppleWebKit/537.36 (KHTML, like Gecko) Chrome/90.0.4430.85 Safari/537.36"
74.208.137.0 - - [14/Apr/2026:01:16:22 +0200] "GET /wp-admin/ HTTP/1.1" 200 5065 "https://www.google.com/" "Mozilla/5.0 (Windows NT 10.0; Win64; x64) AppleWebKit/537.36 (KHTML, like Gecko) Chrome/91.0.4472.124 Safari/537.36"
74.208.137.0 - - [14/Apr/2026:01:16:23 +0200] "GET /wp-admin/plugin-install.php?tab=upload HTTP/1.1" 200 5065 "https://www.google.com/" "Mozilla/5.0 (Windows NT 10.0; Win64; x64) AppleWebKit/537.36 (KHTML, like Gecko) Chrome/91.0.4472.124 Safari/537.36"
74.208.137.0 - - [14/Apr/2026:01:16:23 +0200] "GET /wp-admin/ HTTP/1.1" 200 5065 "-" "Mozilla/5.0 (Windows NT 10.0; Win64; x64) AppleWebKit/537.36 (KHTML, like Gecko) Chrome/133.0.0.0 Safari/537.36"
74.208.137.0 - - [14/Apr/2026:01:16:23 +0200] "GET /wp-admin/plugin-install.php HTTP/1.1" 200 5065 "-" "Mozilla/5.0 (Windows NT 10.0; Win64; x64) AppleWebKit/537.36 (KHTML, like Gecko) Chrome/133.0.0.0 Safari/537.36"
74.208.137.0 - - [14/Apr/2026:01:16:24 +0200] "GET /wp-admin/theme-install.php?tab=upload HTTP/1.1" 403 457 "https://www.google.com/" "Mozilla/5.0 (Windows NT 10.0; Win64; x64) AppleWebKit/537.36 (KHTML, like Gecko) Chrome/91.0.4472.124 Safari/537.36"
74.208.137.0 - - [14/Apr/2026:01:16:24 +0200] "GET /wp-admin/ HTTP/1.1" 200 5065 "-" "Mozilla/5.0 (Windows NT 10.0; Win64; x64) AppleWebKit/537.36 (KHTML, like Gecko) Chrome/133.0.0.0 Safari/537.36"
74.208.137.0 - - [14/Apr/2026:01:16:24 +0200] "GET /wp-admin/plugin-install.php HTTP/1.1" 200 5065 "-" "Mozilla/5.0 (Windows NT 10.0; Win64; x64) AppleWebKit/537.36 (KHTML, like Gecko) Chrome/133.0.0.0 Safari/537.36"
74.208.137.0 - - [14/Apr/2026:01:16:25 +0200] "POST /wp-admin/admin-ajax.php HTTP/1.1" 403 457 "https://fti-hios.eu/wp-admin/plugin-editor.php" "Mozilla/5.0 (Windows NT 10.0; Win64; x64) AppleWebKit/537.36 (KHTML, like Gecko) Chrome/138.0.0.0 Safari/537.36"
74.208.137.0 - - [14/Apr/2026:01:16:25 +0200] "GET /wp-admin/plugin-editor.php HTTP/1.1" 200 5065 "https://fti-hios.eu/wp-admin/plugin-editor.php" "Mozilla/5.0 (Windows NT 10.0; Win64; x64) AppleWebKit/537.36 (KHTML, like Gecko) Chrome/138.0.0.0 Safari/537.36"
171.107.118.0 - - [14/Apr/2026:01:18:01 +0200] "POST /wp-comments-post.php HTTP/1.1" 403 3548 "-" "Mozilla/5.0 (Windows NT 10.0; Win64; x64) AppleWebKit/537.36 (KHTML, like Gecko) Chrome/108.0.0.0 Safari/537.36 Edg/108.0.1462.46"
43.130.26.0 - - [14/Apr/2026:01:18:51 +0200] "GET /freedoms.php HTTP/1.1" 403 363 "-" "Mozilla/5.0 (iPhone; CPU iPhone OS 13_2_3 like Mac OS X) AppleWebKit/605.1.15 (KHTML, like Gecko) Version/13.0.3 Mobile/15E148 Safari/604.1"
167.235.141.0 - - [14/Apr/2026:01:19:47 +0200] "GET / HTTP/1.1" 200 3786 "-" "Mozilla/5.0 (Windows NT 10.0; Win64; x64) AppleWebKit/537.36 (KHTML, like Gecko) Chrome/120.0.0.0 Safari/537.36"
204.12.208.0 - - [14/Apr/2026:01:20:00 +0200] "GET /wp-includes/xa146f6/edit.php HTTP/1.1" 200 3572 "https://fti-hios.eu/wp-includes/xa146f6/edit.php" "Mozilla/5.0 (Macintosh; U; Intel Mac OS X 10_6_2; ja-jp) AppleWebKit/531.21.8 (KHTML, like Gecko) Version/4.0.4 Safari/531.21.10"
204.12.208.0 - - [14/Apr/2026:01:19:40 +0200] "GET /wp-includes/xa146f6/edit.php HTTP/1.1" 200 3537 "https://fti-hios.eu/wp-includes/xa146f6/edit.php" "Mozilla/5.0 (Windows NT 5.1; rv:6.0) Gecko/20100101 Firefox/6.0"
204.12.228.0 - - [14/Apr/2026:01:21:09 +0200] "GET /wp-includes/xa146f6/edit.php?id=171565 HTTP/1.1" 200 3481 "https://fti-hios.eu/wp-includes/xa146f6/edit.php?id=171565" "Mozilla/5.0"
66.249.69.0 - - [14/Apr/2026:01:22:47 +0200] "GET /wp-content/uploads/2017/03/boschman-170x48.png HTTP/1.1" 200 11824 "-" "Googlebot-Image/1.0"
204.12.228.0 - - [14/Apr/2026:01:22:37 +0200] "GET /wp-includes/xa146f6/edit.php?id=171565 HTTP/1.1" 200 3481 "https://fti-hios.eu/wp-includes/xa146f6/edit.php?id=171565" "Mozilla/5.0"
66.249.69.0 - - [14/Apr/2026:01:27:49 +0200] "GET /wp-content/uploads/2017/03/HIOSMeetingDuiven-270x270.jpg HTTP/1.1" 200 42609 "-" "Googlebot-Image/1.0"
66.249.69.0 - - [14/Apr/2026:01:29:05 +0200] "GET /wp-content/uploads/2017/03/Meeting_Banner_A_270x270.jpg HTTP/1.1" 200 66654 "-" "Googlebot-Image/1.0"
74.208.137.0 - - [14/Apr/2026:01:31:03 +0200] "HEAD / HTTP/1.1" 200 3090 "https://www.fti-hios.eu/" "Mozilla/5.0 (Windows NT 10.0; Win64; x64) AppleWebKit/537.36 (KHTML, like Gecko) Chrome/91.0.4472.124 Safari/537.36"
74.208.137.0 - - [14/Apr/2026:01:31:04 +0200] "HEAD / HTTP/1.1" 200 204 "https://www.fti-hios.eu/" "Mozilla/5.0 (Windows NT 10.0; Win64; x64) AppleWebKit/537.36 (KHTML, like Gecko) Chrome/91.0.4472.124 Safari/537.36"
74.208.137.0 - - [14/Apr/2026:01:31:04 +0200] "POST /wp-login.php HTTP/1.1" 200 3655 "https://www.google.com/" "Mozilla/5.0 (Windows NT 10.0; Win64; x64) AppleWebKit/537.36 (KHTML, like Gecko) Chrome/91.0.4472.124 Safari/537.36"
74.208.137.0 - - [14/Apr/2026:01:31:05 +0200] "POST /wp-login.php HTTP/1.1" 200 3901 "https://www.fti-hios.eu/wp-admin/" "Mozilla/5.0 (Windows NT 10.0; Win64; x64) AppleWebKit/537.36 (KHTML, like Gecko) Chrome/90.0.4430.85 Safari/537.36"
74.208.137.0 - - [14/Apr/2026:01:31:05 +0200] "GET /wp-admin/ HTTP/1.1" 200 5065 "https://www.google.com/" "Mozilla/5.0 (Windows NT 10.0; Win64; x64) AppleWebKit/537.36 (KHTML, like Gecko) Chrome/91.0.4472.124 Safari/537.36"
74.208.137.0 - - [14/Apr/2026:01:31:06 +0200] "GET /wp-admin/plugin-install.php?tab=upload HTTP/1.1" 200 5065 "https://www.google.com/" "Mozilla/5.0 (Windows NT 10.0; Win64; x64) AppleWebKit/537.36 (KHTML, like Gecko) Chrome/91.0.4472.124 Safari/537.36"
74.208.137.0 - - [14/Apr/2026:01:31:06 +0200] "GET /wp-admin/ HTTP/1.1" 200 5065 "-" "Mozilla/5.0 (Windows NT 10.0; Win64; x64) AppleWebKit/537.36 (KHTML, like Gecko) Chrome/133.0.0.0 Safari/537.36"
74.208.137.0 - - [14/Apr/2026:01:31:06 +0200] "GET /wp-admin/plugin-install.php HTTP/1.1" 200 5065 "-" "Mozilla/5.0 (Windows NT 10.0; Win64; x64) AppleWebKit/537.36 (KHTML, like Gecko) Chrome/133.0.0.0 Safari/537.36"
74.208.137.0 - - [14/Apr/2026:01:31:07 +0200] "GET /wp-admin/theme-install.php?tab=upload HTTP/1.1" 403 457 "https://www.google.com/" "Mozilla/5.0 (Windows NT 10.0; Win64; x64) AppleWebKit/537.36 (KHTML, like Gecko) Chrome/91.0.4472.124 Safari/537.36"
74.208.137.0 - - [14/Apr/2026:01:31:07 +0200] "GET /wp-admin/ HTTP/1.1" 200 5065 "-" "Mozilla/5.0 (Windows NT 10.0; Win64; x64) AppleWebKit/537.36 (KHTML, like Gecko) Chrome/133.0.0.0 Safari/537.36"
74.208.137.0 - - [14/Apr/2026:01:31:07 +0200] "GET /wp-admin/plugin-install.php HTTP/1.1" 200 5065 "-" "Mozilla/5.0 (Windows NT 10.0; Win64; x64) AppleWebKit/537.36 (KHTML, like Gecko) Chrome/133.0.0.0 Safari/537.36"
74.208.137.0 - - [14/Apr/2026:01:31:08 +0200] "POST /wp-admin/admin-ajax.php HTTP/1.1" 403 457 "https://www.fti-hios.eu/wp-admin/plugin-editor.php" "Mozilla/5.0 (Windows NT 10.0; Win64; x64) AppleWebKit/537.36 (KHTML, like Gecko) Chrome/138.0.0.0 Safari/537.36"
74.208.137.0 - - [14/Apr/2026:01:31:08 +0200] "GET /wp-admin/plugin-editor.php HTTP/1.1" 200 5065 "https://www.fti-hios.eu/wp-admin/plugin-editor.php" "Mozilla/5.0 (Windows NT 10.0; Win64; x64) AppleWebKit/537.36 (KHTML, like Gecko) Chrome/138.0.0.0 Safari/537.36"
216.73.216.0 - - [14/Apr/2026:01:31:45 +0200] "GET /robots.txt HTTP/1.1" 200 448 "-" "Mozilla/5.0 AppleWebKit/537.36 (KHTML, like Gecko; compatible; ClaudeBot/1.0; +claudebot@anthropic.com)"
216.73.216.0 - - [14/Apr/2026:01:31:45 +0200] "GET /robots.txt HTTP/1.1" 200 447 "-" ""
216.73.216.0 - - [14/Apr/2026:01:31:45 +0200] "GET /?fileloc=%2Fhome%2Fhios%2Fpublic_html%2Fplugins.php&path=%2Fhome%2Fhios%2Fpublic_html HTTP/1.1" 200 3134 "-" "Mozilla/5.0 AppleWebKit/537.36 (KHTML, like Gecko; compatible; ClaudeBot/1.0; +claudebot@anthropic.com)"
216.73.216.0 - - [14/Apr/2026:01:31:46 +0200] "GET /?path=%2F HTTP/1.1" 200 3040 "-" "Mozilla/5.0 AppleWebKit/537.36 (KHTML, like Gecko; compatible; ClaudeBot/1.0; +claudebot@anthropic.com)"
216.73.216.0 - - [14/Apr/2026:01:31:46 +0200] "GET /?path=%2Fhome%2Fhios%2Fpublic_html%2Fwp-includes HTTP/1.1" 200 7728 "-" "Mozilla/5.0 AppleWebKit/537.36 (KHTML, like Gecko; compatible; ClaudeBot/1.0; +claudebot@anthropic.com)"
216.73.216.0 - - [14/Apr/2026:01:31:47 +0200] "GET /?path=%2Fhome%2Fhios%2Fpublic_html%2Fwp-admin HTTP/1.1" 200 4948 "-" "Mozilla/5.0 AppleWebKit/537.36 (KHTML, like Gecko; compatible; ClaudeBot/1.0; +claudebot@anthropic.com)"
74.208.137.0 - - [14/Apr/2026:01:32:06 +0200] "HEAD / HTTP/1.1" 200 3090 "https://www.fti-hios.eu/" "Mozilla/5.0 (Windows NT 10.0; Win64; x64) AppleWebKit/537.36 (KHTML, like Gecko) Chrome/91.0.4472.124 Safari/537.36"
74.208.137.0 - - [14/Apr/2026:01:32:07 +0200] "HEAD / HTTP/1.1" 200 204 "https://www.fti-hios.eu/" "Mozilla/5.0 (Windows NT 10.0; Win64; x64) AppleWebKit/537.36 (KHTML, like Gecko) Chrome/91.0.4472.124 Safari/537.36"
74.208.137.0 - - [14/Apr/2026:01:32:07 +0200] "POST /wp-login.php HTTP/1.1" 200 3655 "https://www.google.com/" "Mozilla/5.0 (Windows NT 10.0; Win64; x64) AppleWebKit/537.36 (KHTML, like Gecko) Chrome/91.0.4472.124 Safari/537.36"
74.208.137.0 - - [14/Apr/2026:01:32:08 +0200] "POST /wp-login.php HTTP/1.1" 200 3901 "https://www.fti-hios.eu/wp-admin/" "Mozilla/5.0 (Windows NT 10.0; Win64; x64) AppleWebKit/537.36 (KHTML, like Gecko) Chrome/90.0.4430.85 Safari/537.36"
74.208.137.0 - - [14/Apr/2026:01:32:08 +0200] "GET /wp-admin/ HTTP/1.1" 200 5065 "https://www.google.com/" "Mozilla/5.0 (Windows NT 10.0; Win64; x64) AppleWebKit/537.36 (KHTML, like Gecko) Chrome/91.0.4472.124 Safari/537.36"
74.208.137.0 - - [14/Apr/2026:01:32:08 +0200] "GET /wp-admin/plugin-install.php?tab=upload HTTP/1.1" 200 5065 "https://www.google.com/" "Mozilla/5.0 (Windows NT 10.0; Win64; x64) AppleWebKit/537.36 (KHTML, like Gecko) Chrome/91.0.4472.124 Safari/537.36"
74.208.137.0 - - [14/Apr/2026:01:32:09 +0200] "GET /wp-admin/ HTTP/1.1" 200 5065 "-" "Mozilla/5.0 (Windows NT 10.0; Win64; x64) AppleWebKit/537.36 (KHTML, like Gecko) Chrome/133.0.0.0 Safari/537.36"
74.208.137.0 - - [14/Apr/2026:01:32:09 +0200] "GET /wp-admin/plugin-install.php HTTP/1.1" 200 5065 "-" "Mozilla/5.0 (Windows NT 10.0; Win64; x64) AppleWebKit/537.36 (KHTML, like Gecko) Chrome/133.0.0.0 Safari/537.36"
74.208.137.0 - - [14/Apr/2026:01:32:09 +0200] "GET /wp-admin/theme-install.php?tab=upload HTTP/1.1" 403 457 "https://www.google.com/" "Mozilla/5.0 (Windows NT 10.0; Win64; x64) AppleWebKit/537.36 (KHTML, like Gecko) Chrome/91.0.4472.124 Safari/537.36"
74.208.137.0 - - [14/Apr/2026:01:32:10 +0200] "GET /wp-admin/ HTTP/1.1" 200 5065 "-" "Mozilla/5.0 (Windows NT 10.0; Win64; x64) AppleWebKit/537.36 (KHTML, like Gecko) Chrome/133.0.0.0 Safari/537.36"
74.208.137.0 - - [14/Apr/2026:01:32:10 +0200] "GET /wp-admin/plugin-install.php HTTP/1.1" 200 5065 "-" "Mozilla/5.0 (Windows NT 10.0; Win64; x64) AppleWebKit/537.36 (KHTML, like Gecko) Chrome/133.0.0.0 Safari/537.36"
74.208.137.0 - - [14/Apr/2026:01:32:10 +0200] "POST /wp-admin/admin-ajax.php HTTP/1.1" 403 457 "https://www.fti-hios.eu/wp-admin/plugin-editor.php" "Mozilla/5.0 (Windows NT 10.0; Win64; x64) AppleWebKit/537.36 (KHTML, like Gecko) Chrome/138.0.0.0 Safari/537.36"
74.208.137.0 - - [14/Apr/2026:01:32:10 +0200] "GET /wp-admin/plugin-editor.php HTTP/1.1" 200 5065 "https://www.fti-hios.eu/wp-admin/plugin-editor.php" "Mozilla/5.0 (Windows NT 10.0; Win64; x64) AppleWebKit/537.36 (KHTML, like Gecko) Chrome/138.0.0.0 Safari/537.36"
216.73.216.0 - - [14/Apr/2026:01:33:21 +0200] "GET /?fileloc=%2Fhome%2Fhios%2Fpublic_html%2Fwp-config-sample.php&path=%2Fhome%2Fhios%2Fpublic_html HTTP/1.1" 200 3694 "-" "Mozilla/5.0 AppleWebKit/537.36 (KHTML, like Gecko; compatible; ClaudeBot/1.0; +claudebot@anthropic.com)"
216.73.216.0 - - [14/Apr/2026:01:33:21 +0200] "GET /?path=%2Fhome%2Fhios%2Fpublic_html HTTP/1.1" 200 3785 "-" "Mozilla/5.0 AppleWebKit/537.36 (KHTML, like Gecko; compatible; ClaudeBot/1.0; +claudebot@anthropic.com)"
216.73.216.0 - - [14/Apr/2026:01:33:22 +0200] "GET /?fileloc=%2Fhome%2Fhios%2Fpublic_html%2Fwp-adminindex.php&path=%2Fhome%2Fhios%2Fpublic_html HTTP/1.1" 200 2323 "-" "Mozilla/5.0 AppleWebKit/537.36 (KHTML, like Gecko; compatible; ClaudeBot/1.0; +claudebot@anthropic.com)"
216.73.216.0 - - [14/Apr/2026:01:33:22 +0200] "GET /?path=%2Fhome%2Fhios%2Fpublic_html%2Fstats HTTP/1.1" 200 11505 "-" "Mozilla/5.0 AppleWebKit/537.36 (KHTML, like Gecko; compatible; ClaudeBot/1.0; +claudebot@anthropic.com)"
216.73.216.0 - - [14/Apr/2026:01:33:45 +0200] "GET /?path=%2Fhome%2Fhios%2Fpublic_html%2F4c067 HTTP/1.1" 200 2428 "-" "Mozilla/5.0 AppleWebKit/537.36 (KHTML, like Gecko; compatible; ClaudeBot/1.0; +claudebot@anthropic.com)"
216.73.216.0 - - [14/Apr/2026:01:33:45 +0200] "GET /?fileloc=%2Fhome%2Fhios%2Fpublic_html%2Fwp-load.php&path=%2Fhome%2Fhios%2Fpublic_html HTTP/1.1" 200 3598 "-" "Mozilla/5.0 AppleWebKit/537.36 (KHTML, like Gecko; compatible; ClaudeBot/1.0; +claudebot@anthropic.com)"
216.73.216.0 - - [14/Apr/2026:01:33:46 +0200] "GET /?fileloc=%2Fhome%2Fhios%2Fpublic_html%2Fdefaults.php&path=%2Fhome%2Fhios%2Fpublic_html HTTP/1.1" 200 3148 "-" "Mozilla/5.0 AppleWebKit/537.36 (KHTML, like Gecko; compatible; ClaudeBot/1.0; +claudebot@anthropic.com)"
43.131.23.0 - - [14/Apr/2026:01:34:22 +0200] "GET /about.php HTTP/1.1" 200 3749 "-" "Mozilla/5.0 (iPhone; CPU iPhone OS 13_2_3 like Mac OS X) AppleWebKit/605.1.15 (KHTML, like Gecko) Version/13.0.3 Mobile/15E148 Safari/604.1"
66.249.69.0 - - [14/Apr/2026:01:35:27 +0200] "GET /wp-content/uploads/2017/03/Contract-270x270.jpg HTTP/1.1" 200 38202 "-" "Googlebot-Image/1.0"
216.73.216.0 - - [14/Apr/2026:01:35:33 +0200] "GET /?path=%2Fhome%2Fhios%2Fpublic_html%2Fe00490 HTTP/1.1" 200 2445 "-" "Mozilla/5.0 AppleWebKit/537.36 (KHTML, like Gecko; compatible; ClaudeBot/1.0; +claudebot@anthropic.com)"
216.73.216.0 - - [14/Apr/2026:01:35:34 +0200] "GET /?path=%2Fhome%2Fhios HTTP/1.1" 200 2640 "-" "Mozilla/5.0 AppleWebKit/537.36 (KHTML, like Gecko; compatible; ClaudeBot/1.0; +claudebot@anthropic.com)"
216.73.216.0 - - [14/Apr/2026:01:35:35 +0200] "GET /?fileloc=%2Fhome%2Fhios%2Fpublic_html%2Fwp-trackback.php&path=%2Fhome%2Fhios%2Fpublic_html HTTP/1.1" 200 3972 "-" "Mozilla/5.0 AppleWebKit/537.36 (KHTML, like Gecko; compatible; ClaudeBot/1.0; +claudebot@anthropic.com)"
216.73.216.0 - - [14/Apr/2026:01:35:52 +0200] "GET /?fileloc=%2Fhome%2Fhios%2Fpublic_html%2Fwp-cron.php&path=%2Fhome%2Fhios%2Fpublic_html HTTP/1.1" 200 3578 "-" "Mozilla/5.0 AppleWebKit/537.36 (KHTML, like Gecko; compatible; ClaudeBot/1.0; +claudebot@anthropic.com)"
216.73.216.0 - - [14/Apr/2026:01:35:52 +0200] "GET /?fileloc=%2Fhome%2Fhios%2Fpublic_html%2Foptions.php&path=%2Fhome%2Fhios%2Fpublic_html HTTP/1.1" 200 2876 "-" "Mozilla/5.0 AppleWebKit/537.36 (KHTML, like Gecko; compatible; ClaudeBot/1.0; +claudebot@anthropic.com)"
216.73.216.0 - - [14/Apr/2026:01:35:56 +0200] "GET /?fileloc=%2Fhome%2Fhios%2Fpublic_html%2Fwp-mail.php&path=%2Fhome%2Fhios%2Fpublic_html HTTP/1.1" 200 5091 "-" "Mozilla/5.0 AppleWebKit/537.36 (KHTML, like Gecko; compatible; ClaudeBot/1.0; +claudebot@anthropic.com)"
216.73.216.0 - - [14/Apr/2026:01:36:03 +0200] "GET /?fileloc=%2Fhome%2Fhios%2Fpublic_html%2Ftxets.php&path=%2Fhome%2Fhios%2Fpublic_html HTTP/1.1" 200 4545 "-" "Mozilla/5.0 AppleWebKit/537.36 (KHTML, like Gecko; compatible; ClaudeBot/1.0; +claudebot@anthropic.com)"
216.73.216.0 - - [14/Apr/2026:01:36:03 +0200] "GET /?fileloc=%2Fhome%2Fhios%2Fpublic_html%2Fex.php&path=%2Fhome%2Fhios%2Fpublic_html HTTP/1.1" 200 4967 "-" "Mozilla/5.0 AppleWebKit/537.36 (KHTML, like Gecko; compatible; ClaudeBot/1.0; +claudebot@anthropic.com)"
216.73.216.0 - - [14/Apr/2026:01:36:04 +0200] "GET /?fileloc=%2Fhome%2Fhios%2Fpublic_html%2Fclick.php&path=%2Fhome%2Fhios%2Fpublic_html HTTP/1.1" 200 3164 "-" "Mozilla/5.0 AppleWebKit/537.36 (KHTML, like Gecko; compatible; ClaudeBot/1.0; +claudebot@anthropic.com)"
116.11.95.0 - - [14/Apr/2026:01:36:37 +0200] "POST /wp-comments-post.php HTTP/1.1" 403 3548 "-" "Mozilla/5.0 (Windows NT 10.0; Win64; x64) AppleWebKit/537.36 (KHTML, like Gecko) Chrome/108.0.0.0 Safari/537.36 Edg/108.0.1462.46"
216.73.216.0 - - [14/Apr/2026:01:37:08 +0200] "GET /?fileloc=%2Fhome%2Fhios%2Fpublic_html%2Findex.php&path=%2Fhome%2Fhios%2Fpublic_html HTTP/1.1" 200 7788 "-" "Mozilla/5.0 AppleWebKit/537.36 (KHTML, like Gecko; compatible; ClaudeBot/1.0; +claudebot@anthropic.com)"
216.73.216.0 - - [14/Apr/2026:01:37:09 +0200] "GET /?fileloc=%2Fhome%2Fhios%2Fpublic_html%2Fwp-config.php&path=%2Fhome%2Fhios%2Fpublic_html HTTP/1.1" 200 4193 "-" "Mozilla/5.0 AppleWebKit/537.36 (KHTML, like Gecko; compatible; ClaudeBot/1.0; +claudebot@anthropic.com)"
216.73.216.0 - - [14/Apr/2026:01:37:12 +0200] "GET /?fileloc=%2Fhome%2Fhios%2Fpublic_html%2Fnetworks.php&path=%2Fhome%2Fhios%2Fpublic_html HTTP/1.1" 200 3191 "-" "Mozilla/5.0 AppleWebKit/537.36 (KHTML, like Gecko; compatible; ClaudeBot/1.0; +claudebot@anthropic.com)"
216.73.216.0 - - [14/Apr/2026:01:37:18 +0200] "GET /?fileloc=%2Fhome%2Fhios%2Fpublic_html%2Fwp-blog-header.php&path=%2Fhome%2Fhios%2Fpublic_html HTTP/1.1" 200 2399 "-" "Mozilla/5.0 AppleWebKit/537.36 (KHTML, like Gecko; compatible; ClaudeBot/1.0; +claudebot@anthropic.com)"
216.73.216.0 - - [14/Apr/2026:01:37:19 +0200] "GET /?fileloc=%2Fhome%2Fhios%2Fpublic_html%2Fulmoljao.php&path=%2Fhome%2Fhios%2Fpublic_html HTTP/1.1" 200 17187 "-" "Mozilla/5.0 AppleWebKit/537.36 (KHTML, like Gecko; compatible; ClaudeBot/1.0; +claudebot@anthropic.com)"
216.73.216.0 - - [14/Apr/2026:01:37:19 +0200] "GET /?fileloc=%2Fhome%2Fhios%2Fpublic_html%2Feeogmugh.php&path=%2Fhome%2Fhios%2Fpublic_html HTTP/1.1" 200 17187 "-" "Mozilla/5.0 AppleWebKit/537.36 (KHTML, like Gecko; compatible; ClaudeBot/1.0; +claudebot@anthropic.com)"
216.73.216.0 - - [14/Apr/2026:01:37:58 +0200] "GET /?fileloc=%2Fhome%2Fhios%2Fpublic_html%2Findex.php0&path=%2Fhome%2Fhios%2Fpublic_html HTTP/1.1" 200 7789 "-" "Mozilla/5.0 AppleWebKit/537.36 (KHTML, like Gecko; compatible; ClaudeBot/1.0; +claudebot@anthropic.com)"
216.73.216.0 - - [14/Apr/2026:01:37:59 +0200] "GET /?fileloc=%2Fhome%2Fhios%2Fpublic_html%2Fwp-log1n.php&path=%2Fhome%2Fhios%2Fpublic_html HTTP/1.1" 200 3150 "-" "Mozilla/5.0 AppleWebKit/537.36 (KHTML, like Gecko; compatible; ClaudeBot/1.0; +claudebot@anthropic.com)"
216.73.216.0 - - [14/Apr/2026:01:37:59 +0200] "GET /?fileloc=%2Fhome%2Fhios%2Fpublic_html%2Fitem.php&path=%2Fhome%2Fhios%2Fpublic_html HTTP/1.1" 200 3132 "-" "Mozilla/5.0 AppleWebKit/537.36 (KHTML, like Gecko; compatible; ClaudeBot/1.0; +claudebot@anthropic.com)"
216.73.216.0 - - [14/Apr/2026:01:38:29 +0200] "GET /?fileloc=%2Fhome%2Fhios%2Fpublic_html%2Fradio.php&path=%2Fhome%2Fhios%2Fpublic_html HTTP/1.1" 200 4969 "-" "Mozilla/5.0 AppleWebKit/537.36 (KHTML, like Gecko; compatible; ClaudeBot/1.0; +claudebot@anthropic.com)"
216.73.216.0 - - [14/Apr/2026:01:38:29 +0200] "GET /?fileloc=%2Fhome%2Fhios%2Fpublic_html%2Fgoods.php&path=%2Fhome%2Fhios%2Fpublic_html HTTP/1.1" 200 2948 "-" "Mozilla/5.0 AppleWebKit/537.36 (KHTML, like Gecko; compatible; ClaudeBot/1.0; +claudebot@anthropic.com)"
216.73.216.0 - - [14/Apr/2026:01:38:29 +0200] "GET /?fileloc=%2Fhome%2Fhios%2Fpublic_html%2Fmah.php&path=%2Fhome%2Fhios%2Fpublic_html HTTP/1.1" 200 3164 "-" "Mozilla/5.0 AppleWebKit/537.36 (KHTML, like Gecko; compatible; ClaudeBot/1.0; +claudebot@anthropic.com)"
216.73.216.0 - - [14/Apr/2026:01:39:35 +0200] "GET /?fileloc=%2Fhome%2Fhios%2Fpublic_html%2Fgwprbaoy.php&path=%2Fhome%2Fhios%2Fpublic_html HTTP/1.1" 200 17188 "-" "Mozilla/5.0 AppleWebKit/537.36 (KHTML, like Gecko; compatible; ClaudeBot/1.0; +claudebot@anthropic.com)"
216.73.216.0 - - [14/Apr/2026:01:39:36 +0200] "GET /?fileloc=%2Fhome%2Fhios%2Fpublic_html%2Fotfryoqd.php&path=%2Fhome%2Fhios%2Fpublic_html HTTP/1.1" 200 17187 "-" "Mozilla/5.0 AppleWebKit/537.36 (KHTML, like Gecko; compatible; ClaudeBot/1.0; +claudebot@anthropic.com)"
216.73.216.0 - - [14/Apr/2026:01:39:40 +0200] "GET /?fileloc=%2Fhome%2Fhios%2Fpublic_html%2Fbuy.php&path=%2Fhome%2Fhios%2Fpublic_html HTTP/1.1" 200 2962 "-" "Mozilla/5.0 AppleWebKit/537.36 (KHTML, like Gecko; compatible; ClaudeBot/1.0; +claudebot@anthropic.com)"
216.73.216.0 - - [14/Apr/2026:01:40:07 +0200] "GET /?fileloc=%2Fhome%2Fhios%2Fpublic_html%2F.htaccess&path=%2Fhome%2Fhios%2Fpublic_html HTTP/1.1" 200 2683 "-" "Mozilla/5.0 AppleWebKit/537.36 (KHTML, like Gecko; compatible; ClaudeBot/1.0; +claudebot@anthropic.com)"
66.249.69.0 - - [14/Apr/2026:01:40:25 +0200] "GET /wp-content/uploads/2017/03/iStock_000009597226_Full-1-270x270.jpg HTTP/1.1" 200 21965 "-" "Googlebot-Image/1.0"
