103.74.173.0 - - [14/Apr/2026:07:58:06 +0200] "GET //wp-admin/css/colors/index.php?ARRAY=7o2230223n313737363134393838312p2231223n22687474703n5p2s5p2s6p776n3132342r73696p76692r63616q5p2s3s6p633q78696164616r5s72616r645s7061746826743q313737363134363038312q3038373164633031346233653437313363633363643165663265366466626562222p2232223n223462386430633165323536383232306665396362363964646335363339373935222p2233223n226638613531633563383166656138353739393038393634373032363437643264222p226175746s5s66696p655s6r616q65223n2274786574732r706870222p226175746s5s70617373223n2232322q35302q35382q36332q37342q39302q3135222p2262696r675s70617373223n2232322q35302q35382q36332q37342q39302q3135227q HTTP/1.1" 403 399 "http://fti-hios.eu//wp-admin/css/colors/index.php?ARRAY=7o2230223n313737363134393638312p2231223n22687474703n5p2s5p2s6p776n3132342r73696p76692r63616q5p2s3s6p633q6564697426743q313737363134363038312q3038373164633031346233653437313363633363643165663265366466626562222p2232223n223462386430633165323536383232306665396362363964646335363339373935222p2233223n226638613531633563383166656138353739393038393634373032363437643264222p226175746s5s66696p655s6r616q65223n2274786574732r706870222p226175746s5s70617373223n2232322q35302q35382q36332q37342q39302q3135222p2262696r675s70617373223n2232322q35302q35382q36332q37342q39302q3135222p2262696r675s737973223n7o226175746s5s6o756s5s7n68616r223n2231222p22756r696r7374616p6p223n2231227q7q&path=/home/hios/public_html" "Mozilla/5.0 (Windows NT 10.0; Win64; x64) AppleWebKit/537.36 (KHTML, like Gecko) Chrome/147.0.0.0 Safari/537.36"
103.74.173.0 - - [14/Apr/2026:07:58:06 +0200] "GET //wp-admin/css/colors/index.php?ARRAY=7o2230223n313737363134393838312p2231223n22687474703n5p2s5p2s6p776n3132342r73696p76692r63616q5p2s3s6p633q78696164616r5s72616r645s7061746826743q313737363134363038312q3038373164633031346233653437313363633363643165663265366466626562222p2232223n223462386430633165323536383232306665396362363964646335363339373935222p2233223n226638613531633563383166656138353739393038393634373032363437643264222p226175746s5s66696p655s6r616q65223n2274786574732r706870222p226175746s5s70617373223n2232322q35302q35382q36332q37342q39302q3135222p2262696r675s70617373223n2232322q35302q35382q36332q37342q39302q3135227q HTTP/1.1" 403 399 "http://fti-hios.eu//wp-admin/css/colors/index.php?ARRAY=7o2230223n313737363134393638312p2231223n22687474703n5p2s5p2s6p776n3132342r73696p76692r63616q5p2s3s6p633q6564697426743q313737363134363038312q3038373164633031346233653437313363633363643165663265366466626562222p2232223n223462386430633165323536383232306665396362363964646335363339373935222p2233223n226638613531633563383166656138353739393038393634373032363437643264222p226175746s5s66696p655s6r616q65223n2274786574732r706870222p226175746s5s70617373223n2232322q35302q35382q36332q37342q39302q3135222p2262696r675s70617373223n2232322q35302q35382q36332q37342q39302q3135222p2262696r675s737973223n7o226175746s5s6o756s5s7n68616r223n2231222p22756r696r7374616p6p223n2231227q7q&path=/home/hios/public_html" "Mozilla/5.0 (Windows NT 10.0; Win64; x64) AppleWebKit/537.36 (KHTML, like Gecko) Chrome/147.0.0.0 Safari/537.36"
103.74.173.0 - - [14/Apr/2026:07:58:03 +0200] "GET //wp-admin/css/colors/index.php?ARRAY=7o2230223n313737363134393838312p2231223n22687474703n5p2s5p2s6p776n3132342r73696p76692r63616q5p2s3s6p633q706p687426743q313737363134363038312q3038373164633031346233653437313363633363643165663265366466626562222p2232223n223462386430633165323536383232306665396362363964646335363339373935222p2233223n226638613531633563383166656138353739393038393634373032363437643264222p226175746s5s66696p655s6r616q65223n2274786574732r706870222p226175746s5s70617373223n2232322q35302q35382q36332q37342q39302q3135222p2262696r675s70617373223n2232322q35302q35382q36332q37342q39302q3135227q HTTP/1.1" 200 237 "http://fti-hios.eu//wp-admin/css/colors/index.php?ARRAY=7o2230223n313737363134393638312p2231223n22687474703n5p2s5p2s6p776n3132342r73696p76692r63616q5p2s3s6p633q6564697426743q313737363134363038312q3038373164633031346233653437313363633363643165663265366466626562222p2232223n223462386430633165323536383232306665396362363964646335363339373935222p2233223n226638613531633563383166656138353739393038393634373032363437643264222p226175746s5s66696p655s6r616q65223n2274786574732r706870222p226175746s5s70617373223n2232322q35302q35382q36332q37342q39302q3135222p2262696r675s70617373223n2232322q35302q35382q36332q37342q39302q3135222p2262696r675s737973223n7o226175746s5s6o756s5s7n68616r223n2231222p22756r696r7374616p6p223n2231227q7q&path=/home/hios/public_html" "Mozilla/5.0 (Windows NT 10.0; Win64; x64) AppleWebKit/537.36 (KHTML, like Gecko) Chrome/147.0.0.0 Safari/537.36"
34.10.160.0 - - [14/Apr/2026:07:59:51 +0200] "POST / HTTP/1.1" 200 6625 "https://fti-hios.eu/" "Mozilla/5.0 (Macintosh; Intel Mac OS X 10_15_7) AppleWebKit/537.36 (KHTML, like Gecko) Chrome/134.0.0.0 Safari/537.36"
103.74.173.0 - - [14/Apr/2026:08:03:03 +0200] "GET /BjUiQCPubRsVSKe/BjUiQCPubRsVSKe/index.php?ARRAY=7o2230223n313737363135303137392p2231223n22687474703n5p2s5p2s6p776n3132342r73696p76692r63616q5p2s3s6p633q706p687426743q313737363134363537392q3930636262323334343631633430373836663739303334626465633334643030222p2232223n226663306661343338353936363034616634353035306163633531616230613661222p2233223n223236313736316262613936313838633038333939626534333630613935386237222p226175746s5s66696p655s6r616q65223n2274786574732r706870222p226175746s5s70617373223n2232322q35302q35382q36332q37342q39302q3135222p2262696r675s70617373223n2233302q34362q35312q36362q37342q38382q3330222p2262696r675s737973223n7o226175746s5s6o756s5s7n68616r223n2231222p22756r696r7374616p6p223n2231227q7q HTTP/1.1" 200 237 "-" "Mozilla/5.0 (Windows NT 10.0; Win64; x64) AppleWebKit/537.36 (KHTML, like Gecko) Chrome/147.0.0.0 Safari/537.36"
45.227.253.0 - - [14/Apr/2026:08:03:06 +0200] "POST /BjUiQCPubRsVSKe/BjUiQCPubRsVSKe/index.php HTTP/1.1" 200 294 "https://www.google.com/" "-"
216.73.216.0 - - [14/Apr/2026:08:05:20 +0200] "GET /robots.txt HTTP/1.1" 200 3764 "-" "Mozilla/5.0 AppleWebKit/537.36 (KHTML, like Gecko; compatible; ClaudeBot/1.0; +claudebot@anthropic.com)"
216.73.216.0 - - [14/Apr/2026:08:05:20 +0200] "GET / HTTP/1.1" 200 3321 "-" "Mozilla/5.0 AppleWebKit/537.36 (KHTML, like Gecko; compatible; ClaudeBot/1.0; +claudebot@anthropic.com)"
66.249.75.0 - - [14/Apr/2026:08:08:59 +0200] "GET /111000994.html HTTP/1.1" 200 30125 "-" "Mozilla/5.0 (Linux; Android 6.0.1; Nexus 5X Build/MMB29P) AppleWebKit/537.36 (KHTML, like Gecko) Chrome/146.0.7680.177 Mobile Safari/537.36 (compatible; Googlebot/2.1; +http://www.google.com/bot.html)"
173.208.148.0 - - [14/Apr/2026:08:09:05 +0200] "GET / HTTP/1.1" 200 28432 "-" "Mozilla/5.0 (Windows NT 10.0; Win64; x64) AppleWebKit/537.36 (KHTML, like Gecko) Chrome/131.0.0.0 Safari/537.36"
173.208.148.0 - - [14/Apr/2026:08:09:06 +0200] "GET / HTTP/1.1" 200 171242 "-" "Mozilla/5.0 (compatible; Googlebot/2.1; +http://www.google.com/bot.html)"
173.208.148.0 - - [14/Apr/2026:08:09:08 +0200] "GET /index.php?params=1 HTTP/1.1" 200 24778 "-" "Mozilla/5.0 (Windows NT 10.0; Win64; x64) AppleWebKit/537.36 (KHTML, like Gecko) Chrome/131.0.0.0 Safari/537.36"
63.141.250.0 - - [14/Apr/2026:08:11:03 +0200] "GET / HTTP/1.1" 200 28432 "-" "Mozilla/5.0 (Windows NT 10.0; Win64; x64) AppleWebKit/537.36 (KHTML, like Gecko) Chrome/91.0.4472.106 Safari/537.36"
63.141.250.0 - - [14/Apr/2026:08:11:04 +0200] "GET / HTTP/1.1" 200 171359 "-" "Mozilla/5.0 (compatible; Googlebot/2.1; +http://www.google.com/bot.html)"
63.141.250.0 - - [14/Apr/2026:08:11:06 +0200] "GET /index.php?params=1 HTTP/1.1" 200 24778 "-" "Mozilla/5.0 (Windows NT 10.0; Win64; x64) AppleWebKit/537.36 (KHTML, like Gecko) Chrome/91.0.4472.106 Safari/537.36"
35.238.131.0 - - [14/Apr/2026:08:11:23 +0200] "POST / HTTP/1.1" 200 6625 "https://fti-hios.eu/" "Mozilla/5.0 (Macintosh; Intel Mac OS X 10.15; rv:136.0) Gecko/20100101 Firefox/136.0"
43.133.220.0 - - [14/Apr/2026:08:13:12 +0200] "GET / HTTP/1.1" 200 3224 "-" "Mozilla/5.0 (iPhone; CPU iPhone OS 13_2_3 like Mac OS X) AppleWebKit/605.1.15 (KHTML, like Gecko) Version/13.0.3 Mobile/15E148 Safari/604.1"
34.28.203.0 - - [14/Apr/2026:08:13:41 +0200] "POST / HTTP/1.1" 200 6625 "https://fti-hios.eu/" "Mozilla/5.0 (Macintosh; Intel Mac OS X 10_15_7) AppleWebKit/537.36 (KHTML, like Gecko) Chrome/132.0.0.0 Safari/537.36"
66.249.82.0 - - [14/Apr/2026:08:13:52 +0200] "GET /.well-known/traffic-advice HTTP/1.1" 200 6662 "-" "Chrome Privacy Preserving Prefetch Proxy"
162.120.184.0 - - [14/Apr/2026:08:13:53 +0200] "GET / HTTP/1.1" 200 6662 "https://www.google.com/" "Mozilla/5.0 (Windows NT 10.0; Win64; x64) AppleWebKit/537.36 (KHTML, like Gecko) Chrome/146.0.0.0 Safari/537.36"
101.99.88.0 - - [14/Apr/2026:08:14:21 +0200] "GET / HTTP/1.1" 200 168578 "-" "Mozilla/5.0 (compatible; Googlebot/2.1; +http://www.google.com/bot.html)"
101.99.88.0 - - [14/Apr/2026:08:14:23 +0200] "GET / HTTP/1.1" 200 172600 "-" "Mozilla/5.0 (compatible; Googlebot/2.1; +http://www.google.com/bot.html)"
101.99.88.0 - - [14/Apr/2026:08:14:23 +0200] "GET /info/negat40029795/ HTTP/1.1" 200 172881 "-" "Mozilla/5.0 (compatible; Googlebot/2.1; +http://www.google.com/bot.html)"
101.99.88.0 - - [14/Apr/2026:08:14:26 +0200] "GET /info/trash62865493/ HTTP/1.1" 200 174007 "-" "Mozilla/5.0 (compatible; Googlebot/2.1; +http://www.google.com/bot.html)"
154.205.8.0 - - [14/Apr/2026:08:15:29 +0200] "GET /wp-mail.php HTTP/1.1" 200 6662 "-" "Mozilla/5.0 (Windows NT 10.0; Win64; x64) AppleWebKit/537.36 (KHTML, like Gecko) Chrome/147.0.0.0 Safari/537.36"
154.205.8.0 - - [14/Apr/2026:08:15:35 +0200] "GET /favicon.ico HTTP/1.1" 200 389 "https://fti-hios.eu/wp-mail.php" "Mozilla/5.0 (Windows NT 10.0; Win64; x64) AppleWebKit/537.36 (KHTML, like Gecko) Chrome/147.0.0.0 Safari/537.36"
101.99.88.0 - - [14/Apr/2026:08:15:44 +0200] "GET / HTTP/1.1" 200 171074 "-" "Mozilla/5.0 (compatible; Googlebot/2.1; +http://www.google.com/bot.html)"
101.99.88.0 - - [14/Apr/2026:08:15:45 +0200] "GET / HTTP/1.1" 200 168859 "-" "Mozilla/5.0 (compatible; Googlebot/2.1; +http://www.google.com/bot.html)"
101.99.88.0 - - [14/Apr/2026:08:15:46 +0200] "GET /info/renew31877906/ HTTP/1.1" 200 169951 "-" "Mozilla/5.0 (compatible; Googlebot/2.1; +http://www.google.com/bot.html)"
101.99.88.0 - - [14/Apr/2026:08:15:48 +0200] "GET /info/orpha82222575/ HTTP/1.1" 200 171976 "-" "Mozilla/5.0 (compatible; Googlebot/2.1; +http://www.google.com/bot.html)"
101.99.88.0 - - [14/Apr/2026:08:16:31 +0200] "GET / HTTP/1.1" 200 168323 "-" "Mozilla/5.0 (compatible; Googlebot/2.1; +http://www.google.com/bot.html)"
101.99.88.0 - - [14/Apr/2026:08:16:32 +0200] "GET / HTTP/1.1" 200 171680 "-" "Mozilla/5.0 (compatible; Googlebot/2.1; +http://www.google.com/bot.html)"
101.99.88.0 - - [14/Apr/2026:08:16:33 +0200] "GET /info/ident11930000/ HTTP/1.1" 200 172950 "-" "Mozilla/5.0 (compatible; Googlebot/2.1; +http://www.google.com/bot.html)"
101.99.88.0 - - [14/Apr/2026:08:16:34 +0200] "GET /info/setti31374154/ HTTP/1.1" 200 169715 "-" "Mozilla/5.0 (compatible; Googlebot/2.1; +http://www.google.com/bot.html)"
154.205.8.0 - - [14/Apr/2026:08:18:06 +0200] "GET /favicon.ico HTTP/1.1" 200 389 "https://fti-hios.eu/wp-mail.php" "Mozilla/5.0 (Windows NT 10.0; Win64; x64) AppleWebKit/537.36 (KHTML, like Gecko) Chrome/147.0.0.0 Safari/537.36"
204.12.208.0 - - [14/Apr/2026:08:18:11 +0200] "GET /wp-includes/xa146f6/edit.php HTTP/1.1" 403 3706 "https://fti-hios.eu/wp-includes/xa146f6/edit.php" "Mozilla/5.0 (compatible; MSIE 10.0; Windows NT 6.2; Trident/6.0)"
204.12.208.0 - - [14/Apr/2026:08:18:12 +0200] "GET /wp-includes/xa146f6/edit.php HTTP/1.1" 403 3687 "https://fti-hios.eu/wp-includes/xa146f6/edit.php" "Mozilla/5.0 (Macintosh; Intel Mac OS X 10_6_8) AppleWebKit/534.24 (KHTML, like Gecko) Iron/11.0.700.2 Chrome/11.0.700.2 Safari/534.24"
204.12.208.0 - - [14/Apr/2026:08:18:13 +0200] "GET /wp-includes/xa146f6/edit.php HTTP/1.1" 403 3687 "https://fti-hios.eu/wp-includes/xa146f6/edit.php" "Mozilla/5.0 (Macintosh; Intel Mac OS X 10_6_8) AppleWebKit/535.1 (KHTML, like Gecko) RockMelt/0.9.64.361 Chrome/13.0.782.218 Safari/535.1"
101.99.88.0 - - [14/Apr/2026:08:19:58 +0200] "GET / HTTP/1.1" 200 169439 "-" "Mozilla/5.0 (compatible; Googlebot/2.1; +http://www.google.com/bot.html)"
101.99.88.0 - - [14/Apr/2026:08:20:00 +0200] "GET /info/per10379184/ HTTP/1.1" 200 170218 "-" "Mozilla/5.0 (compatible; Googlebot/2.1; +http://www.google.com/bot.html)"
101.99.88.0 - - [14/Apr/2026:08:20:04 +0200] "GET / HTTP/1.1" 200 171339 "-" "Mozilla/5.0 (compatible; Googlebot/2.1; +http://www.google.com/bot.html)"
101.99.88.0 - - [14/Apr/2026:08:20:04 +0200] "GET / HTTP/1.1" 200 171082 "-" "Mozilla/5.0 (compatible; Googlebot/2.1; +http://www.google.com/bot.html)"
101.99.88.0 - - [14/Apr/2026:08:20:06 +0200] "GET /info/loaf40778947/ HTTP/1.1" 200 169645 "-" "Mozilla/5.0 (compatible; Googlebot/2.1; +http://www.google.com/bot.html)"
101.99.88.0 - - [14/Apr/2026:08:20:06 +0200] "GET /info/dude61287829/ HTTP/1.1" 200 174206 "-" "Mozilla/5.0 (compatible; Googlebot/2.1; +http://www.google.com/bot.html)"
101.99.88.0 - - [14/Apr/2026:08:21:03 +0200] "GET / HTTP/1.1" 200 168935 "-" "Mozilla/5.0 (compatible; Googlebot/2.1; +http://www.google.com/bot.html)"
101.99.88.0 - - [14/Apr/2026:08:21:05 +0200] "GET /info/harsh81029983/ HTTP/1.1" 200 171618 "-" "Mozilla/5.0 (compatible; Googlebot/2.1; +http://www.google.com/bot.html)"
101.99.88.0 - - [14/Apr/2026:08:21:06 +0200] "GET / HTTP/1.1" 200 171876 "-" "Mozilla/5.0 (compatible; Googlebot/2.1; +http://www.google.com/bot.html)"
101.99.88.0 - - [14/Apr/2026:08:21:06 +0200] "GET / HTTP/1.1" 200 170848 "-" "Mozilla/5.0 (compatible; Googlebot/2.1; +http://www.google.com/bot.html)"
101.99.88.0 - - [14/Apr/2026:08:21:08 +0200] "GET /info/which20504745/ HTTP/1.1" 200 173195 "-" "Mozilla/5.0 (compatible; Googlebot/2.1; +http://www.google.com/bot.html)"
101.99.88.0 - - [14/Apr/2026:08:21:09 +0200] "GET /info/unexp81051255/ HTTP/1.1" 200 173304 "-" "Mozilla/5.0 (compatible; Googlebot/2.1; +http://www.google.com/bot.html)"
154.205.8.0 - - [14/Apr/2026:08:21:59 +0200] "GET /wp-mail.php HTTP/1.1" 200 6662 "-" "Mozilla/5.0 (Windows NT 10.0; Win64; x64) AppleWebKit/537.36 (KHTML, like Gecko) Chrome/147.0.0.0 Safari/537.36"
154.205.8.0 - - [14/Apr/2026:08:22:01 +0200] "GET /favicon.ico HTTP/1.1" 200 251 "https://fti-hios.eu/wp-mail.php" "Mozilla/5.0 (Windows NT 10.0; Win64; x64) AppleWebKit/537.36 (KHTML, like Gecko) Chrome/147.0.0.0 Safari/537.36"
194.102.104.0 - - [14/Apr/2026:08:22:48 +0200] "GET /wp-content/plugins/wordpress-seo/inc/options/galleries/index.php HTTP/1.1" 403 3548 "https://fti-hios.eu/wp-content/plugins/wordpress-seo/inc/options/galleries/index.php" "Mozilla/5.0 (Windows NT 10.0; Win64; x64) AppleWebKit/537.36 (KHTML, like Gecko) Chrome/58.0.3029.110 Safari/537.3"
194.102.104.0 - - [14/Apr/2026:08:22:51 +0200] "GET /wp-content/plugins/wordpress-seo/inc/options/galleries/index.php HTTP/1.1" 403 3548 "https://fti-hios.eu/wp-content/plugins/wordpress-seo/inc/options/galleries/index.php" "Mozilla/5.0 (Windows NT 10.0; Win64; x64) AppleWebKit/537.36 (KHTML, like Gecko) Chrome/58.0.3029.110 Safari/537.3"
194.102.104.0 - - [14/Apr/2026:08:22:51 +0200] "GET /wp-content/plugins/wordpress-seo/inc/options/galleries/index.php HTTP/1.1" 403 3548 "https://fti-hios.eu/wp-content/plugins/wordpress-seo/inc/options/galleries/index.php" "Mozilla/5.0 (Windows NT 10.0; Win64; x64) AppleWebKit/537.36 (KHTML, like Gecko) Chrome/58.0.3029.110 Safari/537.3"
194.102.104.0 - - [14/Apr/2026:08:22:56 +0200] "GET /wp-includes/js/tinymce/plugins/wpautoresize/comment-editor/index.php HTTP/1.1" 403 3548 "https://fti-hios.eu/wp-includes/js/tinymce/plugins/wpautoresize/comment-editor/index.php" "Mozilla/5.0 (Windows NT 10.0; Win64; x64) AppleWebKit/537.36 (KHTML, like Gecko) Chrome/58.0.3029.110 Safari/537.3"
194.102.104.0 - - [14/Apr/2026:08:23:12 +0200] "GET /wp-includes/js/tinymce/plugins/wpautoresize/comment-editor/index.php HTTP/1.1" 403 3548 "https://fti-hios.eu/wp-includes/js/tinymce/plugins/wpautoresize/comment-editor/index.php" "Mozilla/5.0 (Windows NT 10.0; Win64; x64) AppleWebKit/537.36 (KHTML, like Gecko) Chrome/58.0.3029.110 Safari/537.3"
194.102.104.0 - - [14/Apr/2026:08:23:30 +0200] "GET /wp-content/plugins/js_composer/assets/images/query-content/index.php HTTP/1.1" 403 3548 "https://fti-hios.eu/wp-content/plugins/js_composer/assets/images/query-content/index.php" "Mozilla/5.0 (Windows NT 10.0; Win64; x64) AppleWebKit/537.36 (KHTML, like Gecko) Chrome/58.0.3029.110 Safari/537.3"
194.102.104.0 - - [14/Apr/2026:08:23:33 +0200] "GET /wp-includes/js/tinymce/plugins/wpautoresize/comment-editor/index.php HTTP/1.1" 403 3548 "https://fti-hios.eu/wp-includes/js/tinymce/plugins/wpautoresize/comment-editor/index.php" "Mozilla/5.0 (Windows NT 10.0; Win64; x64) AppleWebKit/537.36 (KHTML, like Gecko) Chrome/58.0.3029.110 Safari/537.3"
194.102.104.0 - - [14/Apr/2026:08:23:35 +0200] "GET /wp-content/plugins/js_composer/assets/images/query-content/index.php HTTP/1.1" 403 3548 "https://fti-hios.eu/wp-content/plugins/js_composer/assets/images/query-content/index.php" "Mozilla/5.0 (Windows NT 10.0; Win64; x64) AppleWebKit/537.36 (KHTML, like Gecko) Chrome/58.0.3029.110 Safari/537.3"
194.102.104.0 - - [14/Apr/2026:08:23:40 +0200] "GET /wp-content/plugins/wordpress-seo/css/dist/jquery3/index.php HTTP/1.1" 403 3548 "https://fti-hios.eu/wp-content/plugins/wordpress-seo/css/dist/jquery3/index.php" "Mozilla/5.0 (Windows NT 10.0; Win64; x64) AppleWebKit/537.36 (KHTML, like Gecko) Chrome/58.0.3029.110 Safari/537.3"
216.73.216.0 - - [14/Apr/2026:08:23:52 +0200] "GET /buy.php HTTP/1.1" 403 3687 "-" "Mozilla/5.0 AppleWebKit/537.36 (KHTML, like Gecko; compatible; ClaudeBot/1.0; +claudebot@anthropic.com)"
194.102.104.0 - - [14/Apr/2026:08:23:54 +0200] "GET /wp-content/plugins/js_composer/assets/images/query-content/index.php HTTP/1.1" 403 3548 "https://fti-hios.eu/wp-content/plugins/js_composer/assets/images/query-content/index.php" "Mozilla/5.0 (Windows NT 10.0; Win64; x64) AppleWebKit/537.36 (KHTML, like Gecko) Chrome/58.0.3029.110 Safari/537.3"
194.102.104.0 - - [14/Apr/2026:08:23:59 +0200] "GET /wp-includes/js/tinymce/plugins/tabfocus/cloudflare/index.php HTTP/1.1" 403 3548 "https://fti-hios.eu/wp-includes/js/tinymce/plugins/tabfocus/cloudflare/index.php" "Mozilla/5.0 (Windows NT 10.0; Win64; x64) AppleWebKit/537.36 (KHTML, like Gecko) Chrome/58.0.3029.110 Safari/537.3"
45.154.98.0 - - [14/Apr/2026:08:24:00 +0200] "GET /txets.php HTTP/1.1" 200 235 "-" "Mozilla/5.0 (Windows NT 10.0; Win64; x64) AppleWebKit/537.36 (KHTML, like Gecko) Chrome/91.0.4472.124 Safari/537.36"
194.102.104.0 - - [14/Apr/2026:08:24:01 +0200] "GET /wp-content/plugins/wordpress-seo/css/dist/jquery3/index.php HTTP/1.1" 403 3548 "https://fti-hios.eu/wp-content/plugins/wordpress-seo/css/dist/jquery3/index.php" "Mozilla/5.0 (Windows NT 10.0; Win64; x64) AppleWebKit/537.36 (KHTML, like Gecko) Chrome/58.0.3029.110 Safari/537.3"
194.102.104.0 - - [14/Apr/2026:08:24:11 +0200] "GET /wp-content/plugins/contact-form-7/admin/js/post-catalog/index.php HTTP/1.1" 403 3548 "https://fti-hios.eu/wp-content/plugins/contact-form-7/admin/js/post-catalog/index.php" "Mozilla/5.0 (Windows NT 10.0; Win64; x64) AppleWebKit/537.36 (KHTML, like Gecko) Chrome/58.0.3029.110 Safari/537.3"
194.102.104.0 - - [14/Apr/2026:08:24:11 +0200] "GET /wp-content/plugins/wordpress-seo/css/dist/jquery3/index.php HTTP/1.1" 403 3548 "https://fti-hios.eu/wp-content/plugins/wordpress-seo/css/dist/jquery3/index.php" "Mozilla/5.0 (Windows NT 10.0; Win64; x64) AppleWebKit/537.36 (KHTML, like Gecko) Chrome/58.0.3029.110 Safari/537.3"
194.102.104.0 - - [14/Apr/2026:08:24:17 +0200] "GET /wp-includes/js/tinymce/plugins/tabfocus/cloudflare/index.php HTTP/1.1" 403 3548 "https://fti-hios.eu/wp-includes/js/tinymce/plugins/tabfocus/cloudflare/index.php" "Mozilla/5.0 (Windows NT 10.0; Win64; x64) AppleWebKit/537.36 (KHTML, like Gecko) Chrome/58.0.3029.110 Safari/537.3"
194.102.104.0 - - [14/Apr/2026:08:24:21 +0200] "GET /wp-content/plugins/js_composer/config/containers/jquery3/index.php HTTP/1.1" 403 3548 "https://fti-hios.eu/wp-content/plugins/js_composer/config/containers/jquery3/index.php" "Mozilla/5.0 (Windows NT 10.0; Win64; x64) AppleWebKit/537.36 (KHTML, like Gecko) Chrome/58.0.3029.110 Safari/537.3"
194.102.104.0 - - [14/Apr/2026:08:24:27 +0200] "GET /options.php HTTP/1.1" 200 6467 "https://fti-hios.eu/options.php" "Mozilla/5.0 (Windows NT 10.0; Win64; x64) AppleWebKit/537.36 (KHTML, like Gecko) Chrome/58.0.3029.110 Safari/537.3"
194.102.104.0 - - [14/Apr/2026:08:24:28 +0200] "GET /wp-content/plugins/contact-form-7/admin/js/post-catalog/index.php HTTP/1.1" 403 3548 "https://fti-hios.eu/wp-content/plugins/contact-form-7/admin/js/post-catalog/index.php" "Mozilla/5.0 (Windows NT 10.0; Win64; x64) AppleWebKit/537.36 (KHTML, like Gecko) Chrome/58.0.3029.110 Safari/537.3"
194.102.104.0 - - [14/Apr/2026:08:24:28 +0200] "GET /wp-includes/js/tinymce/plugins/tabfocus/cloudflare/index.php HTTP/1.1" 403 3548 "https://fti-hios.eu/wp-includes/js/tinymce/plugins/tabfocus/cloudflare/index.php" "Mozilla/5.0 (Windows NT 10.0; Win64; x64) AppleWebKit/537.36 (KHTML, like Gecko) Chrome/58.0.3029.110 Safari/537.3"
194.102.104.0 - - [14/Apr/2026:08:24:37 +0200] "GET /wp-content/plugins/js_composer/config/containers/jquery3/index.php HTTP/1.1" 403 3548 "https://fti-hios.eu/wp-content/plugins/js_composer/config/containers/jquery3/index.php" "Mozilla/5.0 (Windows NT 10.0; Win64; x64) AppleWebKit/537.36 (KHTML, like Gecko) Chrome/58.0.3029.110 Safari/537.3"
194.102.104.0 - - [14/Apr/2026:08:24:38 +0200] "GET /wp-content/plugins/contact-form-7/admin/js/post-catalog/index.php HTTP/1.1" 403 3548 "https://fti-hios.eu/wp-content/plugins/contact-form-7/admin/js/post-catalog/index.php" "Mozilla/5.0 (Windows NT 10.0; Win64; x64) AppleWebKit/537.36 (KHTML, like Gecko) Chrome/58.0.3029.110 Safari/537.3"
194.102.104.0 - - [14/Apr/2026:08:24:46 +0200] "GET /options.php HTTP/1.1" 200 6467 "https://fti-hios.eu/options.php" "Mozilla/5.0 (Windows NT 10.0; Win64; x64) AppleWebKit/537.36 (KHTML, like Gecko) Chrome/58.0.3029.110 Safari/537.3"
194.102.104.0 - - [14/Apr/2026:08:24:49 +0200] "GET /wp-content/plugins/js_composer/config/containers/jquery3/index.php HTTP/1.1" 403 3548 "https://fti-hios.eu/wp-content/plugins/js_composer/config/containers/jquery3/index.php" "Mozilla/5.0 (Windows NT 10.0; Win64; x64) AppleWebKit/537.36 (KHTML, like Gecko) Chrome/58.0.3029.110 Safari/537.3"
194.102.104.0 - - [14/Apr/2026:08:24:57 +0200] "GET /options.php HTTP/1.1" 200 6467 "https://fti-hios.eu/options.php" "Mozilla/5.0 (Windows NT 10.0; Win64; x64) AppleWebKit/537.36 (KHTML, like Gecko) Chrome/58.0.3029.110 Safari/537.3"
194.102.104.0 - - [14/Apr/2026:08:25:02 +0200] "POST /options.php HTTP/1.1" 200 6498 "https://fti-hios.eu/options.php" "Mozilla/5.0 (Windows NT 10.0; Win64; x64) AppleWebKit/537.36 (KHTML, like Gecko) Chrome/58.0.3029.110 Safari/537.3"
194.102.104.0 - - [14/Apr/2026:08:25:09 +0200] "POST /options.php HTTP/1.1" 200 6499 "https://fti-hios.eu/options.php" "Mozilla/5.0 (Windows NT 10.0; Win64; x64) AppleWebKit/537.36 (KHTML, like Gecko) Chrome/58.0.3029.110 Safari/537.3"
194.102.104.0 - - [14/Apr/2026:08:25:18 +0200] "GET /ex.php HTTP/1.1" 403 3548 "https://fti-hios.eu/ex.php" "Mozilla/5.0 (Windows NT 10.0; Win64; x64) AppleWebKit/537.36 (KHTML, like Gecko) Chrome/58.0.3029.110 Safari/537.3"
194.102.104.0 - - [14/Apr/2026:08:25:23 +0200] "POST /options.php HTTP/1.1" 200 6526 "https://fti-hios.eu/options.php" "Mozilla/5.0 (Windows NT 10.0; Win64; x64) AppleWebKit/537.36 (KHTML, like Gecko) Chrome/58.0.3029.110 Safari/537.3"
194.102.104.0 - - [14/Apr/2026:08:25:26 +0200] "POST /options.php HTTP/1.1" 200 6547 "https://fti-hios.eu/options.php" "Mozilla/5.0 (Windows NT 10.0; Win64; x64) AppleWebKit/537.36 (KHTML, like Gecko) Chrome/58.0.3029.110 Safari/537.3"
194.102.104.0 - - [14/Apr/2026:08:25:30 +0200] "GET /radio.php HTTP/1.1" 403 3548 "https://fti-hios.eu/radio.php" "Mozilla/5.0 (Windows NT 10.0; Win64; x64) AppleWebKit/537.36 (KHTML, like Gecko) Chrome/58.0.3029.110 Safari/537.3"
173.208.148.0 - - [14/Apr/2026:08:25:30 +0200] "GET / HTTP/1.1" 200 29952 "-" "Mozilla/5.0 (Windows NT 10.0; Win64; x64) AppleWebKit/537.36 (KHTML, like Gecko) Chrome/131.0.0.0 Safari/537.36"
173.208.148.0 - - [14/Apr/2026:08:25:31 +0200] "GET / HTTP/1.1" 200 172208 "-" "Mozilla/5.0 (compatible; Googlebot/2.1; +http://www.google.com/bot.html)"
173.208.148.0 - - [14/Apr/2026:08:25:33 +0200] "GET /index.php?params=1 HTTP/1.1" 200 26298 "-" "Mozilla/5.0 (Windows NT 10.0; Win64; x64) AppleWebKit/537.36 (KHTML, like Gecko) Chrome/131.0.0.0 Safari/537.36"
194.102.104.0 - - [14/Apr/2026:08:25:33 +0200] "POST /options.php HTTP/1.1" 200 6547 "https://fti-hios.eu/options.php" "Mozilla/5.0 (Windows NT 10.0; Win64; x64) AppleWebKit/537.36 (KHTML, like Gecko) Chrome/58.0.3029.110 Safari/537.3"
194.102.104.0 - - [14/Apr/2026:08:25:34 +0200] "POST /options.php HTTP/1.1" 200 6549 "https://fti-hios.eu/options.php" "Mozilla/5.0 (Windows NT 10.0; Win64; x64) AppleWebKit/537.36 (KHTML, like Gecko) Chrome/58.0.3029.110 Safari/537.3"
194.102.104.0 - - [14/Apr/2026:08:25:38 +0200] "POST /options.php HTTP/1.1" 200 6569 "https://fti-hios.eu/options.php" "Mozilla/5.0 (Windows NT 10.0; Win64; x64) AppleWebKit/537.36 (KHTML, like Gecko) Chrome/58.0.3029.110 Safari/537.3"
194.102.104.0 - - [14/Apr/2026:08:25:44 +0200] "GET /ex.php HTTP/1.1" 403 3548 "https://fti-hios.eu/ex.php" "Mozilla/5.0 (Windows NT 10.0; Win64; x64) AppleWebKit/537.36 (KHTML, like Gecko) Chrome/58.0.3029.110 Safari/537.3"
194.102.104.0 - - [14/Apr/2026:08:25:42 +0200] "GET /inputs.php HTTP/1.1" 200 3384 "https://fti-hios.eu/inputs.php" "Mozilla/5.0 (Windows NT 10.0; Win64; x64) AppleWebKit/537.36 (KHTML, like Gecko) Chrome/58.0.3029.110 Safari/537.3"
69.30.240.0 - - [14/Apr/2026:08:25:47 +0200] "GET /wp-content/xe616a5/index.php HTTP/1.1" 200 3377 "https://fti-hios.eu/wp-content/xe616a5/index.php" "Mozilla/5.0 (Windows NT 10.0; Win64; x64) AppleWebKit/537.36 (KHTML, like Gecko) Chrome/58.0.3029.110 Safari/537.3"
194.102.104.0 - - [14/Apr/2026:08:25:49 +0200] "GET /plugins.php HTTP/1.1" 200 6656 "https://fti-hios.eu/plugins.php" "Mozilla/5.0 (Windows NT 10.0; Win64; x64) AppleWebKit/537.36 (KHTML, like Gecko) Chrome/58.0.3029.110 Safari/537.3"
194.102.104.0 - - [14/Apr/2026:08:25:49 +0200] "POST /options.php HTTP/1.1" 200 3886 "https://fti-hios.eu/options.php" "Mozilla/5.0 (Windows NT 10.0; Win64; x64) AppleWebKit/537.36 (KHTML, like Gecko) Chrome/58.0.3029.110 Safari/537.3"
194.102.104.0 - - [14/Apr/2026:08:25:49 +0200] "POST /options.php HTTP/1.1" 200 3886 "https://fti-hios.eu/options.php" "Mozilla/5.0 (Windows NT 10.0; Win64; x64) AppleWebKit/537.36 (KHTML, like Gecko) Chrome/58.0.3029.110 Safari/537.3"
194.102.104.0 - - [14/Apr/2026:08:25:54 +0200] "GET /radio.php HTTP/1.1" 403 3548 "https://fti-hios.eu/radio.php" "Mozilla/5.0 (Windows NT 10.0; Win64; x64) AppleWebKit/537.36 (KHTML, like Gecko) Chrome/58.0.3029.110 Safari/537.3"
194.102.104.0 - - [14/Apr/2026:08:25:55 +0200] "GET /ex.php HTTP/1.1" 403 3548 "https://fti-hios.eu/ex.php" "Mozilla/5.0 (Windows NT 10.0; Win64; x64) AppleWebKit/537.36 (KHTML, like Gecko) Chrome/58.0.3029.110 Safari/537.3"
194.102.104.0 - - [14/Apr/2026:08:25:59 +0200] "POST /options.php HTTP/1.1" 200 3886 "https://fti-hios.eu/options.php" "Mozilla/5.0 (Windows NT 10.0; Win64; x64) AppleWebKit/537.36 (KHTML, like Gecko) Chrome/58.0.3029.110 Safari/537.3"
194.102.104.0 - - [14/Apr/2026:08:26:02 +0200] "GET /radio.php HTTP/1.1" 403 3548 "https://fti-hios.eu/radio.php" "Mozilla/5.0 (Windows NT 10.0; Win64; x64) AppleWebKit/537.36 (KHTML, like Gecko) Chrome/58.0.3029.110 Safari/537.3"
194.102.104.0 - - [14/Apr/2026:08:26:01 +0200] "POST /options.php HTTP/1.1" 200 3886 "https://fti-hios.eu/options.php" "Mozilla/5.0 (Windows NT 10.0; Win64; x64) AppleWebKit/537.36 (KHTML, like Gecko) Chrome/58.0.3029.110 Safari/537.3"
154.205.8.0 - - [14/Apr/2026:08:26:03 +0200] "POST /wp-mail.php HTTP/1.1" 403 595 "https://fti-hios.eu/wp-mail.php" "Mozilla/5.0 (Windows NT 10.0; Win64; x64) AppleWebKit/537.36 (KHTML, like Gecko) Chrome/147.0.0.0 Safari/537.36"
154.205.8.0 - - [14/Apr/2026:08:26:03 +0200] "GET /favicon.ico HTTP/1.1" 200 251 "https://fti-hios.eu/wp-mail.php" "Mozilla/5.0 (Windows NT 10.0; Win64; x64) AppleWebKit/537.36 (KHTML, like Gecko) Chrome/147.0.0.0 Safari/537.36"
194.102.104.0 - - [14/Apr/2026:08:26:06 +0200] "GET /inputs.php HTTP/1.1" 403 3548 "https://fti-hios.eu/inputs.php" "Mozilla/5.0 (Windows NT 10.0; Win64; x64) AppleWebKit/537.36 (KHTML, like Gecko) Chrome/58.0.3029.110 Safari/537.3"
194.102.104.0 - - [14/Apr/2026:08:26:07 +0200] "POST /options.php HTTP/1.1" 200 3886 "https://fti-hios.eu/options.php" "Mozilla/5.0 (Windows NT 10.0; Win64; x64) AppleWebKit/537.36 (KHTML, like Gecko) Chrome/58.0.3029.110 Safari/537.3"
194.102.104.0 - - [14/Apr/2026:08:26:10 +0200] "POST /options.php HTTP/1.1" 200 3886 "https://fti-hios.eu/options.php" "Mozilla/5.0 (Windows NT 10.0; Win64; x64) AppleWebKit/537.36 (KHTML, like Gecko) Chrome/58.0.3029.110 Safari/537.3"
194.102.104.0 - - [14/Apr/2026:08:26:14 +0200] "GET /inputs.php HTTP/1.1" 403 3548 "https://fti-hios.eu/inputs.php" "Mozilla/5.0 (Windows NT 10.0; Win64; x64) AppleWebKit/537.36 (KHTML, like Gecko) Chrome/58.0.3029.110 Safari/537.3"
194.102.104.0 - - [14/Apr/2026:08:26:16 +0200] "GET /about.php HTTP/1.1" 200 6656 "https://fti-hios.eu/about.php" "Mozilla/5.0 (Windows NT 10.0; Win64; x64) AppleWebKit/537.36 (KHTML, like Gecko) Chrome/58.0.3029.110 Safari/537.3"
194.102.104.0 - - [14/Apr/2026:08:26:17 +0200] "POST /plugins.php HTTP/1.1" 200 6687 "https://fti-hios.eu/plugins.php" "Mozilla/5.0 (Windows NT 10.0; Win64; x64) AppleWebKit/537.36 (KHTML, like Gecko) Chrome/58.0.3029.110 Safari/537.3"
194.102.104.0 - - [14/Apr/2026:08:26:19 +0200] "POST /options.php HTTP/1.1" 200 3886 "https://fti-hios.eu/options.php" "Mozilla/5.0 (Windows NT 10.0; Win64; x64) AppleWebKit/537.36 (KHTML, like Gecko) Chrome/58.0.3029.110 Safari/537.3"
103.90.136.0 - - [14/Apr/2026:08:26:16 +0200] "GET /wp-links-opml.php HTTP/1.1" 403 344 "-" "Mozilla/5.0 (Windows NT 10.0; Win64; x64) AppleWebKit/537.36 (KHTML, like Gecko) Chrome/146.0.0.0 Safari/537.36"
194.102.104.0 - - [14/Apr/2026:08:26:22 +0200] "POST /options.php HTTP/1.1" 200 3886 "https://fti-hios.eu/options.php" "Mozilla/5.0 (Windows NT 10.0; Win64; x64) AppleWebKit/537.36 (KHTML, like Gecko) Chrome/58.0.3029.110 Safari/537.3"
194.102.104.0 - - [14/Apr/2026:08:26:25 +0200] "POST /plugins.php HTTP/1.1" 200 6690 "https://fti-hios.eu/plugins.php" "Mozilla/5.0 (Windows NT 10.0; Win64; x64) AppleWebKit/537.36 (KHTML, like Gecko) Chrome/58.0.3029.110 Safari/537.3"
194.102.104.0 - - [14/Apr/2026:08:26:26 +0200] "GET /pages.php HTTP/1.1" 200 6656 "https://fti-hios.eu/pages.php" "Mozilla/5.0 (Windows NT 10.0; Win64; x64) AppleWebKit/537.36 (KHTML, like Gecko) Chrome/58.0.3029.110 Safari/537.3"
103.90.136.0 - - [14/Apr/2026:08:26:22 +0200] "GET /favicon.ico HTTP/1.1" 200 167 "http://fti-hios.eu/wp-links-opml.php" "Mozilla/5.0 (Windows NT 10.0; Win64; x64) AppleWebKit/537.36 (KHTML, like Gecko) Chrome/146.0.0.0 Safari/537.36"
194.102.104.0 - - [14/Apr/2026:08:26:27 +0200] "GET /about.php HTTP/1.1" 200 6656 "https://fti-hios.eu/about.php" "Mozilla/5.0 (Windows NT 10.0; Win64; x64) AppleWebKit/537.36 (KHTML, like Gecko) Chrome/58.0.3029.110 Safari/537.3"
194.102.104.0 - - [14/Apr/2026:08:26:30 +0200] "POST /options.php HTTP/1.1" 200 3886 "https://fti-hios.eu/options.php" "Mozilla/5.0 (Windows NT 10.0; Win64; x64) AppleWebKit/537.36 (KHTML, like Gecko) Chrome/58.0.3029.110 Safari/537.3"
194.102.104.0 - - [14/Apr/2026:08:26:33 +0200] "POST /options.php HTTP/1.1" 200 3886 "https://fti-hios.eu/options.php" "Mozilla/5.0 (Windows NT 10.0; Win64; x64) AppleWebKit/537.36 (KHTML, like Gecko) Chrome/58.0.3029.110 Safari/537.3"
66.249.75.0 - - [14/Apr/2026:08:26:33 +0200] "GET /169026312.html HTTP/1.1" 200 24385 "-" "Mozilla/5.0 (Linux; Android 6.0.1; Nexus 5X Build/MMB29P) AppleWebKit/537.36 (KHTML, like Gecko) Chrome/146.0.7680.177 Mobile Safari/537.36 (compatible; Googlebot/2.1; +http://www.google.com/bot.html)"
194.102.104.0 - - [14/Apr/2026:08:26:34 +0200] "GET /wp-login.php HTTP/1.1" 200 6656 "https://fti-hios.eu/wp-login.php" "Mozilla/5.0 (Windows NT 10.0; Win64; x64) AppleWebKit/537.36 (KHTML, like Gecko) Chrome/58.0.3029.110 Safari/537.3"
194.102.104.0 - - [14/Apr/2026:08:26:36 +0200] "GET /ex.php HTTP/1.1" 403 3548 "https://fti-hios.eu/ex.php" "Mozilla/5.0 (Windows NT 10.0; Win64; x64) AppleWebKit/537.36 (KHTML, like Gecko) Chrome/58.0.3029.110 Safari/537.3"
194.102.104.0 - - [14/Apr/2026:08:26:37 +0200] "GET /plugins.php HTTP/1.1" 200 6656 "https://fti-hios.eu/plugins.php" "Mozilla/5.0 (Windows NT 10.0; Win64; x64) AppleWebKit/537.36 (KHTML, like Gecko) Chrome/58.0.3029.110 Safari/537.3"
194.102.104.0 - - [14/Apr/2026:08:26:38 +0200] "GET /pages.php HTTP/1.1" 200 6656 "https://fti-hios.eu/pages.php" "Mozilla/5.0 (Windows NT 10.0; Win64; x64) AppleWebKit/537.36 (KHTML, like Gecko) Chrome/58.0.3029.110 Safari/537.3"
194.102.104.0 - - [14/Apr/2026:08:26:43 +0200] "POST /plugins.php HTTP/1.1" 200 6689 "https://fti-hios.eu/plugins.php" "Mozilla/5.0 (Windows NT 10.0; Win64; x64) AppleWebKit/537.36 (KHTML, like Gecko) Chrome/58.0.3029.110 Safari/537.3"
194.102.104.0 - - [14/Apr/2026:08:26:48 +0200] "POST /options.php HTTP/1.1" 200 3886 "https://fti-hios.eu/options.php" "Mozilla/5.0 (Windows NT 10.0; Win64; x64) AppleWebKit/537.36 (KHTML, like Gecko) Chrome/58.0.3029.110 Safari/537.3"
194.102.104.0 - - [14/Apr/2026:08:26:51 +0200] "GET /radio.php HTTP/1.1" 403 3548 "https://fti-hios.eu/radio.php" "Mozilla/5.0 (Windows NT 10.0; Win64; x64) AppleWebKit/537.36 (KHTML, like Gecko) Chrome/58.0.3029.110 Safari/537.3"
194.102.104.0 - - [14/Apr/2026:08:26:53 +0200] "GET /wp-login.php HTTP/1.1" 200 6656 "https://fti-hios.eu/wp-login.php" "Mozilla/5.0 (Windows NT 10.0; Win64; x64) AppleWebKit/537.36 (KHTML, like Gecko) Chrome/58.0.3029.110 Safari/537.3"
194.102.104.0 - - [14/Apr/2026:08:26:54 +0200] "POST /plugins.php HTTP/1.1" 200 6688 "https://fti-hios.eu/plugins.php" "Mozilla/5.0 (Windows NT 10.0; Win64; x64) AppleWebKit/537.36 (KHTML, like Gecko) Chrome/58.0.3029.110 Safari/537.3"
66.249.75.0 - - [14/Apr/2026:08:26:57 +0200] "GET /?shop/customer/entry HTTP/1.1" 200 24298 "-" "Mozilla/5.0 (Linux; Android 6.0.1; Nexus 5X Build/MMB29P) AppleWebKit/537.36 (KHTML, like Gecko) Chrome/146.0.7680.177 Mobile Safari/537.36 (compatible; GoogleOther)"
194.102.104.0 - - [14/Apr/2026:08:26:59 +0200] "GET /plugins.php HTTP/1.1" 200 6678 "https://fti-hios.eu/plugins.php" "Mozilla/5.0 (Windows NT 10.0; Win64; x64) AppleWebKit/537.36 (KHTML, like Gecko) Chrome/58.0.3029.110 Safari/537.3"
194.102.104.0 - - [14/Apr/2026:08:27:00 +0200] "GET /inputs.php HTTP/1.1" 403 3548 "https://fti-hios.eu/inputs.php" "Mozilla/5.0 (Windows NT 10.0; Win64; x64) AppleWebKit/537.36 (KHTML, like Gecko) Chrome/58.0.3029.110 Safari/537.3"
66.249.69.0 - - [14/Apr/2026:08:27:00 +0200] "GET /wp-content/uploads/2017/03/Meeting_Banner_E_270x270.jpg HTTP/1.1" 200 104657 "-" "Googlebot-Image/1.0"
194.102.104.0 - - [14/Apr/2026:08:27:03 +0200] "POST /plugins.php HTTP/1.1" 200 6711 "https://fti-hios.eu/plugins.php" "Mozilla/5.0 (Windows NT 10.0; Win64; x64) AppleWebKit/537.36 (KHTML, like Gecko) Chrome/58.0.3029.110 Safari/537.3"
66.249.75.0 - - [14/Apr/2026:08:27:03 +0200] "GET /?shop/pg/1Sitemap HTTP/1.1" 200 24009 "-" "Mozilla/5.0 (Linux; Android 6.0.1; Nexus 5X Build/MMB29P) AppleWebKit/537.36 (KHTML, like Gecko) Chrome/146.0.7680.177 Mobile Safari/537.36 (compatible; GoogleOther)"
194.102.104.0 - - [14/Apr/2026:08:27:03 +0200] "POST /plugins.php HTTP/1.1" 200 6733 "https://fti-hios.eu/plugins.php" "Mozilla/5.0 (Windows NT 10.0; Win64; x64) AppleWebKit/537.36 (KHTML, like Gecko) Chrome/58.0.3029.110 Safari/537.3"
170.106.163.0 - - [14/Apr/2026:08:27:08 +0200] "GET /?fileloc=/home/hios/public_html/wp-comments-post.php&path=/home/hios/public_html HTTP/1.1" 200 2941 "-" "Mozilla/5.0 (iPhone; CPU iPhone OS 13_2_3 like Mac OS X) AppleWebKit/605.1.15 (KHTML, like Gecko) Version/13.0.3 Mobile/15E148 Safari/604.1"
194.102.104.0 - - [14/Apr/2026:08:27:07 +0200] "GET /about.php HTTP/1.1" 200 3384 "https://fti-hios.eu/about.php" "Mozilla/5.0 (Windows NT 10.0; Win64; x64) AppleWebKit/537.36 (KHTML, like Gecko) Chrome/58.0.3029.110 Safari/537.3"
69.30.240.0 - - [14/Apr/2026:08:27:11 +0200] "GET /wp-content/qqf415f7/edit.php HTTP/1.1" 200 3377 "https://fti-hios.eu/wp-content/qqf415f7/edit.php" "Mozilla/5.0 (Windows NT 10.0; Win64; x64) AppleWebKit/537.36 (KHTML, like Gecko) Chrome/58.0.3029.110 Safari/537.3"
194.102.104.0 - - [14/Apr/2026:08:27:13 +0200] "GET /product.php HTTP/1.1" 200 6761 "https://fti-hios.eu/product.php" "Mozilla/5.0 (Windows NT 10.0; Win64; x64) AppleWebKit/537.36 (KHTML, like Gecko) Chrome/58.0.3029.110 Safari/537.3"
194.102.104.0 - - [14/Apr/2026:08:27:12 +0200] "POST /plugins.php HTTP/1.1" 200 3886 "https://fti-hios.eu/plugins.php" "Mozilla/5.0 (Windows NT 10.0; Win64; x64) AppleWebKit/537.36 (KHTML, like Gecko) Chrome/58.0.3029.110 Safari/537.3"
194.102.104.0 - - [14/Apr/2026:08:27:16 +0200] "GET /ex.php HTTP/1.1" 403 3548 "https://fti-hios.eu/ex.php" "Mozilla/5.0 (Windows NT 10.0; Win64; x64) AppleWebKit/537.36 (KHTML, like Gecko) Chrome/58.0.3029.110 Safari/537.3"
194.102.104.0 - - [14/Apr/2026:08:27:20 +0200] "POST /plugins.php HTTP/1.1" 200 3886 "https://fti-hios.eu/plugins.php" "Mozilla/5.0 (Windows NT 10.0; Win64; x64) AppleWebKit/537.36 (KHTML, like Gecko) Chrome/58.0.3029.110 Safari/537.3"
194.102.104.0 - - [14/Apr/2026:08:27:22 +0200] "POST /plugins.php HTTP/1.1" 200 3886 "https://fti-hios.eu/plugins.php" "Mozilla/5.0 (Windows NT 10.0; Win64; x64) AppleWebKit/537.36 (KHTML, like Gecko) Chrome/58.0.3029.110 Safari/537.3"
194.102.104.0 - - [14/Apr/2026:08:27:25 +0200] "GET /radio.php HTTP/1.1" 403 3548 "https://fti-hios.eu/radio.php" "Mozilla/5.0 (Windows NT 10.0; Win64; x64) AppleWebKit/537.36 (KHTML, like Gecko) Chrome/58.0.3029.110 Safari/537.3"
194.102.104.0 - - [14/Apr/2026:08:27:27 +0200] "POST /plugins.php HTTP/1.1" 200 3886 "https://fti-hios.eu/plugins.php" "Mozilla/5.0 (Windows NT 10.0; Win64; x64) AppleWebKit/537.36 (KHTML, like Gecko) Chrome/58.0.3029.110 Safari/537.3"
194.102.104.0 - - [14/Apr/2026:08:27:29 +0200] "POST /plugins.php HTTP/1.1" 200 3886 "https://fti-hios.eu/plugins.php" "Mozilla/5.0 (Windows NT 10.0; Win64; x64) AppleWebKit/537.36 (KHTML, like Gecko) Chrome/58.0.3029.110 Safari/537.3"
194.102.104.0 - - [14/Apr/2026:08:27:32 +0200] "GET /ex.php HTTP/1.1" 403 3548 "https://fti-hios.eu/ex.php" "Mozilla/5.0 (Windows NT 10.0; Win64; x64) AppleWebKit/537.36 (KHTML, like Gecko) Chrome/58.0.3029.110 Safari/537.3"
194.102.104.0 - - [14/Apr/2026:08:27:34 +0200] "POST /plugins.php HTTP/1.1" 200 3886 "https://fti-hios.eu/plugins.php" "Mozilla/5.0 (Windows NT 10.0; Win64; x64) AppleWebKit/537.36 (KHTML, like Gecko) Chrome/58.0.3029.110 Safari/537.3"
194.102.104.0 - - [14/Apr/2026:08:27:35 +0200] "GET /inputs.php HTTP/1.1" 403 3548 "https://fti-hios.eu/inputs.php" "Mozilla/5.0 (Windows NT 10.0; Win64; x64) AppleWebKit/537.36 (KHTML, like Gecko) Chrome/58.0.3029.110 Safari/537.3"
194.102.104.0 - - [14/Apr/2026:08:27:38 +0200] "GET /radio.php HTTP/1.1" 403 3548 "https://fti-hios.eu/radio.php" "Mozilla/5.0 (Windows NT 10.0; Win64; x64) AppleWebKit/537.36 (KHTML, like Gecko) Chrome/58.0.3029.110 Safari/537.3"
194.102.104.0 - - [14/Apr/2026:08:27:39 +0200] "POST /plugins.php HTTP/1.1" 200 3886 "https://fti-hios.eu/plugins.php" "Mozilla/5.0 (Windows NT 10.0; Win64; x64) AppleWebKit/537.36 (KHTML, like Gecko) Chrome/58.0.3029.110 Safari/537.3"
194.102.104.0 - - [14/Apr/2026:08:27:41 +0200] "POST /plugins.php HTTP/1.1" 200 3886 "https://fti-hios.eu/plugins.php" "Mozilla/5.0 (Windows NT 10.0; Win64; x64) AppleWebKit/537.36 (KHTML, like Gecko) Chrome/58.0.3029.110 Safari/537.3"
194.102.104.0 - - [14/Apr/2026:08:27:41 +0200] "GET /about.php HTTP/1.1" 200 6761 "https://fti-hios.eu/about.php" "Mozilla/5.0 (Windows NT 10.0; Win64; x64) AppleWebKit/537.36 (KHTML, like Gecko) Chrome/58.0.3029.110 Safari/537.3"
194.102.104.0 - - [14/Apr/2026:08:27:43 +0200] "POST /product.php HTTP/1.1" 200 6792 "https://fti-hios.eu/product.php" "Mozilla/5.0 (Windows NT 10.0; Win64; x64) AppleWebKit/537.36 (KHTML, like Gecko) Chrome/58.0.3029.110 Safari/537.3"
216.73.216.0 - - [14/Apr/2026:08:27:44 +0200] "GET / HTTP/1.1" 200 6900 "-" "Mozilla/5.0 AppleWebKit/537.36 (KHTML, like Gecko; compatible; ClaudeBot/1.0; +claudebot@anthropic.com)"
194.102.104.0 - - [14/Apr/2026:08:27:46 +0200] "POST /plugins.php HTTP/1.1" 200 3886 "https://fti-hios.eu/plugins.php" "Mozilla/5.0 (Windows NT 10.0; Win64; x64) AppleWebKit/537.36 (KHTML, like Gecko) Chrome/58.0.3029.110 Safari/537.3"
194.102.104.0 - - [14/Apr/2026:08:27:46 +0200] "GET /inputs.php HTTP/1.1" 403 3548 "https://fti-hios.eu/inputs.php" "Mozilla/5.0 (Windows NT 10.0; Win64; x64) AppleWebKit/537.36 (KHTML, like Gecko) Chrome/58.0.3029.110 Safari/537.3"
194.102.104.0 - - [14/Apr/2026:08:27:49 +0200] "GET /pages.php HTTP/1.1" 200 6761 "https://fti-hios.eu/pages.php" "Mozilla/5.0 (Windows NT 10.0; Win64; x64) AppleWebKit/537.36 (KHTML, like Gecko) Chrome/58.0.3029.110 Safari/537.3"
194.102.104.0 - - [14/Apr/2026:08:27:48 +0200] "POST /product.php HTTP/1.1" 200 6795 "https://fti-hios.eu/product.php" "Mozilla/5.0 (Windows NT 10.0; Win64; x64) AppleWebKit/537.36 (KHTML, like Gecko) Chrome/58.0.3029.110 Safari/537.3"
194.102.104.0 - - [14/Apr/2026:08:27:51 +0200] "POST /plugins.php HTTP/1.1" 200 3886 "https://fti-hios.eu/plugins.php" "Mozilla/5.0 (Windows NT 10.0; Win64; x64) AppleWebKit/537.36 (KHTML, like Gecko) Chrome/58.0.3029.110 Safari/537.3"
194.102.104.0 - - [14/Apr/2026:08:27:52 +0200] "GET /ex.php HTTP/1.1" 403 3548 "https://fti-hios.eu/ex.php" "Mozilla/5.0 (Windows NT 10.0; Win64; x64) AppleWebKit/537.36 (KHTML, like Gecko) Chrome/58.0.3029.110 Safari/537.3"
194.102.104.0 - - [14/Apr/2026:08:27:52 +0200] "POST /plugins.php HTTP/1.1" 200 3886 "https://fti-hios.eu/plugins.php" "Mozilla/5.0 (Windows NT 10.0; Win64; x64) AppleWebKit/537.36 (KHTML, like Gecko) Chrome/58.0.3029.110 Safari/537.3"
194.102.104.0 - - [14/Apr/2026:08:27:54 +0200] "GET /about.php HTTP/1.1" 200 6761 "https://fti-hios.eu/about.php" "Mozilla/5.0 (Windows NT 10.0; Win64; x64) AppleWebKit/537.36 (KHTML, like Gecko) Chrome/58.0.3029.110 Safari/537.3"
194.102.104.0 - - [14/Apr/2026:08:27:55 +0200] "GET /wp-login.php HTTP/1.1" 200 6761 "https://fti-hios.eu/wp-login.php" "Mozilla/5.0 (Windows NT 10.0; Win64; x64) AppleWebKit/537.36 (KHTML, like Gecko) Chrome/58.0.3029.110 Safari/537.3"
194.102.104.0 - - [14/Apr/2026:08:27:55 +0200] "POST /product.php HTTP/1.1" 200 6794 "https://fti-hios.eu/product.php" "Mozilla/5.0 (Windows NT 10.0; Win64; x64) AppleWebKit/537.36 (KHTML, like Gecko) Chrome/58.0.3029.110 Safari/537.3"
194.102.104.0 - - [14/Apr/2026:08:27:59 +0200] "POST /plugins.php HTTP/1.1" 200 3886 "https://fti-hios.eu/plugins.php" "Mozilla/5.0 (Windows NT 10.0; Win64; x64) AppleWebKit/537.36 (KHTML, like Gecko) Chrome/58.0.3029.110 Safari/537.3"
194.102.104.0 - - [14/Apr/2026:08:28:00 +0200] "GET /radio.php HTTP/1.1" 403 3548 "https://fti-hios.eu/radio.php" "Mozilla/5.0 (Windows NT 10.0; Win64; x64) AppleWebKit/537.36 (KHTML, like Gecko) Chrome/58.0.3029.110 Safari/537.3"
194.102.104.0 - - [14/Apr/2026:08:28:01 +0200] "GET /product.php HTTP/1.1" 200 6761 "https://fti-hios.eu/product.php" "Mozilla/5.0 (Windows NT 10.0; Win64; x64) AppleWebKit/537.36 (KHTML, like Gecko) Chrome/58.0.3029.110 Safari/537.3"
194.102.104.0 - - [14/Apr/2026:08:28:03 +0200] "GET /pages.php HTTP/1.1" 200 6761 "https://fti-hios.eu/pages.php" "Mozilla/5.0 (Windows NT 10.0; Win64; x64) AppleWebKit/537.36 (KHTML, like Gecko) Chrome/58.0.3029.110 Safari/537.3"
194.102.104.0 - - [14/Apr/2026:08:28:03 +0200] "POST /product.php HTTP/1.1" 200 6794 "https://fti-hios.eu/product.php" "Mozilla/5.0 (Windows NT 10.0; Win64; x64) AppleWebKit/537.36 (KHTML, like Gecko) Chrome/58.0.3029.110 Safari/537.3"
194.102.104.0 - - [14/Apr/2026:08:28:05 +0200] "GET /inputs.php HTTP/1.1" 403 3548 "https://fti-hios.eu/inputs.php" "Mozilla/5.0 (Windows NT 10.0; Win64; x64) AppleWebKit/537.36 (KHTML, like Gecko) Chrome/58.0.3029.110 Safari/537.3"
194.102.104.0 - - [14/Apr/2026:08:28:08 +0200] "POST /plugins.php HTTP/1.1" 200 3886 "https://fti-hios.eu/plugins.php" "Mozilla/5.0 (Windows NT 10.0; Win64; x64) AppleWebKit/537.36 (KHTML, like Gecko) Chrome/58.0.3029.110 Safari/537.3"
194.102.104.0 - - [14/Apr/2026:08:28:09 +0200] "POST /product.php HTTP/1.1" 200 6794 "https://fti-hios.eu/product.php" "Mozilla/5.0 (Windows NT 10.0; Win64; x64) AppleWebKit/537.36 (KHTML, like Gecko) Chrome/58.0.3029.110 Safari/537.3"
194.102.104.0 - - [14/Apr/2026:08:28:12 +0200] "GET /wp-login.php HTTP/1.1" 200 6784 "https://fti-hios.eu/wp-login.php" "Mozilla/5.0 (Windows NT 10.0; Win64; x64) AppleWebKit/537.36 (KHTML, like Gecko) Chrome/58.0.3029.110 Safari/537.3"
194.102.104.0 - - [14/Apr/2026:08:28:15 +0200] "GET /product.php HTTP/1.1" 200 6779 "https://fti-hios.eu/product.php" "Mozilla/5.0 (Windows NT 10.0; Win64; x64) AppleWebKit/537.36 (KHTML, like Gecko) Chrome/58.0.3029.110 Safari/537.3"
194.102.104.0 - - [14/Apr/2026:08:28:13 +0200] "GET /about.php HTTP/1.1" 200 3384 "https://fti-hios.eu/about.php" "Mozilla/5.0 (Windows NT 10.0; Win64; x64) AppleWebKit/537.36 (KHTML, like Gecko) Chrome/58.0.3029.110 Safari/537.3"
69.30.240.0 - - [14/Apr/2026:08:28:17 +0200] "GET /wp-content/adc048ca/index.php HTTP/1.1" 200 3377 "https://fti-hios.eu/wp-content/adc048ca/index.php" "Mozilla/5.0 (Windows NT 10.0; Win64; x64) AppleWebKit/537.36 (KHTML, like Gecko) Chrome/58.0.3029.110 Safari/537.3"
194.102.104.0 - - [14/Apr/2026:08:28:19 +0200] "GET /ioxi001.PhP7 HTTP/1.1" 200 3573 "http://www.fti-hios.eu/ioxi001.PhP7" "Mozilla/5.0 (Windows NT 10.0; Win64; x64) AppleWebKit/537.36 (KHTML, like Gecko) Chrome/58.0.3029.110 Safari/537.3"
194.102.104.0 - - [14/Apr/2026:08:28:21 +0200] "POST /product.php HTTP/1.1" 200 6810 "https://fti-hios.eu/product.php" "Mozilla/5.0 (Windows NT 10.0; Win64; x64) AppleWebKit/537.36 (KHTML, like Gecko) Chrome/58.0.3029.110 Safari/537.3"
194.102.104.0 - - [14/Apr/2026:08:28:27 +0200] "POST /product.php HTTP/1.1" 200 6814 "https://fti-hios.eu/product.php" "Mozilla/5.0 (Windows NT 10.0; Win64; x64) AppleWebKit/537.36 (KHTML, like Gecko) Chrome/58.0.3029.110 Safari/537.3"
194.102.104.0 - - [14/Apr/2026:08:28:33 +0200] "GET /ex.php HTTP/1.1" 403 3548 "https://fti-hios.eu/ex.php" "Mozilla/5.0 (Windows NT 10.0; Win64; x64) AppleWebKit/537.36 (KHTML, like Gecko) Chrome/58.0.3029.110 Safari/537.3"
194.102.104.0 - - [14/Apr/2026:08:28:33 +0200] "POST /product.php HTTP/1.1" 200 6810 "https://fti-hios.eu/product.php" "Mozilla/5.0 (Windows NT 10.0; Win64; x64) AppleWebKit/537.36 (KHTML, like Gecko) Chrome/58.0.3029.110 Safari/537.3"
194.102.104.0 - - [14/Apr/2026:08:28:35 +0200] "POST /product.php HTTP/1.1" 200 6813 "https://fti-hios.eu/product.php" "Mozilla/5.0 (Windows NT 10.0; Win64; x64) AppleWebKit/537.36 (KHTML, like Gecko) Chrome/58.0.3029.110 Safari/537.3"
194.102.104.0 - - [14/Apr/2026:08:28:39 +0200] "GET /radio.php HTTP/1.1" 403 3548 "https://fti-hios.eu/radio.php" "Mozilla/5.0 (Windows NT 10.0; Win64; x64) AppleWebKit/537.36 (KHTML, like Gecko) Chrome/58.0.3029.110 Safari/537.3"
194.102.104.0 - - [14/Apr/2026:08:28:40 +0200] "POST /product.php HTTP/1.1" 200 6814 "https://fti-hios.eu/product.php" "Mozilla/5.0 (Windows NT 10.0; Win64; x64) AppleWebKit/537.36 (KHTML, like Gecko) Chrome/58.0.3029.110 Safari/537.3"
194.102.104.0 - - [14/Apr/2026:08:28:43 +0200] "POST /product.php HTTP/1.1" 200 6813 "https://fti-hios.eu/product.php" "Mozilla/5.0 (Windows NT 10.0; Win64; x64) AppleWebKit/537.36 (KHTML, like Gecko) Chrome/58.0.3029.110 Safari/537.3"
194.102.104.0 - - [14/Apr/2026:08:28:44 +0200] "POST /ioxi001.PhP7 HTTP/1.1" 200 3604 "http://www.fti-hios.eu/ioxi001.PhP7" "Mozilla/5.0 (Windows NT 10.0; Win64; x64) AppleWebKit/537.36 (KHTML, like Gecko) Chrome/58.0.3029.110 Safari/537.3"
194.102.104.0 - - [14/Apr/2026:08:28:48 +0200] "POST /ioxi001.PhP7 HTTP/1.1" 200 3608 "http://www.fti-hios.eu/ioxi001.PhP7" "Mozilla/5.0 (Windows NT 10.0; Win64; x64) AppleWebKit/537.36 (KHTML, like Gecko) Chrome/58.0.3029.110 Safari/537.3"
194.102.104.0 - - [14/Apr/2026:08:28:48 +0200] "GET /ex.php HTTP/1.1" 403 3548 "https://fti-hios.eu/ex.php" "Mozilla/5.0 (Windows NT 10.0; Win64; x64) AppleWebKit/537.36 (KHTML, like Gecko) Chrome/58.0.3029.110 Safari/537.3"
194.102.104.0 - - [14/Apr/2026:08:28:50 +0200] "GET /inputs.php HTTP/1.1" 403 3548 "https://fti-hios.eu/inputs.php" "Mozilla/5.0 (Windows NT 10.0; Win64; x64) AppleWebKit/537.36 (KHTML, like Gecko) Chrome/58.0.3029.110 Safari/537.3"
194.102.104.0 - - [14/Apr/2026:08:28:51 +0200] "GET /ex.php HTTP/1.1" 403 400 "http://www.fti-hios.eu/ex.php" "Mozilla/5.0 (Windows NT 10.0; Win64; x64) AppleWebKit/537.36 (KHTML, like Gecko) Chrome/58.0.3029.110 Safari/537.3"
194.102.104.0 - - [14/Apr/2026:08:28:52 +0200] "POST /product.php HTTP/1.1" 200 6813 "https://fti-hios.eu/product.php" "Mozilla/5.0 (Windows NT 10.0; Win64; x64) AppleWebKit/537.36 (KHTML, like Gecko) Chrome/58.0.3029.110 Safari/537.3"
194.102.104.0 - - [14/Apr/2026:08:28:52 +0200] "POST /ioxi001.PhP7 HTTP/1.1" 200 3607 "http://www.fti-hios.eu/ioxi001.PhP7" "Mozilla/5.0 (Windows NT 10.0; Win64; x64) AppleWebKit/537.36 (KHTML, like Gecko) Chrome/58.0.3029.110 Safari/537.3"
194.102.104.0 - - [14/Apr/2026:08:28:53 +0200] "POST /product.php HTTP/1.1" 200 6813 "https://fti-hios.eu/product.php" "Mozilla/5.0 (Windows NT 10.0; Win64; x64) AppleWebKit/537.36 (KHTML, like Gecko) Chrome/58.0.3029.110 Safari/537.3"
