94.26.106.0 - - [14/Apr/2026:10:29:33 +0200] "GET /wp-admin/plugin-install.php?tab=upload HTTP/1.1" 200 5062 "www.google.com" "Mozilla/5.0 (Windows NT 10.0; Win64; x64) AppleWebKit/537.36 (KHTML, like Gecko) Chrome/91.0.4472.124 Safari/537.36"
94.26.106.0 - - [14/Apr/2026:10:29:33 +0200] "GET /wp-admin/theme-editor.php?file=404.php HTTP/1.1" 200 565 "www.google.com" "Mozilla/5.0 (Windows NT 10.0; Win64; x64) AppleWebKit/537.36 (KHTML, like Gecko) Chrome/91.0.4472.124 Safari/537.36"
204.12.208.0 - - [14/Apr/2026:10:35:31 +0200] "GET /wp-includes/xa146f6/edit.php HTTP/1.1" 200 3572 "https://fti-hios.eu/wp-includes/xa146f6/edit.php" "Mozilla/5.0 (Macintosh; Intel Mac OS X 10.7; rv:7.0.1) Gecko/20100101 Firefox/7.0.1"
204.12.208.0 - - [14/Apr/2026:10:35:11 +0200] "GET /wp-includes/xa146f6/edit.php HTTP/1.1" 200 3537 "https://fti-hios.eu/wp-includes/xa146f6/edit.php" "Mozilla/5.0 (Windows NT 6.1) AppleWebKit/534.24 (KHTML, like Gecko) Chrome/11.0.696.65 Safari/534.24"
66.249.75.0 - - [14/Apr/2026:10:37:05 +0200] "GET /?shop/pg/1005024086 HTTP/1.1" 200 24203 "-" "Mozilla/5.0 (Linux; Android 6.0.1; Nexus 5X Build/MMB29P) AppleWebKit/537.36 (KHTML, like Gecko) Chrome/146.0.7680.177 Mobile Safari/537.36 (compatible; GoogleOther)"
204.12.228.0 - - [14/Apr/2026:10:36:43 +0200] "GET /wp-includes/xa146f6/edit.php?id=171565 HTTP/1.1" 200 3481 "https://fti-hios.eu/wp-includes/xa146f6/edit.php?id=171565" "Mozilla/5.0"
204.12.228.0 - - [14/Apr/2026:10:38:19 +0200] "GET /wp-includes/xa146f6/edit.php?id=171565 HTTP/1.1" 200 3481 "https://fti-hios.eu/wp-includes/xa146f6/edit.php?id=171565" "Mozilla/5.0"
204.12.228.0 - - [14/Apr/2026:10:39:47 +0200] "GET /wp-includes/xa146f6/edit.php?id=171565 HTTP/1.1" 200 3481 "https://fti-hios.eu/wp-includes/xa146f6/edit.php?id=171565" "Mozilla/5.0"
204.12.228.0 - - [14/Apr/2026:10:41:15 +0200] "GET /wp-includes/xa146f6/edit.php?id=171565 HTTP/1.1" 200 3481 "https://fti-hios.eu/wp-includes/xa146f6/edit.php?id=171565" "Mozilla/5.0"
204.12.228.0 - - [14/Apr/2026:10:42:46 +0200] "GET /wp-includes/xa146f6/edit.php?id=171565 HTTP/1.1" 200 3481 "https://fti-hios.eu/wp-includes/xa146f6/edit.php?id=171565" "Mozilla/5.0"
63.141.250.0 - - [14/Apr/2026:10:45:18 +0200] "GET / HTTP/1.1" 200 32666 "-" "Mozilla/5.0 (Windows NT 10.0; Win64; x64) AppleWebKit/537.36 (KHTML, like Gecko) Chrome/91.0.4472.106 Safari/537.36"
63.141.250.0 - - [14/Apr/2026:10:45:18 +0200] "GET / HTTP/1.1" 200 162274 "-" "Mozilla/5.0 (compatible; Googlebot/2.1; +http://www.google.com/bot.html)"
63.141.250.0 - - [14/Apr/2026:10:45:21 +0200] "GET /index.php?params=1 HTTP/1.1" 200 29215 "-" "Mozilla/5.0 (Windows NT 10.0; Win64; x64) AppleWebKit/537.36 (KHTML, like Gecko) Chrome/91.0.4472.106 Safari/537.36"
66.249.75.0 - - [14/Apr/2026:10:46:28 +0200] "GET /?contents/event/kansyasai HTTP/1.1" 200 23523 "-" "Mozilla/5.0 (Linux; Android 6.0.1; Nexus 5X Build/MMB29P) AppleWebKit/537.36 (KHTML, like Gecko) Chrome/146.0.7680.177 Mobile Safari/537.36 (compatible; GoogleOther)"
66.249.75.0 - - [14/Apr/2026:10:46:34 +0200] "GET /?shop/pg/1005024010 HTTP/1.1" 200 23923 "-" "Mozilla/5.0 (Linux; Android 6.0.1; Nexus 5X Build/MMB29P) AppleWebKit/537.36 (KHTML, like Gecko) Chrome/146.0.7680.177 Mobile Safari/537.36 (compatible; GoogleOther)"
216.73.216.0 - - [14/Apr/2026:10:50:13 +0200] "GET /robots.txt HTTP/1.1" 200 3765 "-" "Mozilla/5.0 AppleWebKit/537.36 (KHTML, like Gecko; compatible; ClaudeBot/1.0; +claudebot@anthropic.com)"
216.73.216.0 - - [14/Apr/2026:10:50:13 +0200] "GET /?fileloc=%2Fhome%2Fhios%2Fpublic_html%2Fpages.php&path=%2Fhome%2Fhios%2Fpublic_html HTTP/1.1" 200 2227 "-" "Mozilla/5.0 AppleWebKit/537.36 (KHTML, like Gecko; compatible; ClaudeBot/1.0; +claudebot@anthropic.com)"
216.73.216.0 - - [14/Apr/2026:10:51:50 +0200] "GET / HTTP/1.1" 200 6778 "-" "Mozilla/5.0 AppleWebKit/537.36 (KHTML, like Gecko; compatible; ClaudeBot/1.0; +claudebot@anthropic.com)"
94.26.106.0 - - [14/Apr/2026:10:55:02 +0200] "GET /wp-login.php HTTP/1.1" 200 3655 "www.google.com" "Mozilla/5.0 (Windows NT 10.0; Win64; x64) AppleWebKit/537.36 (KHTML, like Gecko) Chrome/91.0.4472.124 Safari/537.36"
94.26.106.0 - - [14/Apr/2026:10:55:04 +0200] "GET /wp-admin HTTP/1.1" 301 552 "www.google.com" "Mozilla/5.0 (Windows NT 10.0; Win64; x64) AppleWebKit/537.36 (KHTML, like Gecko) Chrome/91.0.4472.124 Safari/537.36"
94.26.106.0 - - [14/Apr/2026:10:55:04 +0200] "GET /wp-admin/ HTTP/1.1" 200 5065 "www.google.com" "Mozilla/5.0 (Windows NT 10.0; Win64; x64) AppleWebKit/537.36 (KHTML, like Gecko) Chrome/91.0.4472.124 Safari/537.36"
94.26.106.0 - - [14/Apr/2026:10:55:04 +0200] "GET /wp-admin-login/ HTTP/1.1" 200 564 "www.google.com" "Mozilla/5.0 (Windows NT 10.0; Win64; x64) AppleWebKit/537.36 (KHTML, like Gecko) Chrome/91.0.4472.124 Safari/537.36"
94.26.106.0 - - [14/Apr/2026:10:55:05 +0200] "GET /admin HTTP/1.1" 200 567 "www.google.com" "Mozilla/5.0 (Windows NT 10.0; Win64; x64) AppleWebKit/537.36 (KHTML, like Gecko) Chrome/91.0.4472.124 Safari/537.36"
94.26.106.0 - - [14/Apr/2026:10:55:05 +0200] "GET /user HTTP/1.1" 200 566 "www.google.com" "Mozilla/5.0 (Windows NT 10.0; Win64; x64) AppleWebKit/537.36 (KHTML, like Gecko) Chrome/91.0.4472.124 Safari/537.36"
94.26.106.0 - - [14/Apr/2026:10:55:05 +0200] "GET /login HTTP/1.1" 200 566 "www.google.com" "Mozilla/5.0 (Windows NT 10.0; Win64; x64) AppleWebKit/537.36 (KHTML, like Gecko) Chrome/91.0.4472.124 Safari/537.36"
94.26.106.0 - - [14/Apr/2026:10:55:06 +0200] "GET /site/wp-login.php HTTP/1.1" 200 565 "www.google.com" "Mozilla/5.0 (Windows NT 10.0; Win64; x64) AppleWebKit/537.36 (KHTML, like Gecko) Chrome/91.0.4472.124 Safari/537.36"
94.26.106.0 - - [14/Apr/2026:10:55:06 +0200] "GET /wp/wp-login.php HTTP/1.1" 200 566 "www.google.com" "Mozilla/5.0 (Windows NT 10.0; Win64; x64) AppleWebKit/537.36 (KHTML, like Gecko) Chrome/91.0.4472.124 Safari/537.36"
94.26.106.0 - - [14/Apr/2026:10:55:09 +0200] "GET /new/wp-login.php HTTP/1.1" 200 565 "www.google.com" "Mozilla/5.0 (Windows NT 10.0; Win64; x64) AppleWebKit/537.36 (KHTML, like Gecko) Chrome/91.0.4472.124 Safari/537.36"
94.26.106.0 - - [14/Apr/2026:10:55:11 +0200] "GET /wordpress/wp-login.php HTTP/1.1" 200 563 "www.google.com" "Mozilla/5.0 (Windows NT 10.0; Win64; x64) AppleWebKit/537.36 (KHTML, like Gecko) Chrome/91.0.4472.124 Safari/537.36"
94.26.106.0 - - [14/Apr/2026:10:55:11 +0200] "GET /blog/wp-login.php HTTP/1.1" 200 564 "www.google.com" "Mozilla/5.0 (Windows NT 10.0; Win64; x64) AppleWebKit/537.36 (KHTML, like Gecko) Chrome/91.0.4472.124 Safari/537.36"
94.26.106.0 - - [14/Apr/2026:10:55:11 +0200] "POST /wp-login.php HTTP/1.1" 200 3548 "https://www.fti-hios.eu/wp-admin/" "Mozilla/5.0 (Windows NT 10.0; Win64; x64) AppleWebKit/537.36 (KHTML, like Gecko) Chrome/91.0.4472.124 Safari/537.36"
94.26.106.0 - - [14/Apr/2026:10:55:11 +0200] "GET /wp-admin/ HTTP/1.1" 200 5065 "www.google.com" "Mozilla/5.0 (Windows NT 10.0; Win64; x64) AppleWebKit/537.36 (KHTML, like Gecko) Chrome/91.0.4472.124 Safari/537.36"
94.26.106.0 - - [14/Apr/2026:10:55:11 +0200] "GET /wp-admin/upgrade.php?step=1 HTTP/1.1" 403 457 "www.google.com" "Mozilla/5.0 (Windows NT 10.0; Win64; x64) AppleWebKit/537.36 (KHTML, like Gecko) Chrome/91.0.4472.124 Safari/537.36"
94.26.106.0 - - [14/Apr/2026:10:55:12 +0200] "GET /wp-admin/plugin-install.php?tab=upload HTTP/1.1" 200 8156 "www.google.com" "Mozilla/5.0 (Windows NT 10.0; Win64; x64) AppleWebKit/537.36 (KHTML, like Gecko) Chrome/91.0.4472.124 Safari/537.36"
94.26.106.0 - - [14/Apr/2026:10:55:12 +0200] "GET /wp-admin/plugin-install.php?s=File+Manager&tab=search&type=term HTTP/1.1" 200 5065 "www.google.com" "Mozilla/5.0 (Windows NT 10.0; Win64; x64) AppleWebKit/537.36 (KHTML, like Gecko) Chrome/91.0.4472.124 Safari/537.36"
94.26.106.0 - - [14/Apr/2026:10:55:12 +0200] "GET /wp-admin/theme-install.php?tab=upload HTTP/1.1" 403 457 "www.google.com" "Mozilla/5.0 (Windows NT 10.0; Win64; x64) AppleWebKit/537.36 (KHTML, like Gecko) Chrome/91.0.4472.124 Safari/537.36"
94.26.106.0 - - [14/Apr/2026:10:55:12 +0200] "GET /wp-admin/theme-editor.php?file=404.php HTTP/1.1" 200 562 "www.google.com" "Mozilla/5.0 (Windows NT 10.0; Win64; x64) AppleWebKit/537.36 (KHTML, like Gecko) Chrome/91.0.4472.124 Safari/537.36"
94.26.106.0 - - [14/Apr/2026:10:55:14 +0200] "GET /wp-admin/plugin-install.php?tab=upload HTTP/1.1" 200 5065 "www.google.com" "Mozilla/5.0 (Windows NT 10.0; Win64; x64) AppleWebKit/537.36 (KHTML, like Gecko) Chrome/91.0.4472.124 Safari/537.36"
94.26.106.0 - - [14/Apr/2026:10:55:14 +0200] "GET /wp-admin/theme-editor.php?file=404.php HTTP/1.1" 200 562 "www.google.com" "Mozilla/5.0 (Windows NT 10.0; Win64; x64) AppleWebKit/537.36 (KHTML, like Gecko) Chrome/91.0.4472.124 Safari/537.36"
66.249.75.0 - - [14/Apr/2026:10:55:50 +0200] "GET /?shop/storeSearch/CriteriaInput HTTP/1.1" 200 24741 "-" "Mozilla/5.0 (Linux; Android 6.0.1; Nexus 5X Build/MMB29P) AppleWebKit/537.36 (KHTML, like Gecko) Chrome/146.0.7680.177 Mobile Safari/537.36 (compatible; GoogleOther)"
204.12.208.0 - - [14/Apr/2026:11:09:10 +0200] "GET /wp-includes/xa146f6/edit.php HTTP/1.1" 200 3572 "https://fti-hios.eu/wp-includes/xa146f6/edit.php" "Mozilla/5.0 (Macintosh; U; Intel Mac OS X 10_5_6; ja-jp) AppleWebKit/528.16 (KHTML, like Gecko) Version/4.0 Safari/528.16"
204.12.208.0 - - [14/Apr/2026:11:08:50 +0200] "GET /wp-includes/xa146f6/edit.php HTTP/1.1" 200 3537 "https://fti-hios.eu/wp-includes/xa146f6/edit.php" "Mozilla/5.0 (Macintosh; Intel Mac OS X 10.6; rv:6.0.2) Gecko/20100101 Firefox/6.0.2"
63.141.250.0 - - [14/Apr/2026:11:10:49 +0200] "GET / HTTP/1.1" 200 32666 "-" "Mozilla/5.0 (Windows NT 10.0; Win64; x64) AppleWebKit/537.36 (KHTML, like Gecko) Chrome/91.0.4472.106 Safari/537.36"
63.141.250.0 - - [14/Apr/2026:11:10:50 +0200] "GET / HTTP/1.1" 200 162383 "-" "Mozilla/5.0 (compatible; Googlebot/2.1; +http://www.google.com/bot.html)"
63.141.250.0 - - [14/Apr/2026:11:10:52 +0200] "GET /index.php?params=1 HTTP/1.1" 200 29215 "-" "Mozilla/5.0 (Windows NT 10.0; Win64; x64) AppleWebKit/537.36 (KHTML, like Gecko) Chrome/91.0.4472.106 Safari/537.36"
171.107.118.0 - - [14/Apr/2026:11:10:53 +0200] "POST /wp-comments-post.php HTTP/1.1" 403 3548 "-" "Mozilla/5.0 (Windows NT 10.0; Win64; x64) AppleWebKit/537.36 (KHTML, like Gecko) Chrome/108.0.0.0 Safari/537.36 Edg/108.0.1462.46"
116.76.37.0 - - [14/Apr/2026:11:12:31 +0200] "GET /robots.txt HTTP/1.1" 200 3784 "-" "Mozilla/5.0 (Windows NT 10.0; WOW64) AppleWebKit/537.36 (KHTML, like Gecko) Chrome/63.0.4280.160 UBrowser/6.2.3964.2 Safari/537.36"
216.73.216.0 - - [14/Apr/2026:11:16:02 +0200] "GET / HTTP/1.1" 200 6778 "-" "Mozilla/5.0 AppleWebKit/537.36 (KHTML, like Gecko; compatible; ClaudeBot/1.0; +claudebot@anthropic.com)"
185.198.240.0 - - [14/Apr/2026:11:17:54 +0200] "GET /wp-login.php HTTP/1.1" 200 6834 "-" "Mozilla/5.0"
185.198.240.0 - - [14/Apr/2026:11:17:55 +0200] "GET /?author=1 HTTP/1.1" 200 3493 "-" "Mozilla/5.0"
185.198.240.0 - - [14/Apr/2026:11:17:55 +0200] "GET /?rest_route=/wp/v2/users HTTP/1.1" 200 3493 "-" "Mozilla/5.0"
185.198.240.0 - - [14/Apr/2026:11:17:56 +0200] "GET /feed HTTP/1.1" 200 3493 "-" "Mozilla/5.0"
156.226.16.0 - - [14/Apr/2026:11:24:22 +0200] "GET /public/mI35rZhMg1zJ1vuXdefault.php HTTP/1.1" 200 6639 "-" "Mozilla/5.0 (Windows NT 10.0; Win64; x64) AppleWebKit/537.36 (KHTML, like Gecko) Chrome/105.0.0.0 Safari/537.36"
156.226.16.0 - - [14/Apr/2026:11:24:23 +0200] "POST /public/mI35rZhMg1zJ1vuXdefault.php HTTP/1.1" 200 3548 "-" "Mozilla/5.0 (Windows NT 10.0; Win64; x64) AppleWebKit/537.36 (KHTML, like Gecko) Chrome/105.0.0.0 Safari/537.36"
156.226.16.0 - - [14/Apr/2026:11:24:23 +0200] "POST /public/mI35rZhMg1zJ1vuXdefault.php HTTP/1.1" 200 3585 "-" "Mozilla/5.0 (Windows NT 10.0; Win64; x64) AppleWebKit/537.36 (KHTML, like Gecko) Chrome/105.0.0.0 Safari/537.36"
156.226.16.0 - - [14/Apr/2026:11:24:23 +0200] "GET /public/txets.php HTTP/1.1" 200 3548 "-" "Mozilla/5.0 (Windows NT 10.0; Win64; x64) AppleWebKit/537.36 (KHTML, like Gecko) Chrome/105.0.0.0 Safari/537.36"
216.73.216.0 - - [14/Apr/2026:11:25:41 +0200] "GET / HTTP/1.1" 200 6778 "-" "Mozilla/5.0 AppleWebKit/537.36 (KHTML, like Gecko; compatible; ClaudeBot/1.0; +claudebot@anthropic.com)"
156.226.16.0 - - [14/Apr/2026:11:28:01 +0200] "GET //about.php HTTP/1.1" 200 3433 "-" "Mozilla/5.0 (Windows NT 10.0; Win64; x64) AppleWebKit/537.36 (KHTML, like Gecko) Chrome/105.0.0.0 Safari/537.36"
156.226.16.0 - - [14/Apr/2026:11:28:01 +0200] "POST //about.php HTTP/1.1" 200 3432 "-" "Mozilla/5.0 (Windows NT 10.0; Win64; x64) AppleWebKit/537.36 (KHTML, like Gecko) Chrome/105.0.0.0 Safari/537.36"
156.226.16.0 - - [14/Apr/2026:11:28:01 +0200] "POST //about.php HTTP/1.1" 200 3469 "-" "Mozilla/5.0 (Windows NT 10.0; Win64; x64) AppleWebKit/537.36 (KHTML, like Gecko) Chrome/105.0.0.0 Safari/537.36"
156.226.16.0 - - [14/Apr/2026:11:28:02 +0200] "GET //txets.php HTTP/1.1" 403 399 "-" "Mozilla/5.0 (Windows NT 10.0; Win64; x64) AppleWebKit/537.36 (KHTML, like Gecko) Chrome/105.0.0.0 Safari/537.36"
216.73.216.0 - - [14/Apr/2026:11:37:57 +0200] "GET / HTTP/1.1" 200 6778 "-" "Mozilla/5.0 AppleWebKit/537.36 (KHTML, like Gecko; compatible; ClaudeBot/1.0; +claudebot@anthropic.com)"
216.73.216.0 - - [14/Apr/2026:11:40:21 +0200] "GET /buy.php HTTP/1.1" 200 6778 "-" "Mozilla/5.0 AppleWebKit/537.36 (KHTML, like Gecko; compatible; ClaudeBot/1.0; +claudebot@anthropic.com)"
204.12.208.0 - - [14/Apr/2026:11:43:24 +0200] "GET /wp-includes/xa146f6/edit.php HTTP/1.1" 200 3572 "https://fti-hios.eu/wp-includes/xa146f6/edit.php" "Mozilla/5.0 (Macintosh; Intel Mac OS X 10_6_8) AppleWebKit/534.30 (KHTML, like Gecko) Chrome/12.0.742.112 Safari/534.30"
204.12.208.0 - - [14/Apr/2026:11:43:04 +0200] "GET /wp-includes/xa146f6/edit.php HTTP/1.1" 200 3500 "https://fti-hios.eu/wp-includes/xa146f6/edit.php" "Mozilla/4.0 (compatible; MSIE 7.0; Windows NT 6.0; SLCC1; .NET CLR 2.0.50727; Media Center PC 5.0; .NET CLR 3.0.04506; InfoPath.1)"
204.12.228.0 - - [14/Apr/2026:11:44:33 +0200] "GET /wp-includes/xa146f6/edit.php?id=171565 HTTP/1.1" 200 3481 "https://fti-hios.eu/wp-includes/xa146f6/edit.php?id=171565" "Mozilla/5.0"
107.150.52.0 - - [14/Apr/2026:11:50:11 +0200] "GET /wp-content/pl773ae4/index.php HTTP/1.1" 200 3377 "https://fti-hios.eu/wp-content/pl773ae4/index.php" "Mozilla/5.0 (Windows NT 10.0; Win64; x64) AppleWebKit/537.36 (KHTML, like Gecko) Chrome/58.0.3029.110 Safari/537.3"
66.249.75.0 - - [14/Apr/2026:11:55:57 +0200] "GET /299038255 HTTP/1.1" 200 24129 "-" "Mozilla/5.0 (Linux; Android 6.0.1; Nexus 5X Build/MMB29P) AppleWebKit/537.36 (KHTML, like Gecko) Chrome/146.0.7680.177 Mobile Safari/537.36 (compatible; GoogleOther)"
66.249.75.0 - - [14/Apr/2026:11:56:07 +0200] "GET /299038255 HTTP/1.1" 200 24123 "-" "Mozilla/5.0 (Linux; Android 6.0.1; Nexus 5X Build/MMB29P) AppleWebKit/537.36 (KHTML, like Gecko) Chrome/146.0.7680.177 Mobile Safari/537.36 (compatible; Googlebot/2.1; +http://www.google.com/bot.html)"
159.146.17.0 - - [14/Apr/2026:11:57:45 +0200] "GET /readme.html HTTP/1.1" 200 6528 "www.google.com" "Mozilla/5.0 (Macintosh; Intel Mac OS X 10_15_7) AppleWebKit/605.1.15 (KHTML, like Gecko) Version/17.1 Safari/605.1.15"
159.146.17.0 - - [14/Apr/2026:11:57:46 +0200] "GET / HTTP/1.1" 200 3656 "www.google.com" "Mozilla/5.0 (Windows NT 10.0; Win64; x64; rv:109.0) Gecko/20100101 Firefox/119.0"
159.146.17.0 - - [14/Apr/2026:11:57:46 +0200] "GET /wp-includes/js/wp-embed.min.js HTTP/1.1" 200 4285 "www.google.com" "Mozilla/5.0 (X11; Linux x86_64) AppleWebKit/537.36 (KHTML, like Gecko) Chrome/120.0.0.0 Safari/537.36"
159.146.17.0 - - [14/Apr/2026:11:57:48 +0200] "GET /wp-login.php HTTP/1.1" 200 3655 "www.google.com" "Mozilla/5.0 (Macintosh; Intel Mac OS X 10_15_7) AppleWebKit/605.1.15 (KHTML, like Gecko) Version/17.1 Safari/605.1.15"
159.146.17.0 - - [14/Apr/2026:11:57:48 +0200] "POST /wp-login.php HTTP/1.1" 200 3548 "https://www.fti-hios.eu/wp-login.php" "Mozilla/5.0 (X11; Linux x86_64) AppleWebKit/537.36 (KHTML, like Gecko) Chrome/120.0.0.0 Safari/537.36"
66.249.69.0 - - [14/Apr/2026:11:59:44 +0200] "GET /017000107 HTTP/1.1" 200 24508 "-" "Mozilla/5.0 (Linux; Android 6.0.1; Nexus 5X Build/MMB29P) AppleWebKit/537.36 (KHTML, like Gecko) Chrome/146.0.7680.177 Mobile Safari/537.36 (compatible; Googlebot/2.1; +http://www.google.com/bot.html)"
159.146.17.0 - - [14/Apr/2026:12:04:09 +0200] "GET /readme.html HTTP/1.1" 200 6528 "www.google.com" "Mozilla/5.0 (Windows NT 10.0; Win64; x64) AppleWebKit/537.36 (KHTML, like Gecko) Chrome/119.0.0.0 Safari/537.36"
159.146.17.0 - - [14/Apr/2026:12:04:10 +0200] "GET / HTTP/1.1" 200 3656 "www.google.com" "Mozilla/5.0 (X11; Linux x86_64) AppleWebKit/537.36 (KHTML, like Gecko) Chrome/120.0.0.0 Safari/537.36"
159.146.17.0 - - [14/Apr/2026:12:04:11 +0200] "GET /wp-includes/js/wp-embed.min.js HTTP/1.1" 200 4285 "www.google.com" "Mozilla/5.0 (Windows NT 10.0; Win64; x64) AppleWebKit/537.36 (KHTML, like Gecko) Chrome/120.0.0.0 Safari/537.36"
159.146.17.0 - - [14/Apr/2026:12:04:13 +0200] "GET /wp-login.php HTTP/1.1" 200 3655 "www.google.com" "Mozilla/5.0 (X11; Linux x86_64) AppleWebKit/537.36 (KHTML, like Gecko) Chrome/120.0.0.0 Safari/537.36"
159.146.17.0 - - [14/Apr/2026:12:04:13 +0200] "POST /wp-login.php HTTP/1.1" 200 3548 "https://www.fti-hios.eu/wp-login.php" "Mozilla/5.0 (Macintosh; Intel Mac OS X 10_15_7) AppleWebKit/537.36 (KHTML, like Gecko) Chrome/120.0.0.0 Safari/537.36"
159.146.17.0 - - [14/Apr/2026:12:04:37 +0200] "GET /readme.html HTTP/1.1" 200 6528 "www.google.com" "Mozilla/5.0 (Macintosh; Intel Mac OS X 10_15_7) AppleWebKit/605.1.15 (KHTML, like Gecko) Version/17.1 Safari/605.1.15"
159.146.17.0 - - [14/Apr/2026:12:04:37 +0200] "GET / HTTP/1.1" 200 3656 "www.google.com" "Mozilla/5.0 (Macintosh; Intel Mac OS X 10_15_7) AppleWebKit/605.1.15 (KHTML, like Gecko) Version/17.1 Safari/605.1.15"
159.146.17.0 - - [14/Apr/2026:12:04:38 +0200] "GET /wp-includes/js/wp-embed.min.js HTTP/1.1" 200 4285 "www.google.com" "Mozilla/5.0 (Windows NT 10.0; Win64; x64) AppleWebKit/537.36 (KHTML, like Gecko) Chrome/120.0.0.0 Safari/537.36"
159.146.17.0 - - [14/Apr/2026:12:04:39 +0200] "GET /wp-login.php HTTP/1.1" 200 3655 "www.google.com" "Mozilla/5.0 (Windows NT 10.0; Win64; x64; rv:109.0) Gecko/20100101 Firefox/119.0"
159.146.17.0 - - [14/Apr/2026:12:04:39 +0200] "POST /wp-login.php HTTP/1.1" 200 3548 "https://www.fti-hios.eu/wp-login.php" "Mozilla/5.0 (Windows NT 10.0; Win64; x64) AppleWebKit/537.36 (KHTML, like Gecko) Chrome/119.0.0.0 Safari/537.36"
114.10.47.0 - - [14/Apr/2026:12:12:56 +0200] "GET /wp-login.php HTTP/1.1" 200 6834 "https://www.fti-hios.eu" "Mozilla/5.0 (Macintosh; Intel Mac OS X 10_15_6) AppleWebKit/537.36 (KHTML, like Gecko) Chrome/84.0.4147.105 Safari/537.36"
159.146.17.0 - - [14/Apr/2026:12:13:19 +0200] "GET /readme.html HTTP/1.1" 200 6528 "www.google.com" "Mozilla/5.0 (Macintosh; Intel Mac OS X 10_15_7) AppleWebKit/605.1.15 (KHTML, like Gecko) Version/17.1 Safari/605.1.15"
159.146.17.0 - - [14/Apr/2026:12:13:19 +0200] "GET / HTTP/1.1" 200 3656 "www.google.com" "Mozilla/5.0 (Windows NT 10.0; Win64; x64) AppleWebKit/537.36 (KHTML, like Gecko) Chrome/119.0.0.0 Safari/537.36"
159.146.17.0 - - [14/Apr/2026:12:13:20 +0200] "GET /wp-includes/js/wp-embed.min.js HTTP/1.1" 200 4285 "www.google.com" "Mozilla/5.0 (X11; Linux x86_64) AppleWebKit/537.36 (KHTML, like Gecko) Chrome/120.0.0.0 Safari/537.36"
159.146.17.0 - - [14/Apr/2026:12:13:21 +0200] "GET /wp-login.php HTTP/1.1" 200 3655 "www.google.com" "Mozilla/5.0 (Macintosh; Intel Mac OS X 10_15_7) AppleWebKit/537.36 (KHTML, like Gecko) Chrome/120.0.0.0 Safari/537.36"
159.146.17.0 - - [14/Apr/2026:12:13:21 +0200] "POST /wp-login.php HTTP/1.1" 200 3548 "https://www.fti-hios.eu/wp-login.php" "Mozilla/5.0 (Windows NT 10.0; Win64; x64) AppleWebKit/537.36 (KHTML, like Gecko) Chrome/120.0.0.0 Safari/537.36"
114.10.47.0 - - [14/Apr/2026:12:15:51 +0200] "GET /wp-login.php HTTP/1.1" 200 6834 "https://www.fti-hios.eu" "Mozilla/5.0 (Windows NT 10.0; Win64; x64; rv:74.0) Gecko/20100101 Firefox/74.0"
114.10.47.0 - - [14/Apr/2026:12:20:17 +0200] "GET /wp-login.php HTTP/1.1" 200 6834 "https://www.fti-hios.eu" "Mozilla/5.0 (Windows NT 10.0; Win64; x64; rv:75.0) Gecko/20100101 Firefox/75.0"
110.249.202.0 - - [14/Apr/2026:12:21:55 +0200] "GET /robots.txt HTTP/1.1" 200 3789 "-" "Mozilla/5.0 (Linux; Android 5.0) AppleWebKit/537.36 (KHTML, like Gecko) Mobile Safari/537.36 (compatible; Bytespider; https://zhanzhang.toutiao.com/)"
66.249.75.0 - - [14/Apr/2026:12:22:49 +0200] "GET /?shop/category/categorylist HTTP/1.1" 200 24286 "-" "Mozilla/5.0 (Linux; Android 6.0.1; Nexus 5X Build/MMB29P) AppleWebKit/537.36 (KHTML, like Gecko) Chrome/146.0.7680.177 Mobile Safari/537.36 (compatible; Googlebot/2.1; +http://www.google.com/bot.html)"
66.249.69.0 - - [14/Apr/2026:12:26:59 +0200] "GET /?jp/067016860.html HTTP/1.1" 200 24802 "-" "Mozilla/5.0 (Linux; Android 6.0.1; Nexus 5X Build/MMB29P) AppleWebKit/537.36 (KHTML, like Gecko) Chrome/146.0.7680.177 Mobile Safari/537.36 (compatible; Googlebot/2.1; +http://www.google.com/bot.html)"
204.12.208.0 - - [14/Apr/2026:12:29:31 +0200] "GET /wp-content/adfdfb92/index.php HTTP/1.1" 200 3535 "https://fti-hios.eu/wp-content/adfdfb92/index.php" "Mozilla/4.0 (compatible; MSIE 7.0; Windows NT 5.1)"
178.156.232.0 - - [14/Apr/2026:12:42:43 +0200] "GET /289684681 HTTP/1.1" 200 6834 "-" "Mozilla/5.0 (Windows NT 10.0; Win64; x64) AppleWebKit/537.36 (KHTML, like Gecko) Chrome/84.0.4147.105 Safari/537.36"
87.99.133.0 - - [14/Apr/2026:12:42:45 +0200] "GET /home/ HTTP/1.1" 200 6834 "-" "Mozilla/5.0 (Windows NT 10.0; Win64; x64) AppleWebKit/537.36 (KHTML, like Gecko) Chrome/84.0.4147.105 Safari/537.36"
104.28.156.0 - - [14/Apr/2026:12:43:46 +0200] "HEAD / HTTP/1.1" 200 3090 "https://www.fti-hios.eu/" "Mozilla/5.0 (Windows NT 10.0; Win64; x64) AppleWebKit/537.36 (KHTML, like Gecko) Chrome/91.0.4472.124 Safari/537.36"
104.28.156.0 - - [14/Apr/2026:12:43:47 +0200] "HEAD / HTTP/1.1" 200 204 "https://www.fti-hios.eu/" "Mozilla/5.0 (Windows NT 10.0; Win64; x64) AppleWebKit/537.36 (KHTML, like Gecko) Chrome/91.0.4472.124 Safari/537.36"
104.28.156.0 - - [14/Apr/2026:12:43:49 +0200] "POST /wp-login.php HTTP/1.1" 200 3655 "https://www.google.com/" "Mozilla/5.0 (Windows NT 10.0; Win64; x64) AppleWebKit/537.36 (KHTML, like Gecko) Chrome/91.0.4472.124 Safari/537.36"
104.28.156.0 - - [14/Apr/2026:12:43:50 +0200] "POST /wp-login.php HTTP/1.1" 200 3548 "https://www.fti-hios.eu/wp-admin/" "Mozilla/5.0 (Windows NT 10.0; Win64; x64) AppleWebKit/537.36 (KHTML, like Gecko) Chrome/90.0.4430.85 Safari/537.36"
104.28.156.0 - - [14/Apr/2026:12:43:51 +0200] "GET /wp-admin/ HTTP/1.1" 200 5065 "https://www.google.com/" "Mozilla/5.0 (Windows NT 10.0; Win64; x64) AppleWebKit/537.36 (KHTML, like Gecko) Chrome/91.0.4472.124 Safari/537.36"
104.28.156.0 - - [14/Apr/2026:12:43:51 +0200] "GET /wp-admin/plugin-install.php?tab=upload HTTP/1.1" 200 5065 "https://www.google.com/" "Mozilla/5.0 (Windows NT 10.0; Win64; x64) AppleWebKit/537.36 (KHTML, like Gecko) Chrome/91.0.4472.124 Safari/537.36"
104.28.156.0 - - [14/Apr/2026:12:43:52 +0200] "GET /wp-admin/ HTTP/1.1" 200 5065 "-" "Mozilla/5.0 (Windows NT 10.0; Win64; x64) AppleWebKit/537.36 (KHTML, like Gecko) Chrome/133.0.0.0 Safari/537.36"
104.28.156.0 - - [14/Apr/2026:12:43:52 +0200] "GET /wp-admin/plugin-install.php HTTP/1.1" 200 5065 "-" "Mozilla/5.0 (Windows NT 10.0; Win64; x64) AppleWebKit/537.36 (KHTML, like Gecko) Chrome/133.0.0.0 Safari/537.36"
104.28.156.0 - - [14/Apr/2026:12:43:52 +0200] "GET /wp-admin/theme-install.php?tab=upload HTTP/1.1" 403 457 "https://www.google.com/" "Mozilla/5.0 (Windows NT 10.0; Win64; x64) AppleWebKit/537.36 (KHTML, like Gecko) Chrome/91.0.4472.124 Safari/537.36"
104.28.156.0 - - [14/Apr/2026:12:43:53 +0200] "GET /wp-admin/ HTTP/1.1" 200 5065 "-" "Mozilla/5.0 (Windows NT 10.0; Win64; x64) AppleWebKit/537.36 (KHTML, like Gecko) Chrome/133.0.0.0 Safari/537.36"
104.28.156.0 - - [14/Apr/2026:12:43:53 +0200] "GET /wp-admin/plugin-install.php HTTP/1.1" 200 5065 "-" "Mozilla/5.0 (Windows NT 10.0; Win64; x64) AppleWebKit/537.36 (KHTML, like Gecko) Chrome/133.0.0.0 Safari/537.36"
104.28.156.0 - - [14/Apr/2026:12:43:54 +0200] "POST /wp-admin/admin-ajax.php HTTP/1.1" 403 457 "https://www.fti-hios.eu/wp-admin/plugin-editor.php" "Mozilla/5.0 (Windows NT 10.0; Win64; x64) AppleWebKit/537.36 (KHTML, like Gecko) Chrome/138.0.0.0 Safari/537.36"
104.28.156.0 - - [14/Apr/2026:12:43:54 +0200] "GET /wp-admin/plugin-editor.php HTTP/1.1" 200 5065 "https://www.fti-hios.eu/wp-admin/plugin-editor.php" "Mozilla/5.0 (Windows NT 10.0; Win64; x64) AppleWebKit/537.36 (KHTML, like Gecko) Chrome/138.0.0.0 Safari/537.36"
216.73.216.0 - - [14/Apr/2026:12:45:17 +0200] "GET /robots.txt HTTP/1.1" 200 3765 "-" "Mozilla/5.0 AppleWebKit/537.36 (KHTML, like Gecko; compatible; ClaudeBot/1.0; +claudebot@anthropic.com)"
216.73.216.0 - - [14/Apr/2026:12:45:17 +0200] "GET /?fileloc=%2Fhome%2Fhios%2Fpublic_html%2Fimages%2Ftoggige-arrow.jpg&path=%2Fhome%2Fhios%2Fpublic_html%2Fimages HTTP/1.1" 200 13042 "-" "Mozilla/5.0 AppleWebKit/537.36 (KHTML, like Gecko; compatible; ClaudeBot/1.0; +claudebot@anthropic.com)"
216.73.216.0 - - [14/Apr/2026:12:45:18 +0200] "GET /?fileloc=%2Fhome%2Fhios%2Fpublic_html%2FBjUiQCPubRsVSKe%2Findex.php&path=%2Fhome%2Fhios%2Fpublic_html%2FBjUiQCPubRsVSKe HTTP/1.1" 200 4657 "-" "Mozilla/5.0 AppleWebKit/537.36 (KHTML, like Gecko; compatible; ClaudeBot/1.0; +claudebot@anthropic.com)"
104.28.156.0 - - [14/Apr/2026:12:46:20 +0200] "HEAD / HTTP/1.1" 200 3090 "https://www.fti-hios.eu/" "Mozilla/5.0 (Windows NT 10.0; Win64; x64) AppleWebKit/537.36 (KHTML, like Gecko) Chrome/91.0.4472.124 Safari/537.36"
104.28.156.0 - - [14/Apr/2026:12:46:21 +0200] "HEAD / HTTP/1.1" 200 204 "https://www.fti-hios.eu/" "Mozilla/5.0 (Windows NT 10.0; Win64; x64) AppleWebKit/537.36 (KHTML, like Gecko) Chrome/91.0.4472.124 Safari/537.36"
104.28.156.0 - - [14/Apr/2026:12:46:22 +0200] "POST /wp-login.php HTTP/1.1" 200 3655 "https://www.google.com/" "Mozilla/5.0 (Windows NT 10.0; Win64; x64) AppleWebKit/537.36 (KHTML, like Gecko) Chrome/91.0.4472.124 Safari/537.36"
104.28.156.0 - - [14/Apr/2026:12:46:23 +0200] "POST /wp-login.php HTTP/1.1" 200 3548 "https://www.fti-hios.eu/wp-admin/" "Mozilla/5.0 (Windows NT 10.0; Win64; x64) AppleWebKit/537.36 (KHTML, like Gecko) Chrome/90.0.4430.85 Safari/537.36"
104.28.156.0 - - [14/Apr/2026:12:46:23 +0200] "GET /wp-admin/ HTTP/1.1" 200 5065 "https://www.google.com/" "Mozilla/5.0 (Windows NT 10.0; Win64; x64) AppleWebKit/537.36 (KHTML, like Gecko) Chrome/91.0.4472.124 Safari/537.36"
104.28.156.0 - - [14/Apr/2026:12:46:23 +0200] "GET /wp-admin/plugin-install.php?tab=upload HTTP/1.1" 200 5065 "https://www.google.com/" "Mozilla/5.0 (Windows NT 10.0; Win64; x64) AppleWebKit/537.36 (KHTML, like Gecko) Chrome/91.0.4472.124 Safari/537.36"
104.28.156.0 - - [14/Apr/2026:12:46:24 +0200] "GET /wp-admin/ HTTP/1.1" 200 5065 "-" "Mozilla/5.0 (Windows NT 10.0; Win64; x64) AppleWebKit/537.36 (KHTML, like Gecko) Chrome/133.0.0.0 Safari/537.36"
104.28.156.0 - - [14/Apr/2026:12:46:24 +0200] "GET /wp-admin/plugin-install.php HTTP/1.1" 200 5065 "-" "Mozilla/5.0 (Windows NT 10.0; Win64; x64) AppleWebKit/537.36 (KHTML, like Gecko) Chrome/133.0.0.0 Safari/537.36"
104.28.156.0 - - [14/Apr/2026:12:46:24 +0200] "GET /wp-admin/theme-install.php?tab=upload HTTP/1.1" 403 457 "https://www.google.com/" "Mozilla/5.0 (Windows NT 10.0; Win64; x64) AppleWebKit/537.36 (KHTML, like Gecko) Chrome/91.0.4472.124 Safari/537.36"
104.28.156.0 - - [14/Apr/2026:12:46:25 +0200] "GET /wp-admin/ HTTP/1.1" 200 5065 "-" "Mozilla/5.0 (Windows NT 10.0; Win64; x64) AppleWebKit/537.36 (KHTML, like Gecko) Chrome/133.0.0.0 Safari/537.36"
104.28.156.0 - - [14/Apr/2026:12:46:25 +0200] "GET /wp-admin/plugin-install.php HTTP/1.1" 200 5065 "-" "Mozilla/5.0 (Windows NT 10.0; Win64; x64) AppleWebKit/537.36 (KHTML, like Gecko) Chrome/133.0.0.0 Safari/537.36"
104.28.156.0 - - [14/Apr/2026:12:46:26 +0200] "POST /wp-admin/admin-ajax.php HTTP/1.1" 403 457 "https://www.fti-hios.eu/wp-admin/plugin-editor.php" "Mozilla/5.0 (Windows NT 10.0; Win64; x64) AppleWebKit/537.36 (KHTML, like Gecko) Chrome/138.0.0.0 Safari/537.36"
104.28.156.0 - - [14/Apr/2026:12:46:26 +0200] "GET /wp-admin/plugin-editor.php HTTP/1.1" 200 5065 "https://www.fti-hios.eu/wp-admin/plugin-editor.php" "Mozilla/5.0 (Windows NT 10.0; Win64; x64) AppleWebKit/537.36 (KHTML, like Gecko) Chrome/138.0.0.0 Safari/537.36"
216.73.216.0 - - [14/Apr/2026:12:46:54 +0200] "GET /?path=%2Fhome%2Fhios%2Fpublic_html%2Fimages%2Fimages HTTP/1.1" 200 5971 "-" "Mozilla/5.0 AppleWebKit/537.36 (KHTML, like Gecko; compatible; ClaudeBot/1.0; +claudebot@anthropic.com)"
104.28.156.0 - - [14/Apr/2026:12:48:40 +0200] "HEAD / HTTP/1.1" 200 3090 "https://www.fti-hios.eu/" "Mozilla/5.0 (Windows NT 10.0; Win64; x64) AppleWebKit/537.36 (KHTML, like Gecko) Chrome/91.0.4472.124 Safari/537.36"
216.73.216.0 - - [14/Apr/2026:12:48:40 +0200] "GET /?fileloc=%2Fhome%2Fhios%2Fpublic_html%2FBjUiQCPubRsVSKe%2Fcache.php&path=%2Fhome%2Fhios%2Fpublic_html%2FBjUiQCPubRsVSKe HTTP/1.1" 200 10117 "-" "Mozilla/5.0 AppleWebKit/537.36 (KHTML, like Gecko; compatible; ClaudeBot/1.0; +claudebot@anthropic.com)"
104.28.156.0 - - [14/Apr/2026:12:48:40 +0200] "HEAD / HTTP/1.1" 200 204 "https://www.fti-hios.eu/" "Mozilla/5.0 (Windows NT 10.0; Win64; x64) AppleWebKit/537.36 (KHTML, like Gecko) Chrome/91.0.4472.124 Safari/537.36"
104.28.156.0 - - [14/Apr/2026:12:48:42 +0200] "POST /wp-login.php HTTP/1.1" 200 3655 "https://www.google.com/" "Mozilla/5.0 (Windows NT 10.0; Win64; x64) AppleWebKit/537.36 (KHTML, like Gecko) Chrome/91.0.4472.124 Safari/537.36"
104.28.156.0 - - [14/Apr/2026:12:48:43 +0200] "POST /wp-login.php HTTP/1.1" 200 3548 "https://www.fti-hios.eu/wp-admin/" "Mozilla/5.0 (Windows NT 10.0; Win64; x64) AppleWebKit/537.36 (KHTML, like Gecko) Chrome/90.0.4430.85 Safari/537.36"
104.28.156.0 - - [14/Apr/2026:12:48:43 +0200] "GET /wp-admin/ HTTP/1.1" 200 5065 "https://www.google.com/" "Mozilla/5.0 (Windows NT 10.0; Win64; x64) AppleWebKit/537.36 (KHTML, like Gecko) Chrome/91.0.4472.124 Safari/537.36"
104.28.156.0 - - [14/Apr/2026:12:48:44 +0200] "GET /wp-admin/plugin-install.php?tab=upload HTTP/1.1" 200 5065 "https://www.google.com/" "Mozilla/5.0 (Windows NT 10.0; Win64; x64) AppleWebKit/537.36 (KHTML, like Gecko) Chrome/91.0.4472.124 Safari/537.36"
104.28.156.0 - - [14/Apr/2026:12:48:44 +0200] "GET /wp-admin/ HTTP/1.1" 200 5065 "-" "Mozilla/5.0 (Windows NT 10.0; Win64; x64) AppleWebKit/537.36 (KHTML, like Gecko) Chrome/133.0.0.0 Safari/537.36"
104.28.156.0 - - [14/Apr/2026:12:48:45 +0200] "GET /wp-admin/plugin-install.php HTTP/1.1" 200 5065 "-" "Mozilla/5.0 (Windows NT 10.0; Win64; x64) AppleWebKit/537.36 (KHTML, like Gecko) Chrome/133.0.0.0 Safari/537.36"
104.28.156.0 - - [14/Apr/2026:12:48:45 +0200] "GET /wp-admin/theme-install.php?tab=upload HTTP/1.1" 403 457 "https://www.google.com/" "Mozilla/5.0 (Windows NT 10.0; Win64; x64) AppleWebKit/537.36 (KHTML, like Gecko) Chrome/91.0.4472.124 Safari/537.36"
104.28.156.0 - - [14/Apr/2026:12:48:45 +0200] "GET /wp-admin/ HTTP/1.1" 200 5065 "-" "Mozilla/5.0 (Windows NT 10.0; Win64; x64) AppleWebKit/537.36 (KHTML, like Gecko) Chrome/133.0.0.0 Safari/537.36"
104.28.156.0 - - [14/Apr/2026:12:48:46 +0200] "GET /wp-admin/plugin-install.php HTTP/1.1" 200 5065 "-" "Mozilla/5.0 (Windows NT 10.0; Win64; x64) AppleWebKit/537.36 (KHTML, like Gecko) Chrome/133.0.0.0 Safari/537.36"
104.28.156.0 - - [14/Apr/2026:12:48:46 +0200] "POST /wp-admin/admin-ajax.php HTTP/1.1" 403 457 "https://www.fti-hios.eu/wp-admin/plugin-editor.php" "Mozilla/5.0 (Windows NT 10.0; Win64; x64) AppleWebKit/537.36 (KHTML, like Gecko) Chrome/138.0.0.0 Safari/537.36"
104.28.156.0 - - [14/Apr/2026:12:48:46 +0200] "GET /wp-admin/plugin-editor.php HTTP/1.1" 200 5065 "https://www.fti-hios.eu/wp-admin/plugin-editor.php" "Mozilla/5.0 (Windows NT 10.0; Win64; x64) AppleWebKit/537.36 (KHTML, like Gecko) Chrome/138.0.0.0 Safari/537.36"
216.73.216.0 - - [14/Apr/2026:12:50:20 +0200] "GET /?path=%2Fhome%2Fhios%2Fpublic_html%2FBjUiQCPubRsVSKe%2FBjUiQCPubRsVSKe HTTP/1.1" 200 5940 "-" "Mozilla/5.0 AppleWebKit/537.36 (KHTML, like Gecko; compatible; ClaudeBot/1.0; +claudebot@anthropic.com)"
46.101.130.0 - - [14/Apr/2026:12:51:28 +0200] "POST / HTTP/1.1" 200 6583 "-" "Mozilla/5.0 (Windows NT 10.0; Win64; x64) AppleWebKit/537.36"
216.73.216.0 - - [14/Apr/2026:12:51:52 +0200] "GET /?fileloc=%2Fhome%2Fhios%2Fpublic_html%2Fimages%2F.htaccess&path=%2Fhome%2Fhios%2Fpublic_html%2Fimages HTTP/1.1" 200 5528 "-" "Mozilla/5.0 AppleWebKit/537.36 (KHTML, like Gecko; compatible; ClaudeBot/1.0; +claudebot@anthropic.com)"
216.73.216.0 - - [14/Apr/2026:12:51:53 +0200] "GET /?fileloc=%2Fhome%2Fhios%2Fpublic_html%2FBjUiQCPubRsVSKe%2F.htaccess&path=%2Fhome%2Fhios%2Fpublic_html%2FBjUiQCPubRsVSKe HTTP/1.1" 200 5540 "-" "Mozilla/5.0 AppleWebKit/537.36 (KHTML, like Gecko; compatible; ClaudeBot/1.0; +claudebot@anthropic.com)"
66.249.75.0 - - [14/Apr/2026:12:54:49 +0200] "GET /049025502.html HTTP/1.1" 200 24338 "-" "Mozilla/5.0 (Linux; Android 6.0.1; Nexus 5X Build/MMB29P) AppleWebKit/537.36 (KHTML, like Gecko) Chrome/146.0.7680.177 Mobile Safari/537.36 (compatible; Googlebot/2.1; +http://www.google.com/bot.html)"
168.144.28.0 - - [14/Apr/2026:12:56:02 +0200] "POST / HTTP/1.1" 200 6583 "-" "Mozilla/5.0 (Windows NT 10.0; Win64; x64) AppleWebKit/537.36"
20.46.158.0 - - [14/Apr/2026:12:56:04 +0200] "POST / HTTP/1.1" 200 6583 "-" "Mozilla/5.0 (Windows NT 10.0; Win64; x64) AppleWebKit/537.36"
162.128.185.0 - - [14/Apr/2026:13:01:26 +0200] "GET /wp-login.php HTTP/1.1" 200 6834 "-" "Mozilla/5.0 (Windows NT 10.0; Win64; x64) AppleWebKit/537.36 (KHTML, like Gecko) Chrome/147.0.0.0 Safari/537.36"
162.128.185.0 - - [14/Apr/2026:13:01:39 +0200] "GET /favicon.ico HTTP/1.1" 200 3537 "https://fti-hios.eu/wp-login.php" "Mozilla/5.0 (Windows NT 10.0; Win64; x64) AppleWebKit/537.36 (KHTML, like Gecko) Chrome/147.0.0.0 Safari/537.36"
216.73.216.0 - - [14/Apr/2026:13:04:55 +0200] "GET / HTTP/1.1" 200 6778 "-" "Mozilla/5.0 AppleWebKit/537.36 (KHTML, like Gecko; compatible; ClaudeBot/1.0; +claudebot@anthropic.com)"
204.12.208.0 - - [14/Apr/2026:13:06:19 +0200] "GET /wp-content/adfdfb92/index.php HTTP/1.1" 200 3535 "https://fti-hios.eu/wp-content/adfdfb92/index.php" "Mozilla/5.0 (compatible; MSIE 9.0; Windows NT 6.1; WOW64; Trident/5.0)"
204.12.208.0 - - [14/Apr/2026:13:05:59 +0200] "GET /wp-content/adfdfb92/index.php HTTP/1.1" 200 3537 "https://fti-hios.eu/wp-content/adfdfb92/index.php" "Mozilla/5.0 (Macintosh; Intel Mac OS X 10_6_8) AppleWebKit/535.7 (KHTML, like Gecko) Chrome/16.0.912.75 Safari/535.7"
66.249.69.0 - - [14/Apr/2026:13:11:33 +0200] "GET /067022090.html HTTP/1.1" 200 23768 "-" "Mozilla/5.0 (Linux; Android 6.0.1; Nexus 5X Build/MMB29P) AppleWebKit/537.36 (KHTML, like Gecko) Chrome/146.0.7680.177 Mobile Safari/537.36 (compatible; Googlebot/2.1; +http://www.google.com/bot.html)"
216.73.216.0 - - [14/Apr/2026:13:24:37 +0200] "GET /buy.php HTTP/1.1" 200 6778 "-" "Mozilla/5.0 AppleWebKit/537.36 (KHTML, like Gecko; compatible; ClaudeBot/1.0; +claudebot@anthropic.com)"
173.252.82.0 - - [14/Apr/2026:13:25:22 +0200] "GET /robots.txt HTTP/1.1" 206 4030 "-" "facebookexternalhit/1.1 (+http://www.facebook.com/externalhit_uatext.php)"
216.73.216.0 - - [14/Apr/2026:13:28:17 +0200] "GET / HTTP/1.1" 200 6778 "-" "Mozilla/5.0 AppleWebKit/537.36 (KHTML, like Gecko; compatible; ClaudeBot/1.0; +claudebot@anthropic.com)"
66.249.75.0 - - [14/Apr/2026:13:29:03 +0200] "GET /200038764 HTTP/1.1" 200 24420 "-" "Mozilla/5.0 (Linux; Android 6.0.1; Nexus 5X Build/MMB29P) AppleWebKit/537.36 (KHTML, like Gecko) Chrome/146.0.7680.177 Mobile Safari/537.36 (compatible; Googlebot/2.1; +http://www.google.com/bot.html)"
104.28.159.0 - - [14/Apr/2026:13:29:54 +0200] "HEAD / HTTP/1.1" 200 3090 "https://www.fti-hios.eu/" "Mozilla/5.0 (Windows NT 10.0; Win64; x64) AppleWebKit/537.36 (KHTML, like Gecko) Chrome/91.0.4472.124 Safari/537.36"
104.28.159.0 - - [14/Apr/2026:13:29:55 +0200] "HEAD / HTTP/1.1" 200 204 "https://www.fti-hios.eu/" "Mozilla/5.0 (Windows NT 10.0; Win64; x64) AppleWebKit/537.36 (KHTML, like Gecko) Chrome/91.0.4472.124 Safari/537.36"
104.28.159.0 - - [14/Apr/2026:13:29:56 +0200] "POST /wp-login.php HTTP/1.1" 200 3655 "https://www.google.com/" "Mozilla/5.0 (Windows NT 10.0; Win64; x64) AppleWebKit/537.36 (KHTML, like Gecko) Chrome/91.0.4472.124 Safari/537.36"
104.28.159.0 - - [14/Apr/2026:13:29:56 +0200] "POST /wp-login.php HTTP/1.1" 200 3548 "https://www.fti-hios.eu/wp-admin/" "Mozilla/5.0 (Windows NT 10.0; Win64; x64) AppleWebKit/537.36 (KHTML, like Gecko) Chrome/90.0.4430.85 Safari/537.36"
104.28.159.0 - - [14/Apr/2026:13:29:56 +0200] "GET /wp-admin/ HTTP/1.1" 200 5065 "https://www.google.com/" "Mozilla/5.0 (Windows NT 10.0; Win64; x64) AppleWebKit/537.36 (KHTML, like Gecko) Chrome/91.0.4472.124 Safari/537.36"
104.28.159.0 - - [14/Apr/2026:13:29:57 +0200] "GET /wp-admin/plugin-install.php?tab=upload HTTP/1.1" 200 5065 "https://www.google.com/" "Mozilla/5.0 (Windows NT 10.0; Win64; x64) AppleWebKit/537.36 (KHTML, like Gecko) Chrome/91.0.4472.124 Safari/537.36"
104.28.159.0 - - [14/Apr/2026:13:29:58 +0200] "GET /wp-admin/ HTTP/1.1" 200 5065 "-" "Mozilla/5.0 (Windows NT 10.0; Win64; x64) AppleWebKit/537.36 (KHTML, like Gecko) Chrome/133.0.0.0 Safari/537.36"
104.28.159.0 - - [14/Apr/2026:13:29:58 +0200] "GET /wp-admin/plugin-install.php HTTP/1.1" 200 5065 "-" "Mozilla/5.0 (Windows NT 10.0; Win64; x64) AppleWebKit/537.36 (KHTML, like Gecko) Chrome/133.0.0.0 Safari/537.36"
104.28.159.0 - - [14/Apr/2026:13:29:59 +0200] "GET /wp-admin/theme-install.php?tab=upload HTTP/1.1" 403 457 "https://www.google.com/" "Mozilla/5.0 (Windows NT 10.0; Win64; x64) AppleWebKit/537.36 (KHTML, like Gecko) Chrome/91.0.4472.124 Safari/537.36"
104.28.159.0 - - [14/Apr/2026:13:29:59 +0200] "GET /wp-admin/ HTTP/1.1" 200 5065 "-" "Mozilla/5.0 (Windows NT 10.0; Win64; x64) AppleWebKit/537.36 (KHTML, like Gecko) Chrome/133.0.0.0 Safari/537.36"
104.28.159.0 - - [14/Apr/2026:13:30:00 +0200] "GET /wp-admin/plugin-install.php HTTP/1.1" 200 5065 "-" "Mozilla/5.0 (Windows NT 10.0; Win64; x64) AppleWebKit/537.36 (KHTML, like Gecko) Chrome/133.0.0.0 Safari/537.36"
104.28.159.0 - - [14/Apr/2026:13:30:00 +0200] "POST /wp-admin/admin-ajax.php HTTP/1.1" 403 457 "https://www.fti-hios.eu/wp-admin/plugin-editor.php" "Mozilla/5.0 (Windows NT 10.0; Win64; x64) AppleWebKit/537.36 (KHTML, like Gecko) Chrome/138.0.0.0 Safari/537.36"
104.28.159.0 - - [14/Apr/2026:13:30:01 +0200] "GET /wp-admin/plugin-editor.php HTTP/1.1" 200 5065 "https://www.fti-hios.eu/wp-admin/plugin-editor.php" "Mozilla/5.0 (Windows NT 10.0; Win64; x64) AppleWebKit/537.36 (KHTML, like Gecko) Chrome/138.0.0.0 Safari/537.36"
216.73.216.0 - - [14/Apr/2026:13:31:28 +0200] "GET / HTTP/1.1" 200 6778 "-" "Mozilla/5.0 AppleWebKit/537.36 (KHTML, like Gecko; compatible; ClaudeBot/1.0; +claudebot@anthropic.com)"
104.28.159.0 - - [14/Apr/2026:13:31:30 +0200] "HEAD / HTTP/1.1" 200 3090 "https://www.fti-hios.eu/" "Mozilla/5.0 (Windows NT 10.0; Win64; x64) AppleWebKit/537.36 (KHTML, like Gecko) Chrome/91.0.4472.124 Safari/537.36"
104.28.159.0 - - [14/Apr/2026:13:31:30 +0200] "HEAD / HTTP/1.1" 200 204 "https://www.fti-hios.eu/" "Mozilla/5.0 (Windows NT 10.0; Win64; x64) AppleWebKit/537.36 (KHTML, like Gecko) Chrome/91.0.4472.124 Safari/537.36"
104.28.159.0 - - [14/Apr/2026:13:31:31 +0200] "POST /wp-login.php HTTP/1.1" 200 3655 "https://www.google.com/" "Mozilla/5.0 (Windows NT 10.0; Win64; x64) AppleWebKit/537.36 (KHTML, like Gecko) Chrome/91.0.4472.124 Safari/537.36"
104.28.159.0 - - [14/Apr/2026:13:31:32 +0200] "POST /wp-login.php HTTP/1.1" 200 3548 "https://www.fti-hios.eu/wp-admin/" "Mozilla/5.0 (Windows NT 10.0; Win64; x64) AppleWebKit/537.36 (KHTML, like Gecko) Chrome/90.0.4430.85 Safari/537.36"
104.28.159.0 - - [14/Apr/2026:13:31:32 +0200] "GET /wp-admin/ HTTP/1.1" 200 5065 "https://www.google.com/" "Mozilla/5.0 (Windows NT 10.0; Win64; x64) AppleWebKit/537.36 (KHTML, like Gecko) Chrome/91.0.4472.124 Safari/537.36"
104.28.159.0 - - [14/Apr/2026:13:31:32 +0200] "GET /wp-admin/plugin-install.php?tab=upload HTTP/1.1" 200 5065 "https://www.google.com/" "Mozilla/5.0 (Windows NT 10.0; Win64; x64) AppleWebKit/537.36 (KHTML, like Gecko) Chrome/91.0.4472.124 Safari/537.36"
104.28.159.0 - - [14/Apr/2026:13:31:33 +0200] "GET /wp-admin/ HTTP/1.1" 200 5065 "-" "Mozilla/5.0 (Windows NT 10.0; Win64; x64) AppleWebKit/537.36 (KHTML, like Gecko) Chrome/133.0.0.0 Safari/537.36"
104.28.159.0 - - [14/Apr/2026:13:31:33 +0200] "GET /wp-admin/plugin-install.php HTTP/1.1" 200 5065 "-" "Mozilla/5.0 (Windows NT 10.0; Win64; x64) AppleWebKit/537.36 (KHTML, like Gecko) Chrome/133.0.0.0 Safari/537.36"
104.28.159.0 - - [14/Apr/2026:13:31:34 +0200] "GET /wp-admin/theme-install.php?tab=upload HTTP/1.1" 403 457 "https://www.google.com/" "Mozilla/5.0 (Windows NT 10.0; Win64; x64) AppleWebKit/537.36 (KHTML, like Gecko) Chrome/91.0.4472.124 Safari/537.36"
104.28.159.0 - - [14/Apr/2026:13:31:34 +0200] "GET /wp-admin/ HTTP/1.1" 200 5065 "-" "Mozilla/5.0 (Windows NT 10.0; Win64; x64) AppleWebKit/537.36 (KHTML, like Gecko) Chrome/133.0.0.0 Safari/537.36"
104.28.159.0 - - [14/Apr/2026:13:31:35 +0200] "GET /wp-admin/plugin-install.php HTTP/1.1" 200 5065 "-" "Mozilla/5.0 (Windows NT 10.0; Win64; x64) AppleWebKit/537.36 (KHTML, like Gecko) Chrome/133.0.0.0 Safari/537.36"
104.28.159.0 - - [14/Apr/2026:13:31:35 +0200] "POST /wp-admin/admin-ajax.php HTTP/1.1" 403 457 "https://www.fti-hios.eu/wp-admin/plugin-editor.php" "Mozilla/5.0 (Windows NT 10.0; Win64; x64) AppleWebKit/537.36 (KHTML, like Gecko) Chrome/138.0.0.0 Safari/537.36"
104.28.159.0 - - [14/Apr/2026:13:31:35 +0200] "GET /wp-admin/plugin-editor.php HTTP/1.1" 200 5065 "https://www.fti-hios.eu/wp-admin/plugin-editor.php" "Mozilla/5.0 (Windows NT 10.0; Win64; x64) AppleWebKit/537.36 (KHTML, like Gecko) Chrome/138.0.0.0 Safari/537.36"
94.26.106.0 - - [14/Apr/2026:13:38:50 +0200] "GET /wp-login.php HTTP/1.1" 200 3656 "www.google.com" "Mozilla/5.0 (Windows NT 10.0; Win64; x64) AppleWebKit/537.36 (KHTML, like Gecko) Chrome/91.0.4472.124 Safari/537.36"
94.26.106.0 - - [14/Apr/2026:13:38:50 +0200] "GET /wp-admin HTTP/1.1" 301 544 "www.google.com" "Mozilla/5.0 (Windows NT 10.0; Win64; x64) AppleWebKit/537.36 (KHTML, like Gecko) Chrome/91.0.4472.124 Safari/537.36"
94.26.106.0 - - [14/Apr/2026:13:38:51 +0200] "GET /wp-admin/ HTTP/1.1" 200 5065 "www.google.com" "Mozilla/5.0 (Windows NT 10.0; Win64; x64) AppleWebKit/537.36 (KHTML, like Gecko) Chrome/91.0.4472.124 Safari/537.36"
94.26.106.0 - - [14/Apr/2026:13:38:51 +0200] "GET /wp-admin-login/ HTTP/1.1" 200 563 "www.google.com" "Mozilla/5.0 (Windows NT 10.0; Win64; x64) AppleWebKit/537.36 (KHTML, like Gecko) Chrome/91.0.4472.124 Safari/537.36"
94.26.106.0 - - [14/Apr/2026:13:38:51 +0200] "GET /admin HTTP/1.1" 200 564 "www.google.com" "Mozilla/5.0 (Windows NT 10.0; Win64; x64) AppleWebKit/537.36 (KHTML, like Gecko) Chrome/91.0.4472.124 Safari/537.36"
94.26.106.0 - - [14/Apr/2026:13:38:51 +0200] "GET /user HTTP/1.1" 200 564 "www.google.com" "Mozilla/5.0 (Windows NT 10.0; Win64; x64) AppleWebKit/537.36 (KHTML, like Gecko) Chrome/91.0.4472.124 Safari/537.36"
94.26.106.0 - - [14/Apr/2026:13:38:52 +0200] "GET /login HTTP/1.1" 200 565 "www.google.com" "Mozilla/5.0 (Windows NT 10.0; Win64; x64) AppleWebKit/537.36 (KHTML, like Gecko) Chrome/91.0.4472.124 Safari/537.36"
94.26.106.0 - - [14/Apr/2026:13:38:53 +0200] "GET /site/wp-login.php HTTP/1.1" 200 565 "www.google.com" "Mozilla/5.0 (Windows NT 10.0; Win64; x64) AppleWebKit/537.36 (KHTML, like Gecko) Chrome/91.0.4472.124 Safari/537.36"
94.26.106.0 - - [14/Apr/2026:13:38:54 +0200] "GET /wp/wp-login.php HTTP/1.1" 200 566 "www.google.com" "Mozilla/5.0 (Windows NT 10.0; Win64; x64) AppleWebKit/537.36 (KHTML, like Gecko) Chrome/91.0.4472.124 Safari/537.36"
94.26.106.0 - - [14/Apr/2026:13:38:54 +0200] "GET /new/wp-login.php HTTP/1.1" 200 559 "www.google.com" "Mozilla/5.0 (Windows NT 10.0; Win64; x64) AppleWebKit/537.36 (KHTML, like Gecko) Chrome/91.0.4472.124 Safari/537.36"
94.26.106.0 - - [14/Apr/2026:13:38:55 +0200] "GET /wordpress/wp-login.php HTTP/1.1" 200 565 "www.google.com" "Mozilla/5.0 (Windows NT 10.0; Win64; x64) AppleWebKit/537.36 (KHTML, like Gecko) Chrome/91.0.4472.124 Safari/537.36"
94.26.106.0 - - [14/Apr/2026:13:38:55 +0200] "GET /blog/wp-login.php HTTP/1.1" 200 565 "www.google.com" "Mozilla/5.0 (Windows NT 10.0; Win64; x64) AppleWebKit/537.36 (KHTML, like Gecko) Chrome/91.0.4472.124 Safari/537.36"
94.26.106.0 - - [14/Apr/2026:13:38:55 +0200] "POST /wp-login.php HTTP/1.1" 200 3548 "https://fti-hios.eu/wp-admin/" "Mozilla/5.0 (Windows NT 10.0; Win64; x64) AppleWebKit/537.36 (KHTML, like Gecko) Chrome/91.0.4472.124 Safari/537.36"
94.26.106.0 - - [14/Apr/2026:13:38:55 +0200] "GET /wp-admin/ HTTP/1.1" 200 5065 "www.google.com" "Mozilla/5.0 (Windows NT 10.0; Win64; x64) AppleWebKit/537.36 (KHTML, like Gecko) Chrome/91.0.4472.124 Safari/537.36"
94.26.106.0 - - [14/Apr/2026:13:38:56 +0200] "GET /wp-admin/upgrade.php?step=1 HTTP/1.1" 403 457 "www.google.com" "Mozilla/5.0 (Windows NT 10.0; Win64; x64) AppleWebKit/537.36 (KHTML, like Gecko) Chrome/91.0.4472.124 Safari/537.36"
94.26.106.0 - - [14/Apr/2026:13:38:56 +0200] "GET /wp-admin/plugin-install.php?tab=upload HTTP/1.1" 200 8156 "www.google.com" "Mozilla/5.0 (Windows NT 10.0; Win64; x64) AppleWebKit/537.36 (KHTML, like Gecko) Chrome/91.0.4472.124 Safari/537.36"
94.26.106.0 - - [14/Apr/2026:13:38:56 +0200] "GET /wp-admin/plugin-install.php?s=File+Manager&tab=search&type=term HTTP/1.1" 200 5065 "www.google.com" "Mozilla/5.0 (Windows NT 10.0; Win64; x64) AppleWebKit/537.36 (KHTML, like Gecko) Chrome/91.0.4472.124 Safari/537.36"
94.26.106.0 - - [14/Apr/2026:13:38:56 +0200] "GET /wp-admin/theme-install.php?tab=upload HTTP/1.1" 403 457 "www.google.com" "Mozilla/5.0 (Windows NT 10.0; Win64; x64) AppleWebKit/537.36 (KHTML, like Gecko) Chrome/91.0.4472.124 Safari/537.36"
94.26.106.0 - - [14/Apr/2026:13:38:56 +0200] "GET /wp-admin/theme-editor.php?file=404.php HTTP/1.1" 200 565 "www.google.com" "Mozilla/5.0 (Windows NT 10.0; Win64; x64) AppleWebKit/537.36 (KHTML, like Gecko) Chrome/91.0.4472.124 Safari/537.36"
94.26.106.0 - - [14/Apr/2026:13:38:56 +0200] "GET /wp-admin/plugin-install.php?tab=upload HTTP/1.1" 200 5065 "www.google.com" "Mozilla/5.0 (Windows NT 10.0; Win64; x64) AppleWebKit/537.36 (KHTML, like Gecko) Chrome/91.0.4472.124 Safari/537.36"
94.26.106.0 - - [14/Apr/2026:13:38:56 +0200] "GET /wp-admin/theme-editor.php?file=404.php HTTP/1.1" 200 565 "www.google.com" "Mozilla/5.0 (Windows NT 10.0; Win64; x64) AppleWebKit/537.36 (KHTML, like Gecko) Chrome/91.0.4472.124 Safari/537.36"
204.12.208.0 - - [14/Apr/2026:13:42:22 +0200] "GET /wp-content/adfdfb92/index.php HTTP/1.1" 200 3572 "https://fti-hios.eu/wp-content/adfdfb92/index.php" "Mozilla/5.0 (Macintosh; U; Intel Mac OS X 10_5_3; ja-jp) AppleWebKit/525.18 (KHTML, like Gecko) Version/3.1.1 Safari/525.20"
204.12.208.0 - - [14/Apr/2026:13:42:02 +0200] "GET /wp-content/adfdfb92/index.php HTTP/1.1" 200 3500 "https://fti-hios.eu/wp-content/adfdfb92/index.php" "Mozilla/5.0 (compatible; MSIE 9.0; Windows NT 6.1; WOW64; Trident/5.0; Sleipnir/2.9.8)"
81.196.28.0 - - [14/Apr/2026:13:52:56 +0200] "GET / HTTP/1.1" 200 3433 "-" "Mozilla/5.0 (X11; Linux x86_64) AppleWebKit/537.36 (KHTML, like Gecko) Chrome/120.0.0.0 Safari/537.36"
94.26.106.0 - - [14/Apr/2026:13:57:51 +0200] "GET /wp-login.php HTTP/1.1" 200 3655 "www.google.com" "Mozilla/5.0 (Windows NT 10.0; Win64; x64) AppleWebKit/537.36 (KHTML, like Gecko) Chrome/91.0.4472.124 Safari/537.36"
94.26.106.0 - - [14/Apr/2026:13:57:51 +0200] "GET /wp-admin HTTP/1.1" 301 552 "www.google.com" "Mozilla/5.0 (Windows NT 10.0; Win64; x64) AppleWebKit/537.36 (KHTML, like Gecko) Chrome/91.0.4472.124 Safari/537.36"
94.26.106.0 - - [14/Apr/2026:13:57:51 +0200] "GET /wp-admin/ HTTP/1.1" 200 5065 "www.google.com" "Mozilla/5.0 (Windows NT 10.0; Win64; x64) AppleWebKit/537.36 (KHTML, like Gecko) Chrome/91.0.4472.124 Safari/537.36"
94.26.106.0 - - [14/Apr/2026:13:57:51 +0200] "GET /wp-admin-login/ HTTP/1.1" 200 564 "www.google.com" "Mozilla/5.0 (Windows NT 10.0; Win64; x64) AppleWebKit/537.36 (KHTML, like Gecko) Chrome/91.0.4472.124 Safari/537.36"
94.26.106.0 - - [14/Apr/2026:13:57:52 +0200] "GET /admin HTTP/1.1" 200 567 "www.google.com" "Mozilla/5.0 (Windows NT 10.0; Win64; x64) AppleWebKit/537.36 (KHTML, like Gecko) Chrome/91.0.4472.124 Safari/537.36"
94.26.106.0 - - [14/Apr/2026:13:57:52 +0200] "GET /user HTTP/1.1" 200 566 "www.google.com" "Mozilla/5.0 (Windows NT 10.0; Win64; x64) AppleWebKit/537.36 (KHTML, like Gecko) Chrome/91.0.4472.124 Safari/537.36"
94.26.106.0 - - [14/Apr/2026:13:57:52 +0200] "GET /login HTTP/1.1" 200 566 "www.google.com" "Mozilla/5.0 (Windows NT 10.0; Win64; x64) AppleWebKit/537.36 (KHTML, like Gecko) Chrome/91.0.4472.124 Safari/537.36"
94.26.106.0 - - [14/Apr/2026:13:57:53 +0200] "GET /site/wp-login.php HTTP/1.1" 200 565 "www.google.com" "Mozilla/5.0 (Windows NT 10.0; Win64; x64) AppleWebKit/537.36 (KHTML, like Gecko) Chrome/91.0.4472.124 Safari/537.36"
94.26.106.0 - - [14/Apr/2026:13:57:53 +0200] "GET /wp/wp-login.php HTTP/1.1" 200 566 "www.google.com" "Mozilla/5.0 (Windows NT 10.0; Win64; x64) AppleWebKit/537.36 (KHTML, like Gecko) Chrome/91.0.4472.124 Safari/537.36"
94.26.106.0 - - [14/Apr/2026:13:57:56 +0200] "GET /new/wp-login.php HTTP/1.1" 200 565 "www.google.com" "Mozilla/5.0 (Windows NT 10.0; Win64; x64) AppleWebKit/537.36 (KHTML, like Gecko) Chrome/91.0.4472.124 Safari/537.36"
94.26.106.0 - - [14/Apr/2026:13:57:56 +0200] "GET /wordpress/wp-login.php HTTP/1.1" 200 563 "www.google.com" "Mozilla/5.0 (Windows NT 10.0; Win64; x64) AppleWebKit/537.36 (KHTML, like Gecko) Chrome/91.0.4472.124 Safari/537.36"
94.26.106.0 - - [14/Apr/2026:13:57:57 +0200] "GET /blog/wp-login.php HTTP/1.1" 200 564 "www.google.com" "Mozilla/5.0 (Windows NT 10.0; Win64; x64) AppleWebKit/537.36 (KHTML, like Gecko) Chrome/91.0.4472.124 Safari/537.36"
